{"id":12464,"date":"2020-01-22T20:14:47","date_gmt":"2020-01-22T19:14:47","guid":{"rendered":"https:\/\/www.service-public.pf\/arass\/?page_id=633"},"modified":"2026-01-09T05:42:22","modified_gmt":"2026-01-09T15:42:22","slug":"importation-des-medicaments-3","status":"publish","type":"page","link":"https:\/\/www.service-public.pf\/arass\/importation-des-medicaments-3\/","title":{"rendered":"Importation des m\u00e9dicaments \u00e0 titre individuel"},"content":{"rendered":"<p><div class=\"fusion-fullwidth fullwidth-box fusion-builder-row-1 fusion-flex-container has-pattern-background has-mask-background nonhundred-percent-fullwidth non-hundred-percent-height-scrolling\" style=\"--awb-border-radius-top-left:0px;--awb-border-radius-top-right:0px;--awb-border-radius-bottom-right:0px;--awb-border-radius-bottom-left:0px;--awb-flex-wrap:wrap;\" ><div class=\"fusion-builder-row fusion-row fusion-flex-align-items-flex-start fusion-flex-content-wrap\" style=\"max-width:1216.8px;margin-left: calc(-4% \/ 2 );margin-right: calc(-4% \/ 2 );\"><div class=\"fusion-layout-column fusion_builder_column fusion-builder-column-0 fusion_builder_column_3_4 3_4 fusion-flex-column\" style=\"--awb-bg-size:cover;--awb-width-large:75%;--awb-margin-top-large:0px;--awb-spacing-right-large:2.56%;--awb-margin-bottom-large:0px;--awb-spacing-left-large:2.56%;--awb-width-medium:100%;--awb-order-medium:0;--awb-spacing-right-medium:1.92%;--awb-spacing-left-medium:1.92%;--awb-width-small:100%;--awb-order-small:0;--awb-spacing-right-small:1.92%;--awb-spacing-left-small:1.92%;\"><div class=\"fusion-column-wrapper fusion-column-has-shadow fusion-flex-justify-content-flex-start fusion-content-layout-column\"><div class=\"fusion-text fusion-text-1\"><p style=\"text-align: justify\">Pour toute <strong>importation de m\u00e9dicaments pour un usage personnel<\/strong>, par une autre voie que le transport personnel, une autorisation d\u2019importation doit \u00eatre sollicit\u00e9e aupr\u00e8s de l\u2019Agence de r\u00e9gulation de l\u2019action sanitaire et sociale (ARASS).<\/p>\n<p><strong>Le dossier de demande doit comporter :<\/strong><\/p>\n<p style=\"text-align: justify\">1. La demande d\u2019autorisation r\u00e9dig\u00e9e sur le formulaire ARASS (voir \u00ab Documents utiles \u00bb)<\/p>\n<p style=\"text-align: justify\">2. La prescription m\u00e9dicale nominative d\u00e9livr\u00e9e hors de Polyn\u00e9sie fran\u00e7aise par un praticien exer\u00e7ant dans le pays o\u00f9 aura \u00e9t\u00e9 soign\u00e9 le malade. Elle doit comporter :<\/p>\n<ul>\n<li style=\"text-align: justify\">le nom du m\u00e9dicament, sa posologie, la dur\u00e9e du traitement ;<\/li>\n<li style=\"text-align: justify\">les mentions relatives \u00e0 l\u2019officine de pharmacie ayant d\u00e9livr\u00e9e le traitement.<\/li>\n<\/ul>\n<p style=\"text-align: justify\">La transmission du dossier complet se fait obligatoirement :<\/p>\n<ul style=\"text-align: justify\">\n<li>soit par e-mail \u00e0 l\u2019adresse <strong><a href=\"mailto:autorisation.medicament.arass@administration.gov.pf\">autorisation.medicament.arass@administration.gov.pf<\/a><\/strong><\/li>\n<li>soit par d\u00e9p\u00f4t dans le \u00ab casier de d\u00e9p\u00f4t de dossier 2\u00e8me \u00e9tage \u00bb (secr\u00e9tariat) au rez-de-chauss\u00e9e de l\u2019ARASS. Une r\u00e9ponse vous sera apport\u00e9e apr\u00e8s instruction de votre demande.<\/li>\n<\/ul>\n<p style=\"text-align: justify\">Pour acc\u00e9l\u00e9rer le traitement de votre dossier, <strong>la transmission d\u00e9mat\u00e9rialis\u00e9e de votre demande est \u00e0 privil\u00e9gier..<\/strong><\/p>\n<\/div><\/div><\/div><div class=\"fusion-layout-column fusion_builder_column fusion-builder-column-1 fusion_builder_column_1_4 1_4 fusion-flex-column\" style=\"--awb-padding-left:15px;--awb-bg-color:#ffffff;--awb-bg-color-hover:#ffffff;--awb-bg-size:cover;--awb-width-large:25%;--awb-margin-top-large:0px;--awb-spacing-right-large:7.68%;--awb-margin-bottom-large:0px;--awb-spacing-left-large:7.68%;--awb-width-medium:100%;--awb-order-medium:0;--awb-spacing-right-medium:1.92%;--awb-spacing-left-medium:1.92%;--awb-width-small:100%;--awb-order-small:0;--awb-spacing-right-small:1.92%;--awb-spacing-left-small:1.92%;\" data-scroll-devices=\"small-visibility,medium-visibility,large-visibility\"><div class=\"fusion-column-wrapper fusion-column-has-shadow fusion-flex-justify-content-flex-start fusion-content-layout-column\"><div class=\"fusion-title title fusion-title-1 fusion-sep-none fusion-title-text fusion-title-size-two\" style=\"--awb-margin-top-small:0px;--awb-margin-right-small:0px;--awb-margin-bottom-small:20px;--awb-margin-left-small:0px;\"><h2 class=\"fusion-title-heading title-heading-left fusion-responsive-typography-calculated\" style=\"margin:0;--fontSize:30;line-height:1.3;\"><p style=\"text-align: center\">Documents utiles<\/p><\/h2><\/div><div style=\"text-align:center;\"><a class=\"fusion-button button-flat fusion-button-default-size button-custom fusion-button-default button-1 fusion-button-default-span fusion-has-button-gradient\" style=\"--awb-margin-bottom:20px;--button_accent_color:#ffffff;--button_border_color:rgba(0,74,102,0.92);--button_accent_hover_color:var(--awb-color1);--button_border_hover_color:var(--awb-color1);--button_gradient_top_color:#0e4b5c;--button_gradient_bottom_color:rgba(2,75,102,0.2);--button_gradient_top_color_hover:var(--awb-color4);--button_gradient_bottom_color_hover:var(--awb-color4);\" target=\"_blank\" rel=\"noopener noreferrer\" href=\"https:\/\/www.service-public.pf\/arass\/wp-content\/uploads\/sites\/46\/2024\/04\/2023-01-01-Formulaire-importation-medicaments-ARASS.pdf\"><i class=\"fa-file-pdf fas awb-button__icon awb-button__icon--default button-icon-left\" aria-hidden=\"true\"><\/i><span class=\"fusion-button-text awb-button__text awb-button__text--default\">Formulaire<\/span><\/a><\/div><div style=\"text-align:left;\"><a class=\"fusion-button button-flat fusion-button-default-size button-custom fusion-button-default button-2 fusion-button-default-span fusion-button-default-type fusion-has-button-gradient\" style=\"--awb-margin-bottom:35px;--button_accent_color:#ffffff;--button_border_color:rgba(0,74,102,0.92);--button_accent_hover_color:var(--awb-color1);--button_border_hover_color:var(--awb-color1);--button_gradient_top_color:#0e4b5c;--button_gradient_bottom_color:rgba(2,75,102,0.2);--button_gradient_top_color_hover:var(--awb-color4);--button_gradient_bottom_color_hover:var(--awb-color4);\" target=\"_blank\" rel=\"noopener noreferrer\" href=\"https:\/\/lexpol.cloud.pf\/LexpolAfficheTexte.php?texte=260994&amp;idr=619&amp;np=1\"><i class=\"fa-external-link-alt fas awb-button__icon awb-button__icon--default button-icon-left\" aria-hidden=\"true\"><\/i><span class=\"fusion-button-text awb-button__text awb-button__text--default\">R\u00e8glementation<\/span><\/a><\/div><\/div><\/div><\/div><\/div><div class=\"fusion-fullwidth fullwidth-box fusion-builder-row-2 fusion-flex-container has-pattern-background has-mask-background hundred-percent-fullwidth non-hundred-percent-height-scrolling\" style=\"--link_hover_color: #0f4b5c;--link_color: #6693a3;--awb-border-sizes-top:0px;--awb-border-sizes-bottom:0px;--awb-border-sizes-left:0px;--awb-border-sizes-right:0px;--awb-border-color:rgba(209,209,209,0);--awb-border-radius-top-left:0px;--awb-border-radius-top-right:0px;--awb-border-radius-bottom-right:0px;--awb-border-radius-bottom-left:0px;--awb-padding-top-medium:90px;--awb-padding-right-medium:90px;--awb-padding-bottom-medium:90px;--awb-padding-left-medium:90px;--awb-padding-top-small:30px;--awb-padding-right-small:30px;--awb-padding-bottom-small:30px;--awb-padding-left-small:30px;--awb-margin-top:0px;--awb-margin-bottom:60px;--awb-background-color:rgba(214,222,226,0);--awb-flex-wrap:wrap;\" ><div class=\"fusion-builder-row fusion-row fusion-flex-align-items-flex-start fusion-flex-content-wrap\" style=\"width:104% !important;max-width:104% !important;margin-left: calc(-4% \/ 2 );margin-right: calc(-4% \/ 2 );\"><div class=\"fusion-layout-column fusion_builder_column fusion-builder-column-2 fusion_builder_column_1_1 1_1 fusion-flex-column fusion-animated\" style=\"--awb-padding-top:50px;--awb-padding-right:50px;--awb-padding-bottom:50px;--awb-padding-left:50px;--awb-padding-bottom-small:0px;--awb-padding-left-small:50px;--awb-bg-color:var(--awb-color3);--awb-bg-color-hover:var(--awb-color3);--awb-bg-size:cover;--awb-border-color:#6693a3;--awb-border-left:6px;--awb-border-style:solid;--awb-width-large:100%;--awb-margin-top-large:0px;--awb-spacing-right-large:1.92%;--awb-margin-bottom-large:0px;--awb-spacing-left-large:1.92%;--awb-width-medium:100%;--awb-order-medium:0;--awb-spacing-right-medium:1.92%;--awb-spacing-left-medium:1.92%;--awb-width-small:100%;--awb-order-small:0;--awb-spacing-right-small:1.92%;--awb-spacing-left-small:1.92%;\" data-animationType=\"fadeInLeft\" data-animationDuration=\"0.1\" data-animationOffset=\"top-into-view\" data-scroll-devices=\"small-visibility,medium-visibility,large-visibility\"><div class=\"fusion-column-wrapper fusion-column-has-shadow fusion-flex-justify-content-flex-start fusion-content-layout-column\"><div class=\"fusion-title title fusion-title-2 fusion-sep-none fusion-title-text fusion-title-size-paragraph\" style=\"--awb-text-color:#0f4b5c;--awb-margin-top:10px;--awb-margin-bottom:0px;--awb-margin-top-small:10px;--awb-margin-right-small:0px;--awb-margin-bottom-small:50px;--awb-margin-left-small:0px;--awb-sep-color:#d1d1d1;--awb-font-size:16px;\"><p class=\"fusion-title-heading title-heading-left title-heading-tag fusion-responsive-typography-calculated\" style=\"margin:0;text-transform:var(--awb-typography1-text-transform);font-size:1em;--fontSize:16;--minFontSize:16;line-height:1.2;\"><p>Pour tout compl\u00e9ment d\u2019information, une permanence t\u00e9l\u00e9phonique, assur\u00e9e par les pharmaciens de l\u2019ARASS, est ouverte au 40.48.82.35 tous les<strong> mardis et jeudis de 8h00 \u00e0 15h30<\/strong>.<\/p>\n<p>Alternativement vous pouvez vous adresser \u00e0 : <strong><a href=\"mailto:autorisation.medicament.arass@administration.gov.pf\">autorisation.medicament.arass@administration.gov.pf<\/a><\/strong><\/p><\/p><\/div><\/div><\/div><\/div><\/div><\/p>\n","protected":false},"excerpt":{"rendered":"","protected":false},"author":98,"featured_media":0,"parent":0,"menu_order":0,"comment_status":"closed","ping_status":"closed","template":"","meta":{"_seopress_robots_primary_cat":"","_seopress_titles_title":"","_seopress_titles_desc":"","_seopress_robots_index":"","footnotes":""},"class_list":["post-12464","page","type-page","status-publish","hentry"],"_links":{"self":[{"href":"https:\/\/www.service-public.pf\/arass\/wp-json\/wp\/v2\/pages\/12464","targetHints":{"allow":["GET"]}}],"collection":[{"href":"https:\/\/www.service-public.pf\/arass\/wp-json\/wp\/v2\/pages"}],"about":[{"href":"https:\/\/www.service-public.pf\/arass\/wp-json\/wp\/v2\/types\/page"}],"author":[{"embeddable":true,"href":"https:\/\/www.service-public.pf\/arass\/wp-json\/wp\/v2\/users\/98"}],"replies":[{"embeddable":true,"href":"https:\/\/www.service-public.pf\/arass\/wp-json\/wp\/v2\/comments?post=12464"}],"version-history":[{"count":18,"href":"https:\/\/www.service-public.pf\/arass\/wp-json\/wp\/v2\/pages\/12464\/revisions"}],"predecessor-version":[{"id":14346,"href":"https:\/\/www.service-public.pf\/arass\/wp-json\/wp\/v2\/pages\/12464\/revisions\/14346"}],"wp:attachment":[{"href":"https:\/\/www.service-public.pf\/arass\/wp-json\/wp\/v2\/media?parent=12464"}],"curies":[{"name":"wp","href":"https:\/\/api.w.org\/{rel}","templated":true}]}}