{"id":795,"date":"2022-05-05T12:21:49","date_gmt":"2022-05-05T22:21:49","guid":{"rendered":"https:\/\/www.service-public.pf\/art\/?page_id=795"},"modified":"2022-06-29T16:24:13","modified_gmt":"2022-06-30T02:24:13","slug":"faq-visiteurs","status":"publish","type":"page","link":"https:\/\/www.service-public.pf\/art\/faq-visiteurs\/","title":{"rendered":"FAQ Visiteurs"},"content":{"rendered":"<p><div class=\"fusion-fullwidth fullwidth-box fusion-builder-row-1 fusion-flex-container fusion-parallax-none nonhundred-percent-fullwidth non-hundred-percent-height-scrolling\" style=\"--awb-border-radius-top-left:0px;--awb-border-radius-top-right:0px;--awb-border-radius-bottom-right:0px;--awb-border-radius-bottom-left:0px;--awb-padding-top:5%;--awb-padding-bottom:5%;--awb-padding-left:5%;--awb-background-image:url(&quot;https:\/\/www.service-public.pf\/art\/wp-content\/uploads\/sites\/55\/2022\/05\/customer-care-and-support-concept-background-faq-question-mark-icon-on-wooden-cube-closeup-view-laptop-on-white-office-table-photo.jpg&quot;);--awb-background-size:cover;--awb-flex-wrap:wrap;\" ><div class=\"fusion-builder-row fusion-row fusion-flex-align-items-flex-start fusion-flex-content-wrap\" style=\"max-width:104%;margin-left: calc(-4% \/ 2 );margin-right: calc(-4% \/ 2 );\"><div class=\"fusion-layout-column fusion_builder_column fusion-builder-column-0 fusion_builder_column_1_1 1_1 fusion-flex-column\" style=\"--awb-bg-size:cover;--awb-width-large:100%;--awb-margin-top-large:0px;--awb-spacing-right-large:1.92%;--awb-margin-bottom-large:20px;--awb-spacing-left-large:1.92%;--awb-width-medium:100%;--awb-order-medium:0;--awb-spacing-right-medium:1.92%;--awb-spacing-left-medium:1.92%;--awb-width-small:100%;--awb-order-small:0;--awb-spacing-right-small:1.92%;--awb-spacing-left-small:1.92%;\"><div class=\"fusion-column-wrapper fusion-column-has-shadow fusion-flex-justify-content-flex-start fusion-content-layout-column\"><div class=\"fusion-title title fusion-title-1 fusion-sep-none fusion-title-text fusion-title-size-one\" style=\"--awb-text-color:#005f8c;--awb-margin-top-small:10px;--awb-margin-right-small:0px;--awb-margin-bottom-small:10px;--awb-margin-left-small:0px;\"><h1 class=\"fusion-title-heading title-heading-left\" style=\"margin:0;\">FAQ Visiteurs<\/h1><\/div><\/div><\/div><\/div><\/div><div class=\"fusion-fullwidth fullwidth-box fusion-builder-row-2 fusion-flex-container fusion-parallax-none nonhundred-percent-fullwidth non-hundred-percent-height-scrolling\" style=\"--awb-border-radius-top-left:0px;--awb-border-radius-top-right:0px;--awb-border-radius-bottom-right:0px;--awb-border-radius-bottom-left:0px;--awb-padding-top:3%;--awb-background-image:url(&quot;https:\/\/www.service-public.pf\/art\/wp-content\/uploads\/sites\/55\/2022\/04\/motif-background-300x126.png&quot;);--awb-background-size:cover;--awb-flex-wrap:wrap;\" ><div class=\"fusion-builder-row fusion-row fusion-flex-align-items-flex-start fusion-flex-content-wrap\" style=\"max-width:104%;margin-left: calc(-4% \/ 2 );margin-right: calc(-4% \/ 2 );\"><div class=\"fusion-layout-column fusion_builder_column fusion-builder-column-1 fusion_builder_column_1_1 1_1 fusion-flex-column\" style=\"--awb-bg-size:cover;--awb-width-large:100%;--awb-margin-top-large:0px;--awb-spacing-right-large:1.92%;--awb-margin-bottom-large:20px;--awb-spacing-left-large:1.92%;--awb-width-medium:100%;--awb-order-medium:0;--awb-spacing-right-medium:1.92%;--awb-spacing-left-medium:1.92%;--awb-width-small:100%;--awb-order-small:0;--awb-spacing-right-small:1.92%;--awb-spacing-left-small:1.92%;\"><div class=\"fusion-column-wrapper fusion-column-has-shadow fusion-flex-justify-content-flex-start fusion-content-layout-column\"><div class=\"fusion-title title fusion-title-2 fusion-sep-none fusion-title-center fusion-title-text fusion-title-size-two vct_title vct_title_center\" style=\"--awb-text-color:#0fb9e8;--awb-margin-bottom:5px;--awb-margin-top-small:10px;--awb-margin-right-small:0px;--awb-margin-bottom-small:10px;--awb-margin-left-small:0px;\"><h2 class=\"fusion-title-heading title-heading-center\" style=\"margin:0;\"><strong>FOIRE AUX QUESTIONS<\/strong><\/h2><\/div><div class=\"fusion-separator\" style=\"align-self: center;margin-left: auto;margin-right: auto;width:100%;max-width:10%;\"><div class=\"fusion-separator-border sep-single sep-solid\" style=\"--awb-height:20px;--awb-amount:20px;--awb-sep-color:#0fb9e8;border-color:#0fb9e8;border-top-width:2px;\"><\/div><\/div><\/div><\/div><\/div><\/div><div class=\"fusion-fullwidth fullwidth-box fusion-builder-row-3 fusion-flex-container nonhundred-percent-fullwidth non-hundred-percent-height-scrolling\" style=\"--awb-border-radius-top-left:0px;--awb-border-radius-top-right:0px;--awb-border-radius-bottom-right:0px;--awb-border-radius-bottom-left:0px;--awb-padding-right:10%;--awb-padding-left:10%;--awb-flex-wrap:wrap;\" ><div class=\"fusion-builder-row fusion-row fusion-flex-align-items-flex-start fusion-flex-content-wrap\" style=\"max-width:104%;margin-left: calc(-4% \/ 2 );margin-right: calc(-4% \/ 2 );\"><div class=\"fusion-layout-column fusion_builder_column fusion-builder-column-2 fusion_builder_column_1_1 1_1 fusion-flex-column\" style=\"--awb-bg-size:cover;--awb-width-large:100%;--awb-margin-top-large:0px;--awb-spacing-right-large:1.92%;--awb-margin-bottom-large:20px;--awb-spacing-left-large:4.8%;--awb-width-medium:100%;--awb-order-medium:0;--awb-spacing-right-medium:1.92%;--awb-spacing-left-medium:4.8%;--awb-width-small:100%;--awb-order-small:0;--awb-spacing-right-small:1.92%;--awb-spacing-left-small:1.92%;\"><div class=\"fusion-column-wrapper fusion-column-has-shadow fusion-flex-justify-content-flex-start fusion-content-layout-column\"><div class=\"fusion-text fusion-text-1\"><p>Une question ? La r\u00e9ponse se trouve peut \u00eatre ci-dessous. Si vous ne trouvez pas de r\u00e9ponse \u00e0 votre question, n&rsquo;h\u00e9sitez pas \u00e0 nous contacter.<\/p>\n<\/div><style type=\"text\/css\">.fusion-faqs-wrapper #accordian-1 .fusion-panel { border-color:#e2e2e2; }.fusion-faqs-wrapper #accordian-1 .fusion-panel:hover{ border-color: #e2e2e2; }.fusion-accordian #accordian-1 .panel-title a .fa-fusion-box:before{ font-size: 18px;width: 18px;}.fusion-accordian #accordian-1 .panel-title a .fa-fusion-box{ color: #ffffff;}.fusion-accordian  #accordian-1 .panel-title a{font-family:\"Josefin Sans\";font-style:normal;font-weight:400;}.fusion-accordian  #accordian-1 .panel-title a:not(:hover){}.fusion-accordian  #accordian-1 .toggle-content{font-family:\"Open Sans\";font-style:normal;font-weight:400;}.fusion-accordian #accordian-1 .fa-fusion-box { background-color: #005f8c !important;border-color: #005f8c !important;}.fusion-accordian #accordian-1 .panel-title a:hover,.fusion-accordian #accordian-1 .panel-title a.hover { color: #005f8c;}.fusion-faq-shortcode .fusion-accordian #accordian-1 .fusion-toggle-boxed-mode:hover .panel-title a { color: #005f8c;}.fusion-accordian #accordian-1 .panel-title .active .fa-fusion-box,.fusion-accordian #accordian-1 .panel-title a:hover .fa-fusion-box,.fusion-accordian #accordian-1 .panel-title a.hover .fa-fusion-box { background-color: #005f8c!important;border-color: #005f8c!important;}<\/style><div class=\"fusion-faq-shortcode vct_toggle_dark_blue\" style=\"\"><div class=\"fusion-faqs-wrapper\"><div class=\"accordian fusion-accordian\"><div class=\"panel-group \" id=\"accordian-1\"><div class=\"fusion-panel panel-default fusion-faq-post fusion-faq-post-772 visiteurs \"><span class=\"entry-title rich-snippet-hidden\">O\u00f9 se trouve le service de l&rsquo;artisanat traditionnel ?<\/span><span class=\"vcard rich-snippet-hidden\"><span class=\"fn\"><\/span><\/span><span class=\"updated rich-snippet-hidden\">2022-05-05T12:04:47-10:00<\/span><div class=\"panel-heading\"><h4 id=\"faq_1-772\" class=\"panel-title toggle\"><a data-toggle=\"collapse\" class=\"collapsed\" data-parent=\"#accordian-1\" data-target=\"#collapse-1-772\" href=\"#collapse-1-772\" aria-expanded=\"false\"><div class=\"fusion-toggle-icon-wrapper\"><div class=\"fusion-toggle-icon-wrapper-main\"><div class=\"fusion-toggle-icon-wrapper-sub\"><i class=\"fa-fusion-box active-icon awb-icon-minus\" aria-hidden=\"true\"><\/i><i class=\"fa-fusion-box inactive-icon awb-icon-plus\" aria-hidden=\"true\"><\/i><\/div><\/div><\/div><div class=\"fusion-toggle-heading\">O\u00f9 se trouve le service de l&rsquo;artisanat traditionnel ?<\/div><\/a><\/h4><\/div><div id=\"collapse-1-772\" aria-labelledby=\"faq_1-772\" class=\"panel-collapse collapse\"><div class=\"panel-body toggle-content post-content\"><p>Le service est situ\u00e9 \u00e0 Papeete, au 82 rue du G\u00e9n\u00e9ral de Gaulle, au 1<sup>er<\/sup>\u00a0\u00e9tage de l\u2019immeuble Etude Lejeune. Il s\u2019agit du b\u00e2timent au feu en face du Manava caf\u00e9.<\/p>\n<\/div><\/div><\/div><div class=\"fusion-panel panel-default fusion-faq-post fusion-faq-post-775 visiteurs \"><span class=\"entry-title rich-snippet-hidden\">Quels sont vos horaires d\u2019ouverture\u00a0?<\/span><span class=\"vcard rich-snippet-hidden\"><span class=\"fn\"><\/span><\/span><span class=\"updated rich-snippet-hidden\">2022-05-05T12:05:04-10:00<\/span><div class=\"panel-heading\"><h4 id=\"faq_1-775\" class=\"panel-title toggle\"><a data-toggle=\"collapse\" class=\"collapsed\" data-parent=\"#accordian-1\" data-target=\"#collapse-1-775\" href=\"#collapse-1-775\" aria-expanded=\"false\"><div class=\"fusion-toggle-icon-wrapper\"><div class=\"fusion-toggle-icon-wrapper-main\"><div class=\"fusion-toggle-icon-wrapper-sub\"><i class=\"fa-fusion-box active-icon awb-icon-minus\" aria-hidden=\"true\"><\/i><i class=\"fa-fusion-box inactive-icon awb-icon-plus\" aria-hidden=\"true\"><\/i><\/div><\/div><\/div><div class=\"fusion-toggle-heading\">Quels sont vos horaires d\u2019ouverture\u00a0?<\/div><\/a><\/h4><\/div><div id=\"collapse-1-775\" aria-labelledby=\"faq_1-775\" class=\"panel-collapse collapse\"><div class=\"panel-body toggle-content post-content\"><p>Le service est ouvert de 7h30 \u00e0 15h30 du lundi au jeudi, et jusqu\u2019\u00e0 14h30 le vendredi.<\/p>\n<\/div><\/div><\/div><div class=\"fusion-panel panel-default fusion-faq-post fusion-faq-post-778 visiteurs \"><span class=\"entry-title rich-snippet-hidden\">O\u00f9 peut-on trouver les dates, lieux et horaires des manifestations\u00a0?<\/span><span class=\"vcard rich-snippet-hidden\"><span class=\"fn\"><\/span><\/span><span class=\"updated rich-snippet-hidden\">2022-05-05T12:05:24-10:00<\/span><div class=\"panel-heading\"><h4 id=\"faq_1-778\" class=\"panel-title toggle\"><a data-toggle=\"collapse\" class=\"collapsed\" data-parent=\"#accordian-1\" data-target=\"#collapse-1-778\" href=\"#collapse-1-778\" aria-expanded=\"false\"><div class=\"fusion-toggle-icon-wrapper\"><div class=\"fusion-toggle-icon-wrapper-main\"><div class=\"fusion-toggle-icon-wrapper-sub\"><i class=\"fa-fusion-box active-icon awb-icon-minus\" aria-hidden=\"true\"><\/i><i class=\"fa-fusion-box inactive-icon awb-icon-plus\" aria-hidden=\"true\"><\/i><\/div><\/div><\/div><div class=\"fusion-toggle-heading\">O\u00f9 peut-on trouver les dates, lieux et horaires des manifestations\u00a0?<\/div><\/a><\/h4><\/div><div id=\"collapse-1-778\" aria-labelledby=\"faq_1-778\" class=\"panel-collapse collapse\"><div class=\"panel-body toggle-content post-content\"><p>Pour les \u00e9v\u00e9nements organis\u00e9s ou soutenus par le Service de l\u2019artisanat traditionnel, vous trouverez le d\u00e9tail de ces informations sur la page Actualit\u00e9s ou votre page Visiteurs. G\u00e9n\u00e9ralement les \u00e9v\u00e9nements d\u2019artisanat traditionnel sont ouverts en journ\u00e9e continue, weekend inclus.<\/p>\n<p>Pour les autres \u00e9v\u00e9nements, il vous faudra contacter directement les organisateurs.<\/p>\n<\/div><\/div><\/div><div class=\"fusion-panel panel-default fusion-faq-post fusion-faq-post-781 visiteurs \"><span class=\"entry-title rich-snippet-hidden\">Est que les \u00e9v\u00e9nements annuels se tiennent toujours aux m\u00eames dates ?<\/span><span class=\"vcard rich-snippet-hidden\"><span class=\"fn\"><\/span><\/span><span class=\"updated rich-snippet-hidden\">2022-05-05T12:05:59-10:00<\/span><div class=\"panel-heading\"><h4 id=\"faq_1-781\" class=\"panel-title toggle\"><a data-toggle=\"collapse\" class=\"collapsed\" data-parent=\"#accordian-1\" data-target=\"#collapse-1-781\" href=\"#collapse-1-781\" aria-expanded=\"false\"><div class=\"fusion-toggle-icon-wrapper\"><div class=\"fusion-toggle-icon-wrapper-main\"><div class=\"fusion-toggle-icon-wrapper-sub\"><i class=\"fa-fusion-box active-icon awb-icon-minus\" aria-hidden=\"true\"><\/i><i class=\"fa-fusion-box inactive-icon awb-icon-plus\" aria-hidden=\"true\"><\/i><\/div><\/div><\/div><div class=\"fusion-toggle-heading\">Est que les \u00e9v\u00e9nements annuels se tiennent toujours aux m\u00eames dates ?<\/div><\/a><\/h4><\/div><div id=\"collapse-1-781\" aria-labelledby=\"faq_1-781\" class=\"panel-collapse collapse\"><div class=\"panel-body toggle-content post-content\"><p>Les dates des \u00e9v\u00e9nements r\u00e9currents d\u00e9pendent de chaque organisateur et sont en g\u00e9n\u00e9ral communiqu\u00e9es en d\u00e9but d\u2019ann\u00e9e. Vous pouvez les trouver dans notre calendrier annuel sur ce lien xxxx.<\/p>\n<\/div><\/div><\/div><div class=\"fusion-panel panel-default fusion-faq-post fusion-faq-post-787 visiteurs \"><span class=\"entry-title rich-snippet-hidden\">Je cherche le contact d\u2019un artisan pour une commande ou une information, comment puis-je le trouver\u00a0?<\/span><span class=\"vcard rich-snippet-hidden\"><span class=\"fn\"><\/span><\/span><span class=\"updated rich-snippet-hidden\">2022-05-05T12:19:31-10:00<\/span><div class=\"panel-heading\"><h4 id=\"faq_1-787\" class=\"panel-title toggle\"><a data-toggle=\"collapse\" class=\"collapsed\" data-parent=\"#accordian-1\" data-target=\"#collapse-1-787\" href=\"#collapse-1-787\" aria-expanded=\"false\"><div class=\"fusion-toggle-icon-wrapper\"><div class=\"fusion-toggle-icon-wrapper-main\"><div class=\"fusion-toggle-icon-wrapper-sub\"><i class=\"fa-fusion-box active-icon awb-icon-minus\" aria-hidden=\"true\"><\/i><i class=\"fa-fusion-box inactive-icon awb-icon-plus\" aria-hidden=\"true\"><\/i><\/div><\/div><\/div><div class=\"fusion-toggle-heading\">Je cherche le contact d\u2019un artisan pour une commande ou une information, comment puis-je le trouver\u00a0?<\/div><\/a><\/h4><\/div><div id=\"collapse-1-787\" aria-labelledby=\"faq_1-787\" class=\"panel-collapse collapse\"><div class=\"panel-body toggle-content post-content\"><p>Si l\u2019artisan est titulaire d\u2019une carte d\u2019agr\u00e9ment d\u00e9livr\u00e9e par le Service de l\u2019artisanat traditionnel, il est r\u00e9pertori\u00e9 sur le r\u00e9pertoire des m\u00e9tiers que vous trouverez sur ce lien xxxx.<\/p>\n<p>S\u2019il ne l\u2019est pas, vous pouvez vous adresser au Service de l\u2019artisanat traditionnel pour l\u2019obtenir.<\/p>\n<\/div><\/div><\/div><div class=\"fusion-panel panel-default fusion-faq-post fusion-faq-post-790 visiteurs \"><span class=\"entry-title rich-snippet-hidden\">Comment trouver un centre artisanal ainsi que ses coordonn\u00e9es et horaires d\u2019ouverture\u00a0?<\/span><span class=\"vcard rich-snippet-hidden\"><span class=\"fn\"><\/span><\/span><span class=\"updated rich-snippet-hidden\">2022-05-05T12:19:53-10:00<\/span><div class=\"panel-heading\"><h4 id=\"faq_1-790\" class=\"panel-title toggle\"><a data-toggle=\"collapse\" class=\"collapsed\" data-parent=\"#accordian-1\" data-target=\"#collapse-1-790\" href=\"#collapse-1-790\" aria-expanded=\"false\"><div class=\"fusion-toggle-icon-wrapper\"><div class=\"fusion-toggle-icon-wrapper-main\"><div class=\"fusion-toggle-icon-wrapper-sub\"><i class=\"fa-fusion-box active-icon awb-icon-minus\" aria-hidden=\"true\"><\/i><i class=\"fa-fusion-box inactive-icon awb-icon-plus\" aria-hidden=\"true\"><\/i><\/div><\/div><\/div><div class=\"fusion-toggle-heading\">Comment trouver un centre artisanal ainsi que ses coordonn\u00e9es et horaires d\u2019ouverture\u00a0?<\/div><\/a><\/h4><\/div><div id=\"collapse-1-790\" aria-labelledby=\"faq_1-790\" class=\"panel-collapse collapse\"><div class=\"panel-body toggle-content post-content\"><p>Les centres artisanaux de Polyn\u00e9sie sont recens\u00e9s sur le site du service, sur la page visiteurs. Zoomez sur la carte et cliquez sur le fare qui vous int\u00e9resse pour avoir ses coordonn\u00e9es.<\/p>\n<\/div><\/div><\/div><\/div><\/div><\/div><\/div><\/div><\/div><\/div><\/div><\/p>\n","protected":false},"excerpt":{"rendered":"","protected":false},"author":245,"featured_media":1090,"parent":0,"menu_order":0,"comment_status":"closed","ping_status":"closed","template":"","meta":{"_seopress_robots_primary_cat":"","_seopress_titles_title":"","_seopress_titles_desc":"","_seopress_robots_index":"","footnotes":""},"class_list":["post-795","page","type-page","status-publish","has-post-thumbnail","hentry"],"_links":{"self":[{"href":"https:\/\/www.service-public.pf\/art\/wp-json\/wp\/v2\/pages\/795","targetHints":{"allow":["GET"]}}],"collection":[{"href":"https:\/\/www.service-public.pf\/art\/wp-json\/wp\/v2\/pages"}],"about":[{"href":"https:\/\/www.service-public.pf\/art\/wp-json\/wp\/v2\/types\/page"}],"author":[{"embeddable":true,"href":"https:\/\/www.service-public.pf\/art\/wp-json\/wp\/v2\/users\/245"}],"replies":[{"embeddable":true,"href":"https:\/\/www.service-public.pf\/art\/wp-json\/wp\/v2\/comments?post=795"}],"version-history":[{"count":0,"href":"https:\/\/www.service-public.pf\/art\/wp-json\/wp\/v2\/pages\/795\/revisions"}],"wp:featuredmedia":[{"embeddable":true,"href":"https:\/\/www.service-public.pf\/art\/wp-json\/wp\/v2\/media\/1090"}],"wp:attachment":[{"href":"https:\/\/www.service-public.pf\/art\/wp-json\/wp\/v2\/media?parent=795"}],"curies":[{"name":"wp","href":"https:\/\/api.w.org\/{rel}","templated":true}]}}