{"id":21115,"date":"2022-11-15T11:19:59","date_gmt":"2022-11-15T21:19:59","guid":{"rendered":"https:\/\/www.service-public.pf\/biosecurite\/?page_id=21115"},"modified":"2024-05-23T09:19:32","modified_gmt":"2024-05-23T19:19:32","slug":"bois-traite","status":"publish","type":"page","link":"https:\/\/www.service-public.pf\/biosecurite\/accueil\/professionnels-2\/importer-en-polynesie-francaise-2\/bois-et-autres-produits-en-bois\/bois-traite\/","title":{"rendered":"Bois trait\u00e9"},"content":{"rendered":"<p><div class=\"fusion-fullwidth fullwidth-box fusion-builder-row-1 fusion-flex-container has-pattern-background has-mask-background fusion-parallax-none nonhundred-percent-fullwidth non-hundred-percent-height-scrolling vct_border_bottom_separator\" style=\"--awb-border-radius-top-left:0px;--awb-border-radius-top-right:0px;--awb-border-radius-bottom-right:0px;--awb-border-radius-bottom-left:0px;--awb-background-image:linear-gradient(180deg, rgba(0,0,0,0) 0%,rgba(0,0,0,0.8) 100%),url(https:\/\/www.service-public.pf\/biosecurite\/wp-content\/uploads\/sites\/43\/2022\/11\/pexels-albin-berlin-906982-2@2x.png);;--awb-background-size:cover;--awb-flex-wrap:wrap;\" ><div class=\"fusion-builder-row fusion-row fusion-flex-align-items-flex-start fusion-flex-content-wrap\" style=\"max-width:1144px;margin-left: calc(-4% \/ 2 );margin-right: calc(-4% \/ 2 );\"><div class=\"fusion-layout-column fusion_builder_column fusion-builder-column-0 fusion_builder_column_1_1 1_1 fusion-flex-column\" style=\"--awb-padding-top:6vw;--awb-padding-right:5vw;--awb-padding-bottom:3vw;--awb-padding-left:5vw;--awb-bg-size:cover;--awb-width-large:100%;--awb-margin-top-large:0px;--awb-spacing-right-large:1.92%;--awb-margin-bottom-large:0px;--awb-spacing-left-large:1.92%;--awb-width-medium:100%;--awb-order-medium:0;--awb-spacing-right-medium:1.92%;--awb-spacing-left-medium:1.92%;--awb-width-small:100%;--awb-order-small:0;--awb-spacing-right-small:1.92%;--awb-spacing-left-small:1.92%;\"><div class=\"fusion-column-wrapper fusion-column-has-shadow fusion-flex-justify-content-flex-start fusion-content-layout-column\"><div class=\"fusion-title title fusion-title-1 fusion-sep-none fusion-title-text fusion-title-size-one\" style=\"--awb-text-color:#ffffff;--awb-margin-top-small:0px;--awb-margin-right-small:0px;--awb-margin-bottom-small:20px;--awb-margin-left-small:0px;--awb-font-size:3rem;\"><h1 class=\"fusion-title-heading title-heading-left\" style=\"margin:0;font-size:1em;\">Professionnels<\/h1><\/div><\/div><\/div><\/div><\/div><div class=\"fusion-fullwidth fullwidth-box fusion-builder-row-2 fusion-flex-container has-pattern-background has-mask-background nonhundred-percent-fullwidth non-hundred-percent-height-scrolling\" style=\"--awb-border-radius-top-left:0px;--awb-border-radius-top-right:0px;--awb-border-radius-bottom-right:0px;--awb-border-radius-bottom-left:0px;--awb-padding-right:5vw;--awb-padding-left:5vw;--awb-flex-wrap:wrap;\" ><div class=\"fusion-builder-row fusion-row fusion-flex-align-items-flex-start fusion-flex-justify-content-space-between fusion-flex-content-wrap\" style=\"max-width:1144px;margin-left: calc(-4% \/ 2 );margin-right: calc(-4% \/ 2 );\"><div class=\"fusion-layout-column fusion_builder_column fusion-builder-column-1 fusion_builder_column_1_1 1_1 fusion-flex-column\" style=\"--awb-bg-color:#ffffff;--awb-bg-color-hover:#ffffff;--awb-bg-size:cover;--awb-width-large:100%;--awb-margin-top-large:30px;--awb-spacing-right-large:1.92%;--awb-margin-bottom-large:30px;--awb-spacing-left-large:1.92%;--awb-width-medium:100%;--awb-order-medium:0;--awb-spacing-right-medium:1.92%;--awb-spacing-left-medium:1.92%;--awb-width-small:100%;--awb-order-small:0;--awb-spacing-right-small:1.92%;--awb-spacing-left-small:1.92%;\"><div class=\"fusion-column-wrapper fusion-column-has-shadow fusion-flex-justify-content-flex-start fusion-content-layout-column\"><nav class=\"fusion-breadcrumbs fusion-breadcrumbs-1\" style=\"--awb-font-size:16px;--awb-text-hover-color:#e51427;--awb-text-color:#12284d;--awb-breadcrumb-sep:&#039;&gt;&#039;;\" aria-label=\"Breadcrumb\"><ol class=\"awb-breadcrumb-list\"><li class=\"fusion-breadcrumb-item awb-breadcrumb-sep awb-home\" ><a href=\"https:\/\/www.service-public.pf\/biosecurite\" class=\"fusion-breadcrumb-link\"><span >Home<\/span><\/a><\/li><\/ol><\/nav><\/div><\/div><div class=\"fusion-layout-column fusion_builder_column fusion-builder-column-2 fusion_builder_column_3_4 3_4 fusion-flex-column\" style=\"--awb-bg-size:cover;--awb-width-large:75%;--awb-margin-top-large:0px;--awb-spacing-right-large:2.56%;--awb-margin-bottom-large:20px;--awb-spacing-left-large:2.56%;--awb-width-medium:100%;--awb-order-medium:0;--awb-spacing-right-medium:1.92%;--awb-spacing-left-medium:1.92%;--awb-width-small:100%;--awb-order-small:0;--awb-spacing-right-small:1.92%;--awb-spacing-left-small:1.92%;\"><div class=\"fusion-column-wrapper fusion-column-has-shadow fusion-flex-justify-content-center fusion-content-layout-column\"><div class=\"fusion-title title fusion-title-2 fusion-sep-none fusion-title-text fusion-title-size-two\" style=\"--awb-margin-bottom:15px;--awb-margin-top-small:0px;--awb-margin-right-small:0px;--awb-margin-bottom-small:20px;--awb-margin-left-small:0px;--awb-font-size:35px;\"><h2 class=\"fusion-title-heading title-heading-left\" style=\"margin:0;font-size:1em;\"><p><strong>Comment importer du bois ayant subi un traitement chimique de pr\u00e9servation permanente en Polyn\u00e9sie fran\u00e7aise?<br \/>\n<\/strong><\/p><\/h2><\/div><div class=\"fusion-separator\" style=\"align-self: flex-start;margin-right:auto;margin-bottom:3rem;width:100%;max-width:20%;\"><div class=\"fusion-separator-border sep-single sep-solid\" style=\"--awb-height:20px;--awb-amount:20px;--awb-sep-color:#e51427;border-color:#e51427;border-top-width:8px;\"><\/div><\/div><div class=\"accordian fusion-accordian vct_toggle\" style=\"--awb-border-size:1px;--awb-icon-size:13px;--awb-content-font-size:15px;--awb-icon-alignment:right;--awb-hover-color:#f9f9f9;--awb-border-color:#cccccc;--awb-background-color:#ffffff;--awb-divider-color:#e0dede;--awb-divider-hover-color:#e0dede;--awb-icon-color:#ffffff;--awb-title-color:#ffffff;--awb-content-color:#000000;--awb-icon-box-color:#333333;--awb-toggle-hover-accent-color:rgba(255,255,255,0);--awb-toggle-active-accent-color:rgba(255,255,255,0);--awb-title-font-family:&quot;Roboto&quot;;--awb-title-font-weight:400;--awb-title-font-style:normal;--awb-title-font-size:1.125rem;--awb-content-font-family:&quot;Roboto&quot;;--awb-content-font-style:normal;--awb-content-font-weight:400;\"><div class=\"panel-group fusion-toggle-icon-right fusion-toggle-icon-boxed\" id=\"accordion-21115-1\"><div class=\"fusion-panel panel-default panel-f462ff8c7808925d5 fusion-toggle-has-divider\" style=\"--awb-title-color:#ffffff;--awb-content-color:#333333;\"><div class=\"panel-heading\"><h3 class=\"panel-title toggle\" id=\"toggle_f462ff8c7808925d5\"><a class=\"active\" aria-expanded=\"true\" aria-controls=\"f462ff8c7808925d5\" role=\"button\" data-toggle=\"collapse\" data-parent=\"#accordion-21115-1\" data-target=\"#f462ff8c7808925d5\" href=\"#f462ff8c7808925d5\"><span class=\"fusion-toggle-icon-wrapper\" aria-hidden=\"true\"><i class=\"fa-fusion-box active-icon awb-icon-minus\" aria-hidden=\"true\"><\/i><i class=\"fa-fusion-box inactive-icon awb-icon-plus\" aria-hidden=\"true\"><\/i><\/span><span class=\"fusion-toggle-heading\">D\u00e9finitions<\/span><\/a><\/h3><\/div><div id=\"f462ff8c7808925d5\" class=\"panel-collapse collapse in\" aria-labelledby=\"toggle_f462ff8c7808925d5\"><div class=\"panel-body toggle-content fusion-clearfix\">\n<p>Sont consid\u00e9r\u00e9s comme traitement chimique de pr\u00e9servation permanente les traitements qui conf\u00e8rent une protection durable du bois, r\u00e9sistante au lessivage, correspondant au minimum \u00e0 la classe de risque n\u00b02.<\/p>\n<p><img decoding=\"async\" class=\"size-full wp-image-27666 aligncenter\" src=\"https:\/\/www.service-public.pf\/biosecurite\/wp-content\/uploads\/sites\/43\/2024\/04\/traitement-chimique-de-preservation-permanente.png\" alt=\"\" width=\"907\" height=\"399\" srcset=\"https:\/\/www.service-public.pf\/biosecurite\/wp-content\/uploads\/sites\/43\/2024\/04\/traitement-chimique-de-preservation-permanente-200x88.png 200w, https:\/\/www.service-public.pf\/biosecurite\/wp-content\/uploads\/sites\/43\/2024\/04\/traitement-chimique-de-preservation-permanente-300x132.png 300w, https:\/\/www.service-public.pf\/biosecurite\/wp-content\/uploads\/sites\/43\/2024\/04\/traitement-chimique-de-preservation-permanente-400x176.png 400w, https:\/\/www.service-public.pf\/biosecurite\/wp-content\/uploads\/sites\/43\/2024\/04\/traitement-chimique-de-preservation-permanente-600x264.png 600w, https:\/\/www.service-public.pf\/biosecurite\/wp-content\/uploads\/sites\/43\/2024\/04\/traitement-chimique-de-preservation-permanente-768x338.png 768w, https:\/\/www.service-public.pf\/biosecurite\/wp-content\/uploads\/sites\/43\/2024\/04\/traitement-chimique-de-preservation-permanente-800x352.png 800w, https:\/\/www.service-public.pf\/biosecurite\/wp-content\/uploads\/sites\/43\/2024\/04\/traitement-chimique-de-preservation-permanente.png 907w\" sizes=\"(max-width: 907px) 100vw, 907px\" \/><\/p>\n<\/div><\/div><\/div><div class=\"fusion-panel panel-default panel-5c855b8a3b9216391 fusion-toggle-has-divider\" style=\"--awb-title-color:#ffffff;--awb-content-color:#333333;\"><div class=\"panel-heading\"><h3 class=\"panel-title toggle\" id=\"toggle_5c855b8a3b9216391\"><a class=\"active\" aria-expanded=\"true\" aria-controls=\"5c855b8a3b9216391\" role=\"button\" data-toggle=\"collapse\" data-parent=\"#accordion-21115-1\" data-target=\"#5c855b8a3b9216391\" href=\"#5c855b8a3b9216391\"><span class=\"fusion-toggle-icon-wrapper\" aria-hidden=\"true\"><i class=\"fa-fusion-box active-icon awb-icon-minus\" aria-hidden=\"true\"><\/i><i class=\"fa-fusion-box inactive-icon awb-icon-plus\" aria-hidden=\"true\"><\/i><\/span><span class=\"fusion-toggle-heading\">Conditions g\u00e9n\u00e9rales<\/span><\/a><\/h3><\/div><div id=\"5c855b8a3b9216391\" class=\"panel-collapse collapse in\" aria-labelledby=\"toggle_5c855b8a3b9216391\"><div class=\"panel-body toggle-content fusion-clearfix\">\n<p><span dir=\"ltr\" role=\"presentation\">Ces conditions <\/span><span dir=\"ltr\" role=\"presentation\">d&rsquo;importation <\/span><span dir=\"ltr\" role=\"presentation\">suivantes <\/span><span dir=\"ltr\" role=\"presentation\">portent <\/span><span dir=\"ltr\" role=\"presentation\">sur <\/span><span dir=\"ltr\" role=\"presentation\">les <\/span><span dir=\"ltr\" role=\"presentation\">bois (grumes, billes, bois d&rsquo;\u0153uvre, poutres, bois ronds, sciure, <\/span><span dir=\"ltr\" role=\"presentation\">copeaux, fragments &#8230;) et objets en bois, y compris en<\/span><em><span dir=\"ltr\" role=\"presentation\"> Pinus <\/span><\/em><span dir=\"ltr\" role=\"presentation\">spp.<\/span><span dir=\"ltr\" role=\"presentation\"> provenant des zones exemptes de<\/span><em><span dir=\"ltr\" role=\"presentation\"> Fusarium <\/span><\/em><span dir=\"ltr\" role=\"presentation\"><em>circinatum<\/em>, <\/span><span dir=\"ltr\" role=\"presentation\">ayant <\/span><span dir=\"ltr\" role=\"presentation\">subi <\/span><span dir=\"ltr\" role=\"presentation\">un <\/span><span dir=\"ltr\" role=\"presentation\">traitement <\/span><span dir=\"ltr\" role=\"presentation\">chimique <\/span><span dir=\"ltr\" role=\"presentation\">de <\/span><span dir=\"ltr\" role=\"presentation\">pr\u00e9servation <\/span><span dir=\"ltr\" role=\"presentation\">permanente. <\/span><\/p>\n<p>Les bois trait\u00e9s doivent \u00eatre :<\/p>\n<ul>\n<li style=\"text-align: justify\">secs (pourcentage d\u2019humidit\u00e9 &lt; 25 %)\u00a0;<\/li>\n<li style=\"text-align: justify\">exempts de tout organisme nuisible vivant ;<\/li>\n<li style=\"text-align: justify\">exempts d\u2019\u00e9corce ;<\/li>\n<li style=\"text-align: justify\">trait\u00e9s jusqu&rsquo;\u00e0 ce que la totalit\u00e9 de l&rsquo;aubier et que toutes les surfaces sur une profondeur minimale de 5 mm soient impr\u00e9gn\u00e9es des produits chimiques ;<\/li>\n<li style=\"text-align: justify\">emball\u00e9s et\/ou exp\u00e9di\u00e9s dans des emballages primaires ou secondaires neufs de fa\u00e7on \u00e0 emp\u00eacher toute infestation ou contamination par des organismes nuisibles de quarantaine par exemple dans des feuilles de plastique, des caisses \u00e0 6 faces, des conteneurs ferm\u00e9s. L&rsquo;envoi ne peut comprendre que du bois et ne peut comporter d&rsquo;autres articles r\u00e9glement\u00e9s (terre, feuilles et autres mati\u00e8res \u00e9trang\u00e8res).<\/li>\n<\/ul>\n<p>Un certificat phytosanitaire ou un certificat \u00e9tabli par le fabricant ou l&rsquo;entreprise de traitement doit sp\u00e9cifier les traitements qui ont \u00e9t\u00e9 effectu\u00e9s.<\/p>\n<\/div><\/div><\/div><div class=\"fusion-panel panel-default panel-a68a237051cb549fc fusion-toggle-has-divider\" style=\"--awb-title-color:#ffffff;--awb-content-color:#333333;\"><div class=\"panel-heading\"><h3 class=\"panel-title toggle\" id=\"toggle_a68a237051cb549fc\"><a class=\"active\" aria-expanded=\"true\" aria-controls=\"a68a237051cb549fc\" role=\"button\" data-toggle=\"collapse\" data-parent=\"#accordion-21115-1\" data-target=\"#a68a237051cb549fc\" href=\"#a68a237051cb549fc\"><span class=\"fusion-toggle-icon-wrapper\" aria-hidden=\"true\"><i class=\"fa-fusion-box active-icon awb-icon-minus\" aria-hidden=\"true\"><\/i><i class=\"fa-fusion-box inactive-icon awb-icon-plus\" aria-hidden=\"true\"><\/i><\/span><span class=\"fusion-toggle-heading\">Conditions sp\u00e9cifiques<\/span><\/a><\/h3><\/div><div id=\"a68a237051cb549fc\" class=\"panel-collapse collapse in\" aria-labelledby=\"toggle_a68a237051cb549fc\"><div class=\"panel-body toggle-content fusion-clearfix\">\n<p style=\"text-align: justify\"><strong>Pour les bois neufs :<\/strong><br \/>\nDocuments phytosanitaire obligatoire : Certificat phytosanitaire ou certificat de traitement<\/p>\n<p style=\"text-align: justify\"><em>Pas de permis d&rsquo;importation n\u00e9cessaire<\/em><\/p>\n<p style=\"text-align: justify\"><strong>Pour les bois usagers :<\/strong><\/p>\n<p>Les bois usagers doivent \u00eatre nettoy\u00e9s de toutes traces de terre. Ils doivent \u00eatre accompagn\u00e9s d&rsquo;un <strong>certificat phytosanitaire<\/strong>.<\/p>\n<p>Ils doivent avoir subi l&rsquo;un des traitement suivant au plus t\u00f4t 21 jours avant la date d&rsquo;exp\u00e9dition :<\/p>\n<p>1. Fumigation au bromure de m\u00e9thyle selon les conditions suivantes :<\/p>\n<table>\n<tbody>\n<tr>\n<td>Temp\u00e9rature<\/td>\n<td>Dosage (g\/m3)<\/td>\n<td colspan=\"4\">Minimum de concentration (g\/m3) apr\u00e8s :<\/td>\n<\/tr>\n<tr>\n<td><\/td>\n<td><\/td>\n<td>2h<\/td>\n<td>4h<\/td>\n<td>12h<\/td>\n<td>24h<\/td>\n<\/tr>\n<tr>\n<td>21\u00b0C et plus<\/td>\n<td>48<\/td>\n<td>36<\/td>\n<td>31<\/td>\n<td>28<\/td>\n<td>24<\/td>\n<\/tr>\n<tr>\n<td>16\u00b0C et plus<\/td>\n<td>56<\/td>\n<td>42<\/td>\n<td>36<\/td>\n<td>32<\/td>\n<td>28<\/td>\n<\/tr>\n<tr>\n<td>10\u00b0C et plus<\/td>\n<td>64<\/td>\n<td>48<\/td>\n<td>42<\/td>\n<td>36<\/td>\n<td>32<\/td>\n<\/tr>\n<\/tbody>\n<\/table>\n<p><span dir=\"ltr\" role=\"presentation\">La temp\u00e9rature minimale ne doit pas \u00eatre en dessous de <\/span><span dir=\"ltr\" role=\"presentation\">10 <\/span><span dir=\"ltr\" role=\"presentation\">\u00b0C <\/span><span dir=\"ltr\" role=\"presentation\">et <\/span><span dir=\"ltr\" role=\"presentation\">le <\/span><span dir=\"ltr\" role=\"presentation\">temps <\/span><span dir=\"ltr\" role=\"presentation\">minimum <\/span><span dir=\"ltr\" role=\"presentation\">d&rsquo;exposition <\/span><span dir=\"ltr\" role=\"presentation\">doit <\/span><span dir=\"ltr\" role=\"presentation\">\u00eatre <\/span><span dir=\"ltr\" role=\"presentation\">de <\/span><span dir=\"ltr\" role=\"presentation\">24 heures.<\/span><\/p>\n<p>2. Traitement \u00e0 la chaleur selon les conditions suivantes : 56\u00b0C minimum \u00e0 coeur pendant au moins 30 minutes cons\u00e9cutives<\/p>\n<p style=\"text-align: justify\"><strong>Pour les bois \u00e0 usage personnel :<\/strong><br \/>\nPas de document phytosanitaire n\u00e9cessaire si le volume permet une inspection minutieuse.<\/p>\n<p style=\"text-align: justify\"><span style=\"color: #ff0000\">ATTENTION:<\/span> cette d\u00e9rogation ne s&rsquo;applique pas aux esp\u00e8ces faisant l&rsquo;objet d&rsquo;une r\u00e8glementation particuli\u00e8re.<\/p>\n<p style=\"text-align: justify\"><strong>Conditions particuli\u00e8res pour les bois de<em> Pinus<\/em> :<\/strong><\/p>\n<p style=\"text-align: justify\">Le permis d\u2019importation et le certificat phytosanitaire sont obligatoires si le bois provient d&rsquo;une zone non exempte de <em>Fusarium oxysporum. <\/em>Les bois de <em>Pinus<\/em> doivent avoir subi un traitement \u00e0 la chaleur selon un programme temps\/temp\u00e9rature pr\u00e9cis qui permet d&rsquo;atteindre une temp\u00e9rature minimale de 70 \u00b0C au c\u0153ur du bois pendant au moins 4 heures.\u00a0<em><br \/>\n<\/em><\/p>\n<p style=\"text-align: justify\">Si le bois provient d\u2019une zone\u00a0exempte de <em>Fusarium oxysporum<\/em>, le produit est assujetti aux conditions g\u00e9n\u00e9rales d&rsquo;importation des bois chimiquement trait\u00e9s.<\/p>\n<p style=\"text-align: justify\"><strong>Conditions particuli\u00e8res pour les bois de la famille des <em>Myrtaceae<\/em> :<\/strong><\/p>\n<p style=\"text-align: justify\">L&rsquo;importation de bois trait\u00e9s chimiquement des esp\u00e8ces appartenant aux genres suivants : <em>Acca, Angophora, Callistemon, Campomanesia, Corymbia, Eucalyptus, Eugenia, Melaleuca, Metrosid\u00ebros, Myrcia, Myrcianthes, Myrciaria, Myrtus, Pimenta, Syncarpia et Syzygium<\/em> et en provenance des pays ou zones o\u00f9 <em>Puccinia psidii<\/em> est pr\u00e9sent, est <span style=\"color: #ff0000\">interdite<\/span>.<\/p>\n<p style=\"text-align: justify\">L&rsquo;importation de bois trait\u00e9s des esp\u00e8ces appartenant aux genres suivants : <em>Acca, Angophora, Callistemon, Campomanesia, Corymbia, Eucalyptus, Eugenia, Melaleuca, Metrosid\u00ebros, Myrcia, Myrcianthes, Myrciaria, Myrtus, Pimenta, Syncarpia et Syzygium<\/em> et en provenance des pays ou zones exempts de <em>Puccinia psidii<\/em> est autoris\u00e9e sous r\u00e9serve:<\/p>\n<p style=\"text-align: justify\">1- Qu&rsquo;ils aient subi au d\u00e9part l&rsquo;un des traitements suivants :<\/p>\n<p style=\"text-align: justify\">A) Traitement \u00e0 la chaleur : 85\u00b0C pendant au moins 8 heures<\/p>\n<p style=\"text-align: justify\">B) S\u00e9chage \u00e0 l&rsquo;\u00e9tuve (KD, kilndrying) ou impr\u00e9gnation chimique (CPI)<\/p>\n<p style=\"text-align: justify\">C) Traitement chimique de pr\u00e9servation permanente<\/p>\n<p style=\"text-align: justify\">2- Qu&rsquo;ils aient b\u00e9n\u00e9fici\u00e9 d&rsquo;un permis d&rsquo;importation pr\u00e9alable et qu&rsquo;ils soient accompagn\u00e9s d&rsquo;un certificat phytosanitaire attestant le respect des exigences de bios\u00e9curit\u00e9.<\/p>\n<\/div><\/div><\/div><\/div><\/div><\/div><\/div><div class=\"fusion-layout-column fusion_builder_column fusion-builder-column-3 fusion_builder_column_1_4 1_4 fusion-flex-column\" style=\"--awb-bg-size:cover;--awb-width-large:25%;--awb-margin-top-large:0px;--awb-spacing-right-large:7.68%;--awb-margin-bottom-large:20px;--awb-spacing-left-large:7.68%;--awb-width-medium:100%;--awb-order-medium:0;--awb-spacing-right-medium:1.92%;--awb-spacing-left-medium:1.92%;--awb-width-small:100%;--awb-order-small:0;--awb-spacing-right-small:1.92%;--awb-spacing-left-small:1.92%;\"><div class=\"fusion-column-wrapper fusion-column-has-shadow fusion-flex-justify-content-flex-start fusion-content-layout-column\"><div class=\"fusion-builder-row fusion-builder-row-inner fusion-row fusion-flex-align-items-flex-start fusion-flex-justify-content-space-between fusion-flex-content-wrap\" style=\"--awb-flex-grow:0;--awb-flex-grow-medium:0;--awb-flex-grow-small:0;--awb-flex-shrink:0;--awb-flex-shrink-medium:0;--awb-flex-shrink-small:0;width:104% !important;max-width:104% !important;margin-left: calc(-4% \/ 2 );margin-right: calc(-4% \/ 2 );\"><div class=\"fusion-layout-column fusion_builder_column_inner fusion-builder-nested-column-0 fusion_builder_column_inner_1_1 1_1 fusion-flex-column vct_column_right\" style=\"--awb-bg-size:cover;--awb-width-large:100%;--awb-margin-top-large:0px;--awb-spacing-right-large:1.92%;--awb-margin-bottom-large:20px;--awb-spacing-left-large:1.92%;--awb-width-medium:100%;--awb-order-medium:0;--awb-spacing-right-medium:1.92%;--awb-spacing-left-medium:1.92%;--awb-width-small:100%;--awb-order-small:0;--awb-spacing-right-small:1.92%;--awb-spacing-left-small:1.92%;\"><div class=\"fusion-column-wrapper fusion-column-has-shadow fusion-flex-justify-content-flex-start fusion-content-layout-column\"><div class=\"fusion-title title fusion-title-3 fusion-sep-none fusion-title-text fusion-title-size-three vct_icon_title_left_blue\" style=\"--awb-text-color:#ffffff;--awb-margin-bottom:0px;--awb-margin-top-small:0px;--awb-margin-right-small:0px;--awb-margin-bottom-small:0px;--awb-margin-left-small:0px;--awb-font-size:1.125rem;\"><h3 class=\"fusion-title-heading title-heading-left\" style=\"margin:0;font-size:1em;\">R\u00e9glementation<\/h3><\/div><div class=\"fusion-text fusion-text-1\"><p>\u2022 <a href=\"http:\/\/lexpol.cloud.pf\/LexpolAfficheTexte.php?texte=215921&amp;idr=1402&amp;np=2\">Arr\u00eat\u00e9 n\u00b0 1946 CM du 26 d\u00e9cembre 2008<\/a><\/p>\n<\/div><\/div><\/div><div class=\"fusion-layout-column fusion_builder_column_inner fusion-builder-nested-column-1 fusion_builder_column_inner_1_1 1_1 fusion-flex-column vct_column_right\" style=\"--awb-bg-size:cover;--awb-width-large:100%;--awb-margin-top-large:0px;--awb-spacing-right-large:1.92%;--awb-margin-bottom-large:20px;--awb-spacing-left-large:1.92%;--awb-width-medium:100%;--awb-order-medium:0;--awb-spacing-right-medium:1.92%;--awb-spacing-left-medium:1.92%;--awb-width-small:100%;--awb-order-small:0;--awb-spacing-right-small:1.92%;--awb-spacing-left-small:1.92%;\"><div class=\"fusion-column-wrapper fusion-column-has-shadow fusion-flex-justify-content-flex-start fusion-content-layout-column\"><div class=\"fusion-title title fusion-title-4 fusion-sep-none fusion-title-text fusion-title-size-three vct_icon_title_left_blue\" style=\"--awb-text-color:#ffffff;--awb-margin-bottom:0px;--awb-margin-top-small:0px;--awb-margin-right-small:0px;--awb-margin-bottom-small:0px;--awb-margin-left-small:0px;--awb-font-size:1.125rem;\"><h3 class=\"fusion-title-heading title-heading-left\" style=\"margin:0;font-size:1em;\">Nous contacter<\/h3><\/div><div class=\"fusion-text fusion-text-2\"><p>Service: Cellule phytosanitaire<br \/>\nE-mail : phyto.dbs@biosecurite.gov.pf<br \/>\nT\u00e9l\u00e9phone: + (689) 40 544 586<\/p>\n<\/div><\/div><\/div><\/div><\/div><\/div><\/div><\/div><\/p>\n","protected":false},"excerpt":{"rendered":"","protected":false},"author":240,"featured_media":20909,"parent":21111,"menu_order":0,"comment_status":"closed","ping_status":"closed","template":"","meta":{"_seopress_robots_primary_cat":"","_seopress_titles_title":"","_seopress_titles_desc":"","_seopress_robots_index":"","footnotes":""},"class_list":["post-21115","page","type-page","status-publish","has-post-thumbnail","hentry"],"_links":{"self":[{"href":"https:\/\/www.service-public.pf\/biosecurite\/wp-json\/wp\/v2\/pages\/21115","targetHints":{"allow":["GET"]}}],"collection":[{"href":"https:\/\/www.service-public.pf\/biosecurite\/wp-json\/wp\/v2\/pages"}],"about":[{"href":"https:\/\/www.service-public.pf\/biosecurite\/wp-json\/wp\/v2\/types\/page"}],"author":[{"embeddable":true,"href":"https:\/\/www.service-public.pf\/biosecurite\/wp-json\/wp\/v2\/users\/240"}],"replies":[{"embeddable":true,"href":"https:\/\/www.service-public.pf\/biosecurite\/wp-json\/wp\/v2\/comments?post=21115"}],"version-history":[{"count":0,"href":"https:\/\/www.service-public.pf\/biosecurite\/wp-json\/wp\/v2\/pages\/21115\/revisions"}],"up":[{"embeddable":true,"href":"https:\/\/www.service-public.pf\/biosecurite\/wp-json\/wp\/v2\/pages\/21111"}],"wp:featuredmedia":[{"embeddable":true,"href":"https:\/\/www.service-public.pf\/biosecurite\/wp-json\/wp\/v2\/media\/20909"}],"wp:attachment":[{"href":"https:\/\/www.service-public.pf\/biosecurite\/wp-json\/wp\/v2\/media?parent=21115"}],"curies":[{"name":"wp","href":"https:\/\/api.w.org\/{rel}","templated":true}]}}