{"id":25601,"date":"2023-11-24T15:08:22","date_gmt":"2023-11-25T01:08:22","guid":{"rendered":"https:\/\/www.service-public.pf\/biosecurite\/?page_id=25601"},"modified":"2024-05-16T08:31:56","modified_gmt":"2024-05-16T18:31:56","slug":"importation-engrais-amendements-particuliers","status":"publish","type":"page","link":"https:\/\/www.service-public.pf\/biosecurite\/accueil\/particuliers\/apporter-ou-faire-venir-en-pf-particulier\/conditions-dimportation\/importation-engrais-amendements-particuliers\/","title":{"rendered":"Envoyer des engrais amendements"},"content":{"rendered":"<p><div class=\"fusion-fullwidth fullwidth-box fusion-builder-row-1 fusion-flex-container has-pattern-background has-mask-background fusion-parallax-none nonhundred-percent-fullwidth non-hundred-percent-height-scrolling vct_border_bottom_separator\" style=\"--awb-border-radius-top-left:0px;--awb-border-radius-top-right:0px;--awb-border-radius-bottom-right:0px;--awb-border-radius-bottom-left:0px;--awb-background-image:linear-gradient(180deg, rgba(0,0,0,0) 0%,rgba(0,0,0,0.8) 100%),url(https:\/\/www.service-public.pf\/biosecurite\/wp-content\/uploads\/sites\/43\/2023\/11\/gros-plan-photo-main-tenant-plantation-du-jeune-arbre-plante-scaled.jpg);;--awb-background-size:cover;--awb-flex-wrap:wrap;\" ><div class=\"fusion-builder-row fusion-row fusion-flex-align-items-flex-start fusion-flex-content-wrap\" style=\"max-width:1144px;margin-left: calc(-4% \/ 2 );margin-right: calc(-4% \/ 2 );\"><div class=\"fusion-layout-column fusion_builder_column fusion-builder-column-0 fusion_builder_column_1_1 1_1 fusion-flex-column\" style=\"--awb-padding-top:6vw;--awb-padding-right:5vw;--awb-padding-bottom:3vw;--awb-padding-left:5vw;--awb-bg-size:cover;--awb-width-large:100%;--awb-margin-top-large:0px;--awb-spacing-right-large:1.92%;--awb-margin-bottom-large:0px;--awb-spacing-left-large:1.92%;--awb-width-medium:100%;--awb-order-medium:0;--awb-spacing-right-medium:1.92%;--awb-spacing-left-medium:1.92%;--awb-width-small:100%;--awb-order-small:0;--awb-spacing-right-small:1.92%;--awb-spacing-left-small:1.92%;\"><div class=\"fusion-column-wrapper fusion-column-has-shadow fusion-flex-justify-content-flex-start fusion-content-layout-column\"><div class=\"fusion-title title fusion-title-1 fusion-sep-none fusion-title-text fusion-title-size-one\" style=\"--awb-text-color:#ffffff;--awb-margin-top-small:0px;--awb-margin-right-small:0px;--awb-margin-bottom-small:20px;--awb-margin-left-small:0px;--awb-font-size:3rem;\"><h1 class=\"fusion-title-heading title-heading-left\" style=\"margin:0;font-size:1em;\">Particuliers<\/h1><\/div><\/div><\/div><\/div><\/div><div class=\"fusion-fullwidth fullwidth-box fusion-builder-row-2 fusion-flex-container has-pattern-background has-mask-background nonhundred-percent-fullwidth non-hundred-percent-height-scrolling\" style=\"--awb-border-radius-top-left:0px;--awb-border-radius-top-right:0px;--awb-border-radius-bottom-right:0px;--awb-border-radius-bottom-left:0px;--awb-padding-right:5vw;--awb-padding-left:5vw;--awb-flex-wrap:wrap;\" ><div class=\"fusion-builder-row fusion-row fusion-flex-align-items-flex-start fusion-flex-justify-content-space-between fusion-flex-content-wrap\" style=\"max-width:1144px;margin-left: calc(-4% \/ 2 );margin-right: calc(-4% \/ 2 );\"><div class=\"fusion-layout-column fusion_builder_column fusion-builder-column-1 fusion_builder_column_1_1 1_1 fusion-flex-column\" style=\"--awb-bg-color:#ffffff;--awb-bg-color-hover:#ffffff;--awb-bg-size:cover;--awb-width-large:100%;--awb-margin-top-large:30px;--awb-spacing-right-large:1.92%;--awb-margin-bottom-large:30px;--awb-spacing-left-large:1.92%;--awb-width-medium:100%;--awb-order-medium:0;--awb-spacing-right-medium:1.92%;--awb-spacing-left-medium:1.92%;--awb-width-small:100%;--awb-order-small:0;--awb-spacing-right-small:1.92%;--awb-spacing-left-small:1.92%;\"><div class=\"fusion-column-wrapper fusion-column-has-shadow fusion-flex-justify-content-flex-start fusion-content-layout-column\"><nav class=\"fusion-breadcrumbs fusion-breadcrumbs-1\" style=\"--awb-font-size:16px;--awb-text-hover-color:#e51427;--awb-text-color:#12284d;--awb-breadcrumb-sep:&#039;&gt;&#039;;\" aria-label=\"Breadcrumb\"><ol class=\"awb-breadcrumb-list\"><li class=\"fusion-breadcrumb-item awb-breadcrumb-sep awb-home\" ><a href=\"https:\/\/www.service-public.pf\/biosecurite\" class=\"fusion-breadcrumb-link\"><span >Home<\/span><\/a><\/li><\/ol><\/nav><\/div><\/div><div class=\"fusion-layout-column fusion_builder_column fusion-builder-column-2 fusion_builder_column_3_4 3_4 fusion-flex-column\" style=\"--awb-bg-size:cover;--awb-width-large:75%;--awb-margin-top-large:0px;--awb-spacing-right-large:2.56%;--awb-margin-bottom-large:20px;--awb-spacing-left-large:2.56%;--awb-width-medium:100%;--awb-order-medium:0;--awb-spacing-right-medium:1.92%;--awb-spacing-left-medium:1.92%;--awb-width-small:100%;--awb-order-small:0;--awb-spacing-right-small:1.92%;--awb-spacing-left-small:1.92%;\"><div class=\"fusion-column-wrapper fusion-column-has-shadow fusion-flex-justify-content-center fusion-content-layout-column\"><div class=\"fusion-title title fusion-title-2 fusion-sep-none fusion-title-text fusion-title-size-two\" style=\"--awb-margin-bottom:15px;--awb-margin-top-small:0px;--awb-margin-right-small:0px;--awb-margin-bottom-small:20px;--awb-margin-left-small:0px;--awb-font-size:35px;\"><h2 class=\"fusion-title-heading title-heading-left\" style=\"margin:0;font-size:1em;\"><p><strong>Comment envoyer des engrais et amendements en Polyn\u00e9sie fran\u00e7aise ?<br \/>\n<\/strong><\/p><\/h2><\/div><div class=\"fusion-separator\" style=\"align-self: flex-start;margin-right:auto;margin-bottom:3rem;width:100%;max-width:20%;\"><div class=\"fusion-separator-border sep-single sep-solid\" style=\"--awb-height:20px;--awb-amount:20px;--awb-sep-color:#e51427;border-color:#e51427;border-top-width:8px;\"><\/div><\/div><div class=\"accordian fusion-accordian vct_toggle\" style=\"--awb-border-size:1px;--awb-icon-size:13px;--awb-content-font-size:15px;--awb-icon-alignment:right;--awb-hover-color:#f9f9f9;--awb-border-color:#cccccc;--awb-background-color:#ffffff;--awb-divider-color:#e0dede;--awb-divider-hover-color:#e0dede;--awb-icon-color:#ffffff;--awb-title-color:#ffffff;--awb-content-color:#000000;--awb-icon-box-color:#333333;--awb-toggle-hover-accent-color:rgba(255,255,255,0);--awb-toggle-active-accent-color:rgba(255,255,255,0);--awb-title-font-family:&quot;Roboto&quot;;--awb-title-font-weight:400;--awb-title-font-style:normal;--awb-title-font-size:1.125rem;--awb-content-font-family:&quot;Roboto&quot;;--awb-content-font-style:normal;--awb-content-font-weight:400;\"><div class=\"panel-group fusion-toggle-icon-right fusion-toggle-icon-boxed\" id=\"accordion-25601-1\"><div class=\"fusion-panel panel-default panel-400dd30eb1b4b4fbb fusion-toggle-has-divider\" style=\"--awb-title-color:#ffffff;--awb-content-color:#333333;\"><div class=\"panel-heading\"><h3 class=\"panel-title toggle\" id=\"toggle_400dd30eb1b4b4fbb\"><a class=\"active\" aria-expanded=\"true\" aria-controls=\"400dd30eb1b4b4fbb\" role=\"button\" data-toggle=\"collapse\" data-parent=\"#accordion-25601-1\" data-target=\"#400dd30eb1b4b4fbb\" href=\"#400dd30eb1b4b4fbb\"><span class=\"fusion-toggle-icon-wrapper\" aria-hidden=\"true\"><i class=\"fa-fusion-box active-icon awb-icon-minus\" aria-hidden=\"true\"><\/i><i class=\"fa-fusion-box inactive-icon awb-icon-plus\" aria-hidden=\"true\"><\/i><\/span><span class=\"fusion-toggle-heading\">Ce qu\u2019il faut savoir<\/span><\/a><\/h3><\/div><div id=\"400dd30eb1b4b4fbb\" class=\"panel-collapse collapse in\" aria-labelledby=\"toggle_400dd30eb1b4b4fbb\"><div class=\"panel-body toggle-content fusion-clearfix\">\n<p>Les engrais organiques et amendements d\u2019origine animale peuvent v\u00e9hiculer des agents infectieux responsables de maladies chez les animaux. La Polyn\u00e9sie fran\u00e7aise est indemne de graves maladies pr\u00e9sentes dans le monde, telles que la fi\u00e8vre aphteuse, l\u2019anthrax et diverses pestes. Les maladies sont quasi impossibles \u00e0 \u00e9radiquer une fois qu&rsquo;elles sont pr\u00e9sentes dans un nouveau territoire. Si de nouvelles maladies arrivaient sur notre territoire, il est peu probable que le Pays soit en mesure d&#8217;emp\u00eacher leur diffusion \u00e0 long terme, ce qui serait n\u00e9faste pour les \u00e9leveurs et l\u2019environnement du Fenua.<br \/>\n<strong><br \/>\nQuantit\u00e9, poids et documents sanitaires<br \/>\n<\/strong>Les articles susceptibles de pr\u00e9senter un risque sanitaire doivent \u00eatre accompagn\u00e9s d&rsquo;un document attestant qu&rsquo;ils respectent les exigences fix\u00e9es par la r\u00e9glementation. Selon le cas, il vous faudra un certificat sanitaire ou une attestation de traitement du fabriquant.<\/p>\n<p><strong>Mes articles sont soigneusement emball\u00e9s<\/strong><br \/>\nVos articles doivent \u00eatre pr\u00e9sent\u00e9s dans leur emballage commercial d&rsquo;origine sans qu&rsquo;il n&rsquo;ait \u00e9t\u00e9 ouvert. Cet emballage doit obligatoirement pr\u00e9senter une \u00e9tiquette mentionnant :<br \/>\n&#8211; la composition exacte (liste des ingr\u00e9dients et pourcentage, esp\u00e8ces animales)\u00a0;<br \/>\n&#8211; le num\u00e9ro d\u2019enregistrement de l\u2019emballeur.<\/p>\n<p><strong>Engrais et amendements d\u2019animaux terrestres :<\/strong><br \/>\n&#8211; Certificat v\u00e9t\u00e9rinaire obligatoire<br \/>\n&#8211; Si ingr\u00e9dients d\u2019origine bovine\u00a0: il y a des prohibitions selon le pays d\u2019origine<strong><br \/>\nEngrais et amendements d\u2019animaux aquatiques\u00a0:<br \/>\n<\/strong>&#8211; huiles de poisson et de crustac\u00e9\u00a0: importation autoris\u00e9e sans document<strong><br \/>\n&#8211; <\/strong>farines de poissons et de crustac\u00e9s\u00a0: attestation du fabricant, traitement thermique \u2265 100 \u00b0C pendant 2 minutes<br \/>\n&#8211; mollusques\u00a0: certificat v\u00e9t\u00e9rinaire obligatoire<br \/>\n<strong>Engrais et amendements contenant des animaux vivants, fientes, crottin de cheval et autres d\u00e9jections :<\/strong> prohib\u00e9 \u00e0 l\u2019importation<\/p>\n<p>En cas de refoulement\u00a0: Vous avez la possibilit\u00e9 de faire r\u00e9exp\u00e9dier vos articles ou de les faire incin\u00e9rer \u00e0 vos frais.<strong><br \/>\nEn cas d\u2019importation illicite\u00a0:<\/strong> Vous encourez une peine de 6 mois d\u2019emprisonnement et 3 570 000 F d\u2019amende.<\/p>\n<p><strong>Cas des engrais contenant des produits d&rsquo;origine v\u00e9g\u00e9tale :<br \/>\n&#8211; <\/strong>Engrais peu transform\u00e9s : un permis d&rsquo;importation est exig\u00e9, ainsi qu&rsquo;un certificat phytosanitaire<br \/>\n&#8211; Engrais liquides ou en granul\u00e9s : Aucun document phytosanitaire n&rsquo;est n\u00e9cessaire<\/p>\n<p><strong>Cas des engrais ne contenant que des mati\u00e8res min\u00e9rales (K,P,K&#8230;) :<br \/>\n&#8211; <\/strong>aucun document phytosanitaire n&rsquo;est n\u00e9cessaire.<\/p>\n<\/div><\/div><\/div><div class=\"fusion-panel panel-default panel-e7490cf963d6b6253 fusion-toggle-has-divider\" style=\"--awb-title-color:#ffffff;--awb-content-color:#333333;\"><div class=\"panel-heading\"><h3 class=\"panel-title toggle\" id=\"toggle_e7490cf963d6b6253\"><a class=\"active\" aria-expanded=\"true\" aria-controls=\"e7490cf963d6b6253\" role=\"button\" data-toggle=\"collapse\" data-parent=\"#accordion-25601-1\" data-target=\"#e7490cf963d6b6253\" href=\"#e7490cf963d6b6253\"><span class=\"fusion-toggle-icon-wrapper\" aria-hidden=\"true\"><i class=\"fa-fusion-box active-icon awb-icon-minus\" aria-hidden=\"true\"><\/i><i class=\"fa-fusion-box inactive-icon awb-icon-plus\" aria-hidden=\"true\"><\/i><\/span><span class=\"fusion-toggle-heading\">Ce qu\u2019il faut faire<\/span><\/a><\/h3><\/div><div id=\"e7490cf963d6b6253\" class=\"panel-collapse collapse in\" aria-labelledby=\"toggle_e7490cf963d6b6253\"><div class=\"panel-body toggle-content fusion-clearfix\">\n<p><strong>Avant importation\u00a0: <\/strong>Veuillez vous renseigner \u00e0 l\u2019avance sur les prohibitions avant de rapporter des engrais et amendements en PF ou vous en faire exp\u00e9dier.<br \/>\n<strong>A votre arriv\u00e9e en PF<\/strong>\u00a0: Veuillez les pr\u00e9senter \u00e0 la direction des douanes puis aux contr\u00f4leurs de bios\u00e9curit\u00e9.<\/p>\n<\/div><\/div><\/div><\/div><\/div><div class=\"accordian fusion-accordian vct_toggle\" style=\"--awb-border-size:1px;--awb-icon-size:13px;--awb-content-font-size:15px;--awb-icon-alignment:right;--awb-hover-color:#f9f9f9;--awb-border-color:#cccccc;--awb-background-color:#ffffff;--awb-divider-color:#e0dede;--awb-divider-hover-color:#e0dede;--awb-icon-color:#ffffff;--awb-title-color:#ffffff;--awb-content-color:#000000;--awb-icon-box-color:#333333;--awb-toggle-hover-accent-color:rgba(255,255,255,0);--awb-toggle-active-accent-color:rgba(255,255,255,0);--awb-title-font-family:&quot;Roboto&quot;;--awb-title-font-weight:400;--awb-title-font-style:normal;--awb-title-font-size:1.125rem;--awb-content-font-family:&quot;Roboto&quot;;--awb-content-font-style:normal;--awb-content-font-weight:400;\"><div class=\"panel-group fusion-toggle-icon-right fusion-toggle-icon-boxed\" id=\"accordion-25601-2\"><div class=\"fusion-panel panel-default panel-5ac520840822ab1d7 fusion-toggle-has-divider\" style=\"--awb-title-color:#ffffff;--awb-content-color:#333333;\"><div class=\"panel-heading\"><h3 class=\"panel-title toggle\" id=\"toggle_5ac520840822ab1d7\"><a class=\"active\" aria-expanded=\"true\" aria-controls=\"5ac520840822ab1d7\" role=\"button\" data-toggle=\"collapse\" data-parent=\"#accordion-25601-2\" data-target=\"#5ac520840822ab1d7\" href=\"#5ac520840822ab1d7\"><span class=\"fusion-toggle-icon-wrapper\" aria-hidden=\"true\"><i class=\"fa-fusion-box active-icon awb-icon-minus\" aria-hidden=\"true\"><\/i><i class=\"fa-fusion-box inactive-icon awb-icon-plus\" aria-hidden=\"true\"><\/i><\/span><span class=\"fusion-toggle-heading\">Nous contacter<\/span><\/a><\/h3><\/div><div id=\"5ac520840822ab1d7\" class=\"panel-collapse collapse in\" aria-labelledby=\"toggle_5ac520840822ab1d7\"><div class=\"panel-body toggle-content fusion-clearfix\">\n<h1 class=\"title-heading-center fusion-responsive-typography-calculated\" data-fontsize=\"40\" data-lineheight=\"60px\">\u00a0Vous avez une question ?<\/h1>\n<div id=\"gform_17\"><a class=\"fusion-button button-flat fusion-button-default-size button-custom button-1 fusion-button-default-span fusion-button-default-type gform_button\" target=\"_self\" rel=\"noopener\"><span class=\"fusion-button-text\">Parcourir la F.A.Q<\/span><\/a><\/div>\n<h1 class=\"title-heading-center fusion-responsive-typography-calculated\" data-fontsize=\"40\" data-lineheight=\"60px\">\u00a0Envoyer un formulaire<\/h1>\n<\/div><\/div><\/div><\/div><\/div><\/div><\/div><div class=\"fusion-layout-column fusion_builder_column fusion-builder-column-3 fusion_builder_column_1_4 1_4 fusion-flex-column\" style=\"--awb-bg-size:cover;--awb-width-large:25%;--awb-margin-top-large:0px;--awb-spacing-right-large:7.68%;--awb-margin-bottom-large:20px;--awb-spacing-left-large:7.68%;--awb-width-medium:100%;--awb-order-medium:0;--awb-spacing-right-medium:1.92%;--awb-spacing-left-medium:1.92%;--awb-width-small:100%;--awb-order-small:0;--awb-spacing-right-small:1.92%;--awb-spacing-left-small:1.92%;\"><div class=\"fusion-column-wrapper fusion-column-has-shadow fusion-flex-justify-content-flex-start fusion-content-layout-column\"><div class=\"fusion-builder-row fusion-builder-row-inner fusion-row fusion-flex-align-items-flex-start fusion-flex-justify-content-space-between fusion-flex-content-wrap\" style=\"--awb-flex-grow:0;--awb-flex-grow-medium:0;--awb-flex-grow-small:0;--awb-flex-shrink:0;--awb-flex-shrink-medium:0;--awb-flex-shrink-small:0;width:104% !important;max-width:104% !important;margin-left: calc(-4% \/ 2 );margin-right: calc(-4% \/ 2 );\"><div class=\"fusion-layout-column fusion_builder_column_inner fusion-builder-nested-column-0 fusion_builder_column_inner_1_1 1_1 fusion-flex-column vct_column_right\" style=\"--awb-bg-size:cover;--awb-width-large:100%;--awb-margin-top-large:0px;--awb-spacing-right-large:1.92%;--awb-margin-bottom-large:20px;--awb-spacing-left-large:1.92%;--awb-width-medium:100%;--awb-order-medium:0;--awb-spacing-right-medium:1.92%;--awb-spacing-left-medium:1.92%;--awb-width-small:100%;--awb-order-small:0;--awb-spacing-right-small:1.92%;--awb-spacing-left-small:1.92%;\"><div class=\"fusion-column-wrapper fusion-column-has-shadow fusion-flex-justify-content-flex-start fusion-content-layout-column\"><div class=\"fusion-title title fusion-title-3 fusion-sep-none fusion-title-text fusion-title-size-three vct_icon_title_left_blue\" style=\"--awb-text-color:#ffffff;--awb-margin-bottom:0px;--awb-margin-top-small:0px;--awb-margin-right-small:0px;--awb-margin-bottom-small:0px;--awb-margin-left-small:0px;--awb-font-size:1.125rem;\"><h3 class=\"fusion-title-heading title-heading-left\" style=\"margin:0;font-size:1em;\">Formulaire \u00e0 remplir<\/h3><\/div><div class=\"fusion-text fusion-text-1\"><p>\u2022 <a href=\"#\">Projet de laissez-passer<\/a><\/p>\n<\/div><\/div><\/div><div class=\"fusion-layout-column fusion_builder_column_inner fusion-builder-nested-column-1 fusion_builder_column_inner_1_1 1_1 fusion-flex-column vct_column_right\" style=\"--awb-bg-size:cover;--awb-width-large:100%;--awb-margin-top-large:0px;--awb-spacing-right-large:1.92%;--awb-margin-bottom-large:20px;--awb-spacing-left-large:1.92%;--awb-width-medium:100%;--awb-order-medium:0;--awb-spacing-right-medium:1.92%;--awb-spacing-left-medium:1.92%;--awb-width-small:100%;--awb-order-small:0;--awb-spacing-right-small:1.92%;--awb-spacing-left-small:1.92%;\"><div class=\"fusion-column-wrapper fusion-column-has-shadow fusion-flex-justify-content-flex-start fusion-content-layout-column\"><div class=\"fusion-title title fusion-title-4 fusion-sep-none fusion-title-text fusion-title-size-three vct_icon_title_left_blue\" style=\"--awb-text-color:#ffffff;--awb-margin-bottom:0px;--awb-margin-top-small:0px;--awb-margin-right-small:0px;--awb-margin-bottom-small:0px;--awb-margin-left-small:0px;--awb-font-size:1.125rem;\"><h3 class=\"fusion-title-heading title-heading-left\" style=\"margin:0;font-size:1em;\">R\u00e9glementation<\/h3><\/div><div class=\"fusion-text fusion-text-2\"><p>\u2022 <a href=\"https:\/\/lexpol.cloud.pf\/LexpolAfficheTexte.php?texte=396989&amp;idr=956&amp;np=1\">Loi du Pays n\u00b0 2013-12 du 6 mai 2013<\/a><br \/>\n\u2022 <a href=\"https:\/\/lexpol.cloud.pf\/LexpolAfficheTexte.php?texte=455661&amp;idr=962&amp;np=1\">Arr\u00eat\u00e9 n\u00b0 979 CM du 24 juillet 2015 modifi\u00e9<\/a><\/p>\n<\/div><\/div><\/div><div class=\"fusion-layout-column fusion_builder_column_inner fusion-builder-nested-column-2 fusion_builder_column_inner_1_1 1_1 fusion-flex-column vct_column_right\" style=\"--awb-bg-size:cover;--awb-width-large:100%;--awb-margin-top-large:0px;--awb-spacing-right-large:1.92%;--awb-margin-bottom-large:20px;--awb-spacing-left-large:1.92%;--awb-width-medium:100%;--awb-order-medium:0;--awb-spacing-right-medium:1.92%;--awb-spacing-left-medium:1.92%;--awb-width-small:100%;--awb-order-small:0;--awb-spacing-right-small:1.92%;--awb-spacing-left-small:1.92%;\"><div class=\"fusion-column-wrapper fusion-column-has-shadow fusion-flex-justify-content-flex-start fusion-content-layout-column\"><div class=\"fusion-title title fusion-title-5 fusion-sep-none fusion-title-text fusion-title-size-three vct_icon_title_left_blue\" style=\"--awb-text-color:#ffffff;--awb-margin-bottom:0px;--awb-margin-top-small:0px;--awb-margin-right-small:0px;--awb-margin-bottom-small:0px;--awb-margin-left-small:0px;--awb-font-size:1.125rem;\"><h3 class=\"fusion-title-heading title-heading-left\" style=\"margin:0;font-size:1em;\">Notes aux importateurs<\/h3><\/div><div class=\"fusion-text fusion-text-3\"><p>\u2022 <a href=\"https:\/\/www.service-public.pf\/biosecurite\/import\/denrees-alimentaires\/importation-produits-dorigine-animale-viande-lait-miel-poisson\/\">Notes alertes sanitaires<\/a><br \/>\n\u2022 <a href=\"#\">Notes certificats et autres documents<\/a><\/p>\n<\/div><\/div><\/div><div class=\"fusion-layout-column fusion_builder_column_inner fusion-builder-nested-column-3 fusion_builder_column_inner_1_1 1_1 fusion-flex-column vct_column_right\" style=\"--awb-bg-size:cover;--awb-width-large:100%;--awb-margin-top-large:0px;--awb-spacing-right-large:1.92%;--awb-margin-bottom-large:20px;--awb-spacing-left-large:1.92%;--awb-width-medium:100%;--awb-order-medium:0;--awb-spacing-right-medium:1.92%;--awb-spacing-left-medium:1.92%;--awb-width-small:100%;--awb-order-small:0;--awb-spacing-right-small:1.92%;--awb-spacing-left-small:1.92%;\"><div class=\"fusion-column-wrapper fusion-column-has-shadow fusion-flex-justify-content-flex-start fusion-content-layout-column\"><div class=\"fusion-title title fusion-title-6 fusion-sep-none fusion-title-text fusion-title-size-three vct_icon_title_left_blue\" style=\"--awb-text-color:#ffffff;--awb-margin-bottom:0px;--awb-margin-top-small:0px;--awb-margin-right-small:0px;--awb-margin-bottom-small:0px;--awb-margin-left-small:0px;--awb-font-size:1.125rem;\"><h3 class=\"fusion-title-heading title-heading-left\" style=\"margin:0;font-size:1em;\">Tarifs<\/h3><\/div><div class=\"fusion-text fusion-text-4\"><p><strong>Gratuit<\/strong> pour les passagers des navires et a\u00e9ronefs pr\u00e9sentant spontan\u00e9ment des produits conformes.<br \/>\n<strong>Laissez-passer<\/strong>\u00a0pour colis postal : 500 F<br \/>\n<strong>PV refoulement<\/strong>\u00a0: 2000 F<br \/>\n<strong>Incin\u00e9ration<\/strong>\u00a0: selon le poids<br \/>\n<strong>PV constat de destruction<\/strong>\u00a0: 2000 F<\/p>\n<\/div><\/div><\/div><div class=\"fusion-layout-column fusion_builder_column_inner fusion-builder-nested-column-4 fusion_builder_column_inner_1_1 1_1 fusion-flex-column vct_column_right\" style=\"--awb-bg-size:cover;--awb-width-large:100%;--awb-margin-top-large:0px;--awb-spacing-right-large:1.92%;--awb-margin-bottom-large:20px;--awb-spacing-left-large:1.92%;--awb-width-medium:100%;--awb-order-medium:0;--awb-spacing-right-medium:1.92%;--awb-spacing-left-medium:1.92%;--awb-width-small:100%;--awb-order-small:0;--awb-spacing-right-small:1.92%;--awb-spacing-left-small:1.92%;\"><div class=\"fusion-column-wrapper fusion-column-has-shadow fusion-flex-justify-content-flex-start fusion-content-layout-column\"><div class=\"fusion-title title fusion-title-7 fusion-sep-none fusion-title-text fusion-title-size-three vct_icon_title_left_blue\" style=\"--awb-text-color:#ffffff;--awb-margin-bottom:0px;--awb-margin-top-small:0px;--awb-margin-right-small:0px;--awb-margin-bottom-small:0px;--awb-margin-left-small:0px;--awb-font-size:1.125rem;\"><h3 class=\"fusion-title-heading title-heading-left\" style=\"margin:0;font-size:1em;\">Nous contacter<\/h3><\/div><div class=\"fusion-text fusion-text-5\"><p>Cellule zoosanitaire &#8211; P\u00f4le import POA<br \/>\nEmail\u00a0: zoo.dbs@biosecurite.gov.pf<br \/>\nT\u00e9l\u00e9phone : 00 (689) 40 540 100<\/p>\n<p>En cas de n\u00e9cessit\u00e9:<br \/>\nCellule phytosanitaire<br \/>\nEmail : phyto.dbs@biosecurite.gov.pf<br \/>\nT\u00e9l\u00e9phone : 00 (689) 40 544 585<\/p>\n<\/div><\/div><\/div><\/div><\/div><\/div><\/div><\/div><\/p>\n","protected":false},"excerpt":{"rendered":"","protected":false},"author":307,"featured_media":26186,"parent":28203,"menu_order":0,"comment_status":"closed","ping_status":"closed","template":"","meta":{"_seopress_robots_primary_cat":"","_seopress_titles_title":"","_seopress_titles_desc":"","_seopress_robots_index":"","footnotes":""},"class_list":["post-25601","page","type-page","status-publish","has-post-thumbnail","hentry"],"_links":{"self":[{"href":"https:\/\/www.service-public.pf\/biosecurite\/wp-json\/wp\/v2\/pages\/25601","targetHints":{"allow":["GET"]}}],"collection":[{"href":"https:\/\/www.service-public.pf\/biosecurite\/wp-json\/wp\/v2\/pages"}],"about":[{"href":"https:\/\/www.service-public.pf\/biosecurite\/wp-json\/wp\/v2\/types\/page"}],"author":[{"embeddable":true,"href":"https:\/\/www.service-public.pf\/biosecurite\/wp-json\/wp\/v2\/users\/307"}],"replies":[{"embeddable":true,"href":"https:\/\/www.service-public.pf\/biosecurite\/wp-json\/wp\/v2\/comments?post=25601"}],"version-history":[{"count":0,"href":"https:\/\/www.service-public.pf\/biosecurite\/wp-json\/wp\/v2\/pages\/25601\/revisions"}],"up":[{"embeddable":true,"href":"https:\/\/www.service-public.pf\/biosecurite\/wp-json\/wp\/v2\/pages\/28203"}],"wp:featuredmedia":[{"embeddable":true,"href":"https:\/\/www.service-public.pf\/biosecurite\/wp-json\/wp\/v2\/media\/26186"}],"wp:attachment":[{"href":"https:\/\/www.service-public.pf\/biosecurite\/wp-json\/wp\/v2\/media?parent=25601"}],"curies":[{"name":"wp","href":"https:\/\/api.w.org\/{rel}","templated":true}]}}