{"id":13667,"date":"2020-12-30T15:05:45","date_gmt":"2020-12-31T01:05:45","guid":{"rendered":"https:\/\/www.service-public.pf\/sau\/?page_id=13667"},"modified":"2024-11-14T13:43:02","modified_gmt":"2024-11-14T23:43:02","slug":"plan-de-preventions-des-risques-naturels","status":"publish","type":"page","link":"https:\/\/www.service-public.pf\/dca\/plan-de-preventions-des-risques-naturels\/","title":{"rendered":"Plan de Pr\u00e9ventions des Risques naturels"},"content":{"rendered":"<p><div class=\"fusion-fullwidth fullwidth-box fusion-builder-row-1 fusion-flex-container has-pattern-background has-mask-background nonhundred-percent-fullwidth non-hundred-percent-height-scrolling\" style=\"--awb-border-radius-top-left:0px;--awb-border-radius-top-right:0px;--awb-border-radius-bottom-right:0px;--awb-border-radius-bottom-left:0px;--awb-background-image:linear-gradient(180deg, rgba(255,255,255,0) 0%,rgba(0,0,0,0.01) 100%);--awb-flex-wrap:wrap;\" ><div class=\"fusion-builder-row fusion-row fusion-flex-align-items-flex-start fusion-flex-content-wrap\" style=\"max-width:104%;margin-left: calc(-4% \/ 2 );margin-right: calc(-4% \/ 2 );\"><div class=\"fusion-layout-column fusion_builder_column fusion-builder-column-0 fusion_builder_column_1_1 1_1 fusion-flex-column\" style=\"--awb-bg-size:cover;--awb-width-large:100%;--awb-margin-top-large:0px;--awb-spacing-right-large:1.92%;--awb-margin-bottom-large:20px;--awb-spacing-left-large:1.92%;--awb-width-medium:100%;--awb-order-medium:0;--awb-spacing-right-medium:1.92%;--awb-spacing-left-medium:1.92%;--awb-width-small:100%;--awb-order-small:0;--awb-spacing-right-small:1.92%;--awb-spacing-left-small:1.92%;\"><div class=\"fusion-column-wrapper fusion-column-has-shadow fusion-flex-justify-content-flex-start fusion-content-layout-column\"><div class=\"fusion-text fusion-text-1\"><h1 style=\"text-align: center\"><span style=\"color: #005c7e\"><strong>PPR : Le Plan de Pr\u00e9vention des Risques naturels<\/strong><\/span><\/h1>\n<\/div><\/div><\/div><\/div><\/div><div class=\"fusion-fullwidth fullwidth-box fusion-builder-row-2 fusion-flex-container has-pattern-background has-mask-background nonhundred-percent-fullwidth non-hundred-percent-height-scrolling\" style=\"--awb-border-radius-top-left:0px;--awb-border-radius-top-right:0px;--awb-border-radius-bottom-right:0px;--awb-border-radius-bottom-left:0px;--awb-background-image:linear-gradient(180deg, rgba(255,255,255,0) 0%,rgba(0,0,0,0.01) 100%);--awb-flex-wrap:wrap;\" ><div class=\"fusion-builder-row fusion-row fusion-flex-align-items-flex-start fusion-flex-content-wrap\" style=\"max-width:104%;margin-left: calc(-4% \/ 2 );margin-right: calc(-4% \/ 2 );\"><div class=\"fusion-layout-column fusion_builder_column fusion-builder-column-1 fusion_builder_column_1_1 1_1 fusion-flex-column\" style=\"--awb-bg-size:cover;--awb-width-large:100%;--awb-margin-top-large:0px;--awb-spacing-right-large:1.92%;--awb-margin-bottom-large:20px;--awb-spacing-left-large:1.92%;--awb-width-medium:100%;--awb-order-medium:0;--awb-spacing-right-medium:1.92%;--awb-spacing-left-medium:1.92%;--awb-width-small:100%;--awb-order-small:0;--awb-spacing-right-small:1.92%;--awb-spacing-left-small:1.92%;\"><div class=\"fusion-column-wrapper fusion-column-has-shadow fusion-flex-justify-content-flex-start fusion-content-layout-column\"><div class=\"fusion-title title fusion-title-1 fusion-title-text fusion-title-size-one\" style=\"--awb-margin-right:50px;--awb-margin-left:50px;--awb-margin-top-small:0px;--awb-margin-right-small:0px;--awb-margin-bottom-small:20px;--awb-margin-left-small:0px;\"><div class=\"title-sep-container title-sep-container-left fusion-no-large-visibility fusion-no-medium-visibility fusion-no-small-visibility\"><div class=\"title-sep sep-double sep-solid\" style=\"border-color:#e0dede;\"><\/div><\/div><span class=\"awb-title-spacer fusion-no-large-visibility fusion-no-medium-visibility fusion-no-small-visibility\"><\/span><h1 class=\"fusion-title-heading title-heading-left fusion-responsive-typography-calculated\" style=\"margin:0;--fontSize:34;line-height:1.4;\"><span style=\"color: #005c7e\">1 &#8211; Le PPR et ses objectifs<\/span><\/h1><span class=\"awb-title-spacer\"><\/span><div class=\"title-sep-container title-sep-container-right\"><div class=\"title-sep sep-double sep-solid\" style=\"border-color:#e0dede;\"><\/div><\/div><\/div><div class=\"fusion-text fusion-text-2\" style=\"--awb-margin-right:50px;--awb-margin-left:50px;\"><h1 class=\"fusion-title-heading title-heading-left fusion-live-editable medium-editor-element\" role=\"textbox\" data-inline-parent-cid=\"36\" data-inline-override-color=\"text_color\" data-inline-override-font-size=\"font_size\" data-inline-override-line-height=\"line_height\" data-inline-override-letter-spacing=\"letter_spacing\" data-inline-override-tag=\"size\" data-toolbar=\"full\" data-param=\"element_content\" data-medium-editor-element=\"true\" data-medium-editor-editor-index=\"3\" data-placeholder=\"Your Content Goes Here\" data-medium-focused=\"true\"><span style=\"color: #005c7e;font-size: 14pt\"> Avec sa dispersion g\u00e9ographique et la structure g\u00e9ologique de ses \u00eeles, la Polyn\u00e9sie fran\u00e7aise est particuli\u00e8rement vuln\u00e9rable aux al\u00e9as naturels. Les \u00e9v\u00e9nements de 1998 et 1999 qui sont survenus aux Iles-sous-le-Vent a pouss\u00e9 le Pays \u00e0 mettre en place des Plans de Pr\u00e9vention des Risques naturels (PPR) pour chacune des 48 communes du territoire.<\/span><\/h1>\n<\/div><div class=\"fusion-image-element \" style=\"--awb-margin-left:150px;--awb-caption-title-font-family:var(--h2_typography-font-family);--awb-caption-title-font-weight:var(--h2_typography-font-weight);--awb-caption-title-font-style:var(--h2_typography-font-style);--awb-caption-title-size:var(--h2_typography-font-size);--awb-caption-title-transform:var(--h2_typography-text-transform);--awb-caption-title-line-height:var(--h2_typography-line-height);--awb-caption-title-letter-spacing:var(--h2_typography-letter-spacing);\"><span class=\" fusion-imageframe imageframe-none imageframe-1 hover-type-none\"><img decoding=\"async\" width=\"690\" height=\"492\" title=\"2\" src=\"https:\/\/www.service-public.pf\/dca\/wp-content\/uploads\/sites\/26\/2024\/10\/2.jpg\" alt class=\"img-responsive wp-image-16733\" srcset=\"https:\/\/www.service-public.pf\/dca\/wp-content\/uploads\/sites\/26\/2024\/10\/2-200x143.jpg 200w, https:\/\/www.service-public.pf\/dca\/wp-content\/uploads\/sites\/26\/2024\/10\/2-400x285.jpg 400w, https:\/\/www.service-public.pf\/dca\/wp-content\/uploads\/sites\/26\/2024\/10\/2-600x428.jpg 600w, https:\/\/www.service-public.pf\/dca\/wp-content\/uploads\/sites\/26\/2024\/10\/2.jpg 690w\" sizes=\"(max-width: 1024px) 100vw, (max-width: 640px) 100vw, 690px\" \/><\/span><\/div><div class=\"fusion-text fusion-text-3\" style=\"--awb-margin-top:50px;--awb-margin-right:50px;--awb-margin-left:50px;\"><p style=\"color: var(--awb-custom_color_2);font-size: 20px\" data-fusion-font=\"true\">L\u2019\u00e9tablissement d\u2019un PPR est ordonn\u00e9 par arr\u00eat\u00e9 du conseil des ministres.<\/p>\n<p style=\"color: var(--awb-custom_color_2);font-size: 20px\" data-fusion-font=\"true\">Les PPR sont \u00e9tablis par le Pays ou par un organisme ou technicien comp\u00e9tent, sous le contr\u00f4le d\u2019une commission des P.P.R. dont la composition est d\u00e9termin\u00e9e par arr\u00eat\u00e9 du conseil des ministres.<\/p>\n<p style=\"color: var(--awb-custom_color_2);font-size: 20px\" data-fusion-font=\"true\">Le dossier du PPRn contient :<\/p>\n<p style=\"color: var(--awb-custom_color_2);font-size: 20px\" data-fusion-font=\"true\">\u00fc une note de pr\u00e9sentation du contexte et de la proc\u00e9dure qui a \u00e9t\u00e9 men\u00e9e : les raisons de la prescription du PPR , les ph\u00e9nom\u00e8nes naturels connus, les al\u00e9as, les enjeux, les objectifs recherch\u00e9s pour la pr\u00e9vention des risques, le choix du zonage et les mesures r\u00e9glementaires. \u00fc un ou des documents graphiques qui d\u00e9limitent les zones r\u00e9glement\u00e9es par le PPR.<\/p>\n<p style=\"color: var(--awb-custom_color_2);font-size: 20px\" data-fusion-font=\"true\">\u00fc un r\u00e8glement fixant les conditions d&rsquo;am\u00e9nagement et d&rsquo;occupation du sol pour chaque zone. L\u2019objet du PPR est de d\u00e9limiter les zones expos\u00e9es directement ou indirectement \u00e0 un risque et d\u2019y r\u00e9glementer l\u2019utilisation et l\u2019occupation des sols. Cette r\u00e9glementation va de l\u2019interdiction de construire \u00e0 la possibilit\u00e9 de construire sous certaines conditions.<\/p>\n<\/div><div class=\"fusion-image-element \" style=\"--awb-margin-left:50px;--awb-caption-title-font-family:var(--h2_typography-font-family);--awb-caption-title-font-weight:var(--h2_typography-font-weight);--awb-caption-title-font-style:var(--h2_typography-font-style);--awb-caption-title-size:var(--h2_typography-font-size);--awb-caption-title-transform:var(--h2_typography-text-transform);--awb-caption-title-line-height:var(--h2_typography-line-height);--awb-caption-title-letter-spacing:var(--h2_typography-letter-spacing);\"><span class=\" fusion-imageframe imageframe-none imageframe-2 hover-type-none\"><img decoding=\"async\" width=\"534\" height=\"263\" title=\"3\" src=\"https:\/\/www.service-public.pf\/dca\/wp-content\/uploads\/sites\/26\/2024\/10\/3.png\" alt class=\"img-responsive wp-image-16736\" srcset=\"https:\/\/www.service-public.pf\/dca\/wp-content\/uploads\/sites\/26\/2024\/10\/3-200x99.png 200w, https:\/\/www.service-public.pf\/dca\/wp-content\/uploads\/sites\/26\/2024\/10\/3-400x197.png 400w, https:\/\/www.service-public.pf\/dca\/wp-content\/uploads\/sites\/26\/2024\/10\/3.png 534w\" sizes=\"(max-width: 1024px) 100vw, (max-width: 640px) 100vw, 534px\" \/><\/span><\/div><div class=\"fusion-title title fusion-title-2 fusion-title-text fusion-title-size-one\" style=\"--awb-text-color:var(--awb-custom_color_2);--awb-margin-top:50px;--awb-margin-right:50px;--awb-margin-left:50px;--awb-margin-top-small:0px;--awb-margin-right-small:0px;--awb-margin-bottom-small:20px;--awb-margin-left-small:0px;\"><div class=\"title-sep-container title-sep-container-left fusion-no-large-visibility fusion-no-medium-visibility fusion-no-small-visibility\"><div class=\"title-sep sep-double sep-solid\" style=\"border-color:#e0dede;\"><\/div><\/div><span class=\"awb-title-spacer fusion-no-large-visibility fusion-no-medium-visibility fusion-no-small-visibility\"><\/span><h1 class=\"fusion-title-heading title-heading-left fusion-responsive-typography-calculated\" style=\"margin:0;--fontSize:34;line-height:1.4;\">2. Quels sont les al\u00e9as pris en compte dans les PPR<\/h1><span class=\"awb-title-spacer\"><\/span><div class=\"title-sep-container title-sep-container-right\"><div class=\"title-sep sep-double sep-solid\" style=\"border-color:#e0dede;\"><\/div><\/div><\/div><div class=\"fusion-text fusion-text-4\" style=\"--awb-margin-right:50px;--awb-margin-left:50px;\"><p style=\"color: var(--awb-custom_color_2);font-size: 20px\" data-fusion-font=\"true\">Trois al\u00e9as ont \u00e9t\u00e9 cartographi\u00e9s en Polyn\u00e9sie fran\u00e7aise :<\/p>\n<p style=\"color: var(--awb-custom_color_2);font-size: 20px\" data-fusion-font=\"true\">&#8211; l\u2019al\u00e9a mouvements de terrain (glissement de terrain, chutes de blocs, coul\u00e9es de boue)<\/p>\n<p><span style=\"color: var(--awb-custom_color_2);font-size: 20px\" data-fusion-font=\"true\">&#8211; l\u2019al\u00e9a inondation par d\u00e9<\/span><span style=\"color: var(--awb-custom_color_2);font-family: var(--awb-text-font-family);font-size: 20px;font-style: var(--awb-text-font-style);font-weight: var(--awb-text-font-weight);letter-spacing: var(--awb-letter-spacing);text-align: var(--awb-content-alignment);text-transform: var(--awb-text-transform);background-color: var(--awb-bg-color-hover)\" data-fusion-font=\"true\">bordement de cours d\u2019eau,<\/span><\/p>\n<p style=\"color: var(--awb-custom_color_2);font-size: 20px\" data-fusion-font=\"true\">&#8211; l\u2019al\u00e9a submersion marine, li\u00e9 aux cyclones ou aux tsunamis.<\/p>\n<\/div><div class=\"awb-gallery-wrapper awb-gallery-wrapper-1 button-span-no\" style=\"--more-btn-alignment:center;margin-top:50px;margin-left:50px;\" data-limit=\"6\" data-page=\"1\"><div style=\"margin:-5px;--awb-bordersize:0px;\" class=\"fusion-gallery fusion-gallery-container fusion-grid-2 fusion-columns-total-6 fusion-gallery-layout-grid fusion-gallery-1\"><div style=\"padding:5px;\" class=\"fusion-grid-column fusion-gallery-column fusion-gallery-column-2 hover-type-none\"><div class=\"fusion-gallery-image\"><a href=\"https:\/\/www.service-public.pf\/dca\/wp-content\/uploads\/sites\/26\/2024\/10\/4.png\" rel=\"noreferrer\" data-rel=\"iLightbox[gallery_image_1]\" class=\"fusion-lightbox\" target=\"_self\"><img decoding=\"async\" src=\"https:\/\/www.service-public.pf\/dca\/wp-content\/uploads\/sites\/26\/2024\/10\/4-460x295.png\" width=\"460\" height=\"295\" alt=\"\" title=\"4\" aria-label=\"4\" class=\"img-responsive wp-image-16738 fusion-gallery-image-size-fixed\"  \/><\/a><\/div><\/div><div style=\"padding:5px;\" class=\"fusion-grid-column fusion-gallery-column fusion-gallery-column-2 hover-type-none\"><div class=\"fusion-gallery-image\"><a href=\"https:\/\/www.service-public.pf\/dca\/wp-content\/uploads\/sites\/26\/2024\/10\/5.png\" rel=\"noreferrer\" data-rel=\"iLightbox[gallery_image_1]\" class=\"fusion-lightbox\" target=\"_self\"><img decoding=\"async\" src=\"https:\/\/www.service-public.pf\/dca\/wp-content\/uploads\/sites\/26\/2024\/10\/5-460x295.png\" width=\"460\" height=\"295\" alt=\"\" title=\"5\" aria-label=\"5\" class=\"img-responsive wp-image-16739 fusion-gallery-image-size-fixed\"  \/><\/a><\/div><\/div><div class=\"clearfix\"><\/div><div style=\"padding:5px;\" class=\"fusion-grid-column fusion-gallery-column fusion-gallery-column-2 hover-type-none\"><div class=\"fusion-gallery-image\"><a href=\"https:\/\/www.service-public.pf\/dca\/wp-content\/uploads\/sites\/26\/2024\/10\/6.jpg\" rel=\"noreferrer\" data-rel=\"iLightbox[gallery_image_1]\" class=\"fusion-lightbox\" target=\"_self\"><img decoding=\"async\" src=\"https:\/\/www.service-public.pf\/dca\/wp-content\/uploads\/sites\/26\/2024\/10\/6-460x295.jpg\" width=\"460\" height=\"295\" alt=\"\" title=\"6\" aria-label=\"6\" class=\"img-responsive wp-image-16740 fusion-gallery-image-size-fixed\" srcset=\"https:\/\/www.service-public.pf\/dca\/wp-content\/uploads\/sites\/26\/2024\/10\/6-460x295.jpg 460w, https:\/\/www.service-public.pf\/dca\/wp-content\/uploads\/sites\/26\/2024\/10\/6-621x400.jpg 621w\" sizes=\"(max-width: 460px) 100vw, 460px\" \/><\/a><\/div><\/div><div style=\"padding:5px;\" class=\"fusion-grid-column fusion-gallery-column fusion-gallery-column-2 hover-type-none\"><div class=\"fusion-gallery-image\"><a href=\"https:\/\/www.service-public.pf\/dca\/wp-content\/uploads\/sites\/26\/2024\/10\/7.png\" rel=\"noreferrer\" data-rel=\"iLightbox[gallery_image_1]\" class=\"fusion-lightbox\" target=\"_self\"><img decoding=\"async\" src=\"https:\/\/www.service-public.pf\/dca\/wp-content\/uploads\/sites\/26\/2024\/10\/7-460x280.png\" width=\"460\" height=\"280\" alt=\"\" title=\"7\" aria-label=\"7\" class=\"img-responsive wp-image-16741 fusion-gallery-image-size-fixed\"  \/><\/a><\/div><\/div><div class=\"clearfix\"><\/div><div style=\"padding:5px;\" class=\"fusion-grid-column fusion-gallery-column fusion-gallery-column-2 hover-type-none\"><div class=\"fusion-gallery-image\"><a href=\"https:\/\/www.service-public.pf\/dca\/wp-content\/uploads\/sites\/26\/2024\/10\/9.png\" rel=\"noreferrer\" data-rel=\"iLightbox[gallery_image_1]\" class=\"fusion-lightbox\" target=\"_self\"><img decoding=\"async\" src=\"https:\/\/www.service-public.pf\/dca\/wp-content\/uploads\/sites\/26\/2024\/10\/9-460x274.png\" width=\"460\" height=\"274\" alt=\"\" title=\"9\" aria-label=\"9\" class=\"img-responsive wp-image-16743 fusion-gallery-image-size-fixed\"  \/><\/a><\/div><\/div><div style=\"padding:5px;\" class=\"fusion-grid-column fusion-gallery-column fusion-gallery-column-2 hover-type-none\"><div class=\"fusion-gallery-image\"><a href=\"https:\/\/www.service-public.pf\/dca\/wp-content\/uploads\/sites\/26\/2024\/10\/8.jpg\" rel=\"noreferrer\" data-rel=\"iLightbox[gallery_image_1]\" class=\"fusion-lightbox\" target=\"_self\"><img decoding=\"async\" src=\"https:\/\/www.service-public.pf\/dca\/wp-content\/uploads\/sites\/26\/2024\/10\/8-400x295.jpg\" width=\"400\" height=\"295\" alt=\"\" title=\"8\" aria-label=\"8\" class=\"img-responsive wp-image-16742 fusion-gallery-image-size-fixed\"  \/><\/a><\/div><\/div><div class=\"clearfix\"><\/div><\/div><\/div><div class=\"fusion-title title fusion-title-3 fusion-title-text fusion-title-size-one\" style=\"--awb-text-color:var(--awb-custom_color_2);--awb-margin-top:50px;--awb-margin-right:50px;--awb-margin-left:50px;--awb-margin-top-small:0px;--awb-margin-right-small:0px;--awb-margin-bottom-small:20px;--awb-margin-left-small:0px;\"><div class=\"title-sep-container title-sep-container-left fusion-no-large-visibility fusion-no-medium-visibility fusion-no-small-visibility\"><div class=\"title-sep sep-double sep-solid\" style=\"border-color:#e0dede;\"><\/div><\/div><span class=\"awb-title-spacer fusion-no-large-visibility fusion-no-medium-visibility fusion-no-small-visibility\"><\/span><h1 class=\"fusion-title-heading title-heading-left fusion-responsive-typography-calculated\" style=\"margin:0;--fontSize:34;line-height:1.4;\">3. Al\u00e9a, enjeux, risques<\/h1><span class=\"awb-title-spacer\"><\/span><div class=\"title-sep-container title-sep-container-right\"><div class=\"title-sep sep-double sep-solid\" style=\"border-color:#e0dede;\"><\/div><\/div><\/div><div class=\"fusion-text fusion-text-5\" style=\"--awb-margin-right:50px;--awb-margin-left:50px;\"><p style=\"color: var(--awb-custom_color_2);font-size: 20px\" data-fusion-font=\"true\">Le risque est le croisement d\u2019un ph\u00e9nom\u00e8ne (al\u00e9a) et d\u2019un enjeu (personnes, biens). La pr\u00e9vention du risque a pour objectif initial d\u2019annuler le risque en cherchant \u00e0 modifier l\u2019un ou l\u2019autre terme de l\u2019\u00e9quation. Dans la quasi-totalit\u00e9 des cas, il n\u2019est pas possible d\u2019annuler l\u2019al\u00e9a.<\/p>\n<p style=\"color: var(--awb-custom_color_2);font-size: 20px\" data-fusion-font=\"true\">Le premier objectif de la pr\u00e9vention est de ne pas exposer de nouveaux enjeux dans les lieux o\u00f9 un ph\u00e9nom\u00e8ne a \u00e9t\u00e9 \u00e9valu\u00e9 comme dangereux. Dans les zones d\u00e9j\u00e0 urbanis\u00e9es, la vuln\u00e9rabilit\u00e9 devient une notion essentielle.<\/p>\n<\/div><div class=\"fusion-image-element \" style=\"--awb-margin-top:50px;--awb-margin-right:50px;--awb-margin-bottom:30px;--awb-margin-left:50px;--awb-caption-title-font-family:var(--h2_typography-font-family);--awb-caption-title-font-weight:var(--h2_typography-font-weight);--awb-caption-title-font-style:var(--h2_typography-font-style);--awb-caption-title-size:var(--h2_typography-font-size);--awb-caption-title-transform:var(--h2_typography-text-transform);--awb-caption-title-line-height:var(--h2_typography-line-height);--awb-caption-title-letter-spacing:var(--h2_typography-letter-spacing);\"><span class=\" fusion-imageframe imageframe-none imageframe-3 hover-type-none\"><img decoding=\"async\" width=\"566\" height=\"146\" title=\"10\" src=\"https:\/\/www.service-public.pf\/dca\/wp-content\/uploads\/sites\/26\/2024\/10\/10.png\" alt class=\"img-responsive wp-image-16744\" srcset=\"https:\/\/www.service-public.pf\/dca\/wp-content\/uploads\/sites\/26\/2024\/10\/10-200x52.png 200w, https:\/\/www.service-public.pf\/dca\/wp-content\/uploads\/sites\/26\/2024\/10\/10-400x103.png 400w, https:\/\/www.service-public.pf\/dca\/wp-content\/uploads\/sites\/26\/2024\/10\/10.png 566w\" sizes=\"(max-width: 1024px) 100vw, (max-width: 640px) 100vw, 566px\" \/><\/span><\/div><div class=\"fusion-title title fusion-title-4 fusion-title-text fusion-title-size-one\" style=\"--awb-text-color:var(--awb-custom_color_2);--awb-margin-top:30px;--awb-margin-right:50px;--awb-margin-left:50px;--awb-margin-top-small:0px;--awb-margin-right-small:0px;--awb-margin-bottom-small:20px;--awb-margin-left-small:0px;\"><div class=\"title-sep-container title-sep-container-left fusion-no-large-visibility fusion-no-medium-visibility fusion-no-small-visibility\"><div class=\"title-sep sep-double sep-solid\" style=\"border-color:#e0dede;\"><\/div><\/div><span class=\"awb-title-spacer fusion-no-large-visibility fusion-no-medium-visibility fusion-no-small-visibility\"><\/span><h1 class=\"fusion-title-heading title-heading-left fusion-responsive-typography-calculated\" style=\"margin:0;--fontSize:34;line-height:1.4;\">4. Proc\u00e9dure d\u2019approbation<\/h1><span class=\"awb-title-spacer\"><\/span><div class=\"title-sep-container title-sep-container-right\"><div class=\"title-sep sep-double sep-solid\" style=\"border-color:#e0dede;\"><\/div><\/div><\/div><\/div><\/div><\/div><\/div><div class=\"fusion-fullwidth fullwidth-box fusion-builder-row-3 fusion-flex-container has-pattern-background has-mask-background nonhundred-percent-fullwidth non-hundred-percent-height-scrolling\" style=\"--awb-border-radius-top-left:0px;--awb-border-radius-top-right:0px;--awb-border-radius-bottom-right:0px;--awb-border-radius-bottom-left:0px;--awb-background-image:linear-gradient(180deg, rgba(255,255,255,0) 0%,rgba(0,0,0,0.01) 100%);--awb-flex-wrap:wrap;\" ><div class=\"fusion-builder-row fusion-row fusion-flex-align-items-flex-start fusion-flex-content-wrap\" style=\"max-width:104%;margin-left: calc(-4% \/ 2 );margin-right: calc(-4% \/ 2 );\"><div class=\"fusion-layout-column fusion_builder_column fusion-builder-column-2 fusion_builder_column_1_1 1_1 fusion-flex-column\" style=\"--awb-bg-size:cover;--awb-width-large:100%;--awb-margin-top-large:0px;--awb-spacing-right-large:1.92%;--awb-margin-bottom-large:20px;--awb-spacing-left-large:1.92%;--awb-width-medium:100%;--awb-order-medium:0;--awb-spacing-right-medium:1.92%;--awb-spacing-left-medium:1.92%;--awb-width-small:100%;--awb-order-small:0;--awb-spacing-right-small:1.92%;--awb-spacing-left-small:1.92%;\"><div class=\"fusion-column-wrapper fusion-column-has-shadow fusion-flex-justify-content-flex-start fusion-content-layout-column\"><div class=\"fusion-image-element awb-imageframe-style awb-imageframe-style-above awb-imageframe-style-4\" style=\"text-align:center;--awb-caption-title-font-family:-apple-system, BlinkMacSystemFont, &#039;Segoe UI&#039;, Roboto, Oxygen-Sans, Ubuntu, Cantarell, &#039;Helvetica Neue&#039; ,sans-serif;--awb-caption-title-font-weight:400;--awb-caption-title-font-style:normal;--awb-caption-title-size:var(--h2_typography-font-size);--awb-caption-title-transform:uppercase;--awb-caption-title-line-height:5;--awb-caption-title-letter-spacing:var(--h2_typography-letter-spacing);\"><div class=\"awb-imageframe-caption-container\" style=\"text-align:center;\"><div class=\"awb-imageframe-caption\"><h2 class=\"awb-imageframe-caption-title\">PHASES D'INSTRUCTION<\/h2><\/div><\/div><span class=\" fusion-imageframe imageframe-none imageframe-4 hover-type-none\"><img decoding=\"async\" width=\"1036\" height=\"902\" alt=\"PHASES D&#039;INSTRUCTION\" title=\"21071d8b F4f6 4fa5 9210 Ed6da8f659d9\" src=\"https:\/\/www.service-public.pf\/dca\/wp-content\/uploads\/sites\/26\/2023\/02\/21071d8b-f4f6-4fa5-9210-ed6da8f659d9.jpg\" class=\"img-responsive wp-image-15440\" srcset=\"https:\/\/www.service-public.pf\/dca\/wp-content\/uploads\/sites\/26\/2023\/02\/21071d8b-f4f6-4fa5-9210-ed6da8f659d9-200x174.jpg 200w, https:\/\/www.service-public.pf\/dca\/wp-content\/uploads\/sites\/26\/2023\/02\/21071d8b-f4f6-4fa5-9210-ed6da8f659d9-400x348.jpg 400w, https:\/\/www.service-public.pf\/dca\/wp-content\/uploads\/sites\/26\/2023\/02\/21071d8b-f4f6-4fa5-9210-ed6da8f659d9-600x522.jpg 600w, https:\/\/www.service-public.pf\/dca\/wp-content\/uploads\/sites\/26\/2023\/02\/21071d8b-f4f6-4fa5-9210-ed6da8f659d9-800x697.jpg 800w, https:\/\/www.service-public.pf\/dca\/wp-content\/uploads\/sites\/26\/2023\/02\/21071d8b-f4f6-4fa5-9210-ed6da8f659d9.jpg 1036w\" sizes=\"(max-width: 1024px) 100vw, (max-width: 640px) 100vw, 1036px\" \/><\/span><\/div><\/div><\/div><\/div><\/div><\/p>\n","protected":false},"excerpt":{"rendered":"","protected":false},"author":46,"featured_media":0,"parent":0,"menu_order":0,"comment_status":"closed","ping_status":"closed","template":"","meta":{"_seopress_robots_primary_cat":"","_seopress_titles_title":"","_seopress_titles_desc":"","_seopress_robots_index":"","footnotes":""},"class_list":["post-13667","page","type-page","status-publish","hentry"],"_links":{"self":[{"href":"https:\/\/www.service-public.pf\/dca\/wp-json\/wp\/v2\/pages\/13667","targetHints":{"allow":["GET"]}}],"collection":[{"href":"https:\/\/www.service-public.pf\/dca\/wp-json\/wp\/v2\/pages"}],"about":[{"href":"https:\/\/www.service-public.pf\/dca\/wp-json\/wp\/v2\/types\/page"}],"author":[{"embeddable":true,"href":"https:\/\/www.service-public.pf\/dca\/wp-json\/wp\/v2\/users\/46"}],"replies":[{"embeddable":true,"href":"https:\/\/www.service-public.pf\/dca\/wp-json\/wp\/v2\/comments?post=13667"}],"version-history":[{"count":33,"href":"https:\/\/www.service-public.pf\/dca\/wp-json\/wp\/v2\/pages\/13667\/revisions"}],"predecessor-version":[{"id":16825,"href":"https:\/\/www.service-public.pf\/dca\/wp-json\/wp\/v2\/pages\/13667\/revisions\/16825"}],"wp:attachment":[{"href":"https:\/\/www.service-public.pf\/dca\/wp-json\/wp\/v2\/media?parent=13667"}],"curies":[{"name":"wp","href":"https:\/\/api.w.org\/{rel}","templated":true}]}}