{"id":14013,"date":"2021-03-19T10:23:42","date_gmt":"2021-03-19T20:23:42","guid":{"rendered":"https:\/\/www.service-public.pf\/sau\/?page_id=14013"},"modified":"2024-07-25T15:01:47","modified_gmt":"2024-07-26T01:01:47","slug":"plan-directeur-arue-1965","status":"publish","type":"page","link":"https:\/\/www.service-public.pf\/dca\/plan-directeur-arue-1965\/","title":{"rendered":"Plan directeur Arue &#8211; 1965"},"content":{"rendered":"<div class=\"fusion-fullwidth fullwidth-box fusion-builder-row-1 fusion-flex-container nonhundred-percent-fullwidth non-hundred-percent-height-scrolling\" style=\"--awb-border-radius-top-left:0px;--awb-border-radius-top-right:0px;--awb-border-radius-bottom-right:0px;--awb-border-radius-bottom-left:0px;--awb-background-image:linear-gradient(180deg, rgba(255,255,255,0) 0%,rgba(0,0,0,0.01) 100%);--awb-flex-wrap:wrap;\" ><div class=\"fusion-builder-row fusion-row fusion-flex-align-items-flex-start fusion-flex-content-wrap\" style=\"max-width:104%;margin-left: calc(-4% \/ 2 );margin-right: calc(-4% \/ 2 );\"><div class=\"fusion-layout-column fusion_builder_column fusion-builder-column-0 fusion_builder_column_1_1 1_1 fusion-flex-column\" style=\"--awb-padding-left:50px;--awb-bg-size:cover;--awb-width-large:100%;--awb-margin-top-large:0px;--awb-spacing-right-large:1.92%;--awb-margin-bottom-large:0px;--awb-spacing-left-large:1.92%;--awb-width-medium:100%;--awb-spacing-right-medium:1.92%;--awb-spacing-left-medium:1.92%;--awb-width-small:100%;--awb-spacing-right-small:1.92%;--awb-spacing-left-small:1.92%;\"><div class=\"fusion-column-wrapper fusion-flex-justify-content-flex-start fusion-content-layout-column\"><div class=\"fusion-text fusion-text-1\"><div class=\"cartouche\">\n<h2>Plan Directeur de Arue 1965<\/h2>\n<\/div>\n<div class=\"chapo\">\n<p>\u00bb\u00a0<strong>R\u00e9f\u00e9rences<\/strong><\/p>\n<blockquote>\n<ul class=\"spip\">\n<li><a href=\"https:\/\/www.service-public.pf\/sau\/wp-content\/uploads\/sites\/26\/2021\/03\/delib-65-84-du-19-oct-1965.pdf\" target=\"_blank\" rel=\"noopener noreferrer\">D\u00e9lib\u00e9ration 65 84 Du 19 Oct 1965<\/a> :<\/li>\n<li><a href=\"https:\/\/www.service-public.pf\/sau\/wp-content\/uploads\/sites\/26\/2021\/03\/Delib-74-20-du-14-fev-1974-completant-le-Reg-durba-de-PPT-PIRAE-ARUE.pdf\" target=\"_blank\" rel=\"noopener noreferrer\">D\u00e9lib\u00e9ration 74 20 Du 14 F\u00e9v 1974 compl\u00e9tant Le R\u00e8glement d&rsquo;urbanisme de Papeete, Pirae et Arue<\/a><\/li>\n<li><a href=\"https:\/\/www.service-public.pf\/sau\/wp-content\/uploads\/sites\/26\/2021\/03\/Delib-n-78-190-du-31-oct-1978-modifiant-article-4-H-du-reglement-durbanisme.pdf\" target=\"_blank\" rel=\"noopener noreferrer\">D\u00e9lib\u00e9ration N 78 190 Du 31 Oct 1978 modifiant l&rsquo;article 4 H du r\u00e8glement d&rsquo;urbanisme<\/a><\/li>\n<\/ul>\n<\/blockquote>\n<p>\u00bb\u00a0<strong>Liste des pi\u00e8ces<\/strong><\/p>\n<blockquote>\n<ul>\n<li><a href=\"https:\/\/www.service-public.pf\/sau\/wp-content\/uploads\/sites\/26\/2021\/03\/Plan-durbanisme-65-Papeete-Pirae-Arue_100dpi-scaled.jpg\" target=\"_blank\" rel=\"noopener noreferrer\">Plan d&rsquo;urbanisme 65 Papeete Pirae Arue 100dpi<\/a><\/li>\n<li><a href=\"https:\/\/www.service-public.pf\/sau\/wp-content\/uploads\/sites\/26\/2021\/03\/Plan-durbanisme-65-Papeete-Pirae-Arue_200dpi-scaled.jpg\" target=\"_blank\" rel=\"noopener noreferrer\">Plan d&rsquo;urbanisme 65 Papeete Pirae Arue 200dpi<\/a><\/li>\n<li><a href=\"https:\/\/www.service-public.pf\/sau\/wp-content\/uploads\/sites\/26\/2021\/03\/Plan-durbanisme-65-Papeete-Pirae-Arue_50dpi-scaled.jpg\" target=\"_blank\" rel=\"noopener noreferrer\">Plan d&rsquo;urbanisme 65 Papeete Pirae Arue 50dpi<\/a><\/li>\n<li><a href=\"https:\/\/www.service-public.pf\/sau\/wp-content\/uploads\/sites\/26\/2021\/03\/Reglement-durbanisme-de-PAPEETE-PIRAE-ARUE.pdf\" target=\"_blank\" rel=\"noopener noreferrer\">R\u00e8glement d&rsquo;urbanisme Papeete Pirae Arue<\/a><\/li>\n<\/ul>\n<\/blockquote>\n<p>\u00bb\u00a0<strong>Les documents<\/strong><\/p>\n<blockquote>\n<ul>\n<li>En format papier sont consultables \u00e0 la Direction de la Construction et de l&rsquo;Am\u00e9nagement et \u00e0 la mairie.<\/li>\n<li>Au format PDF peuvent \u00e9galement vous \u00eatre remis \u00e0 la Direction de la Construction et de l&rsquo;Am\u00e9nagement ou \u00e0 la mairie de Arue<\/li>\n<\/ul>\n<\/blockquote>\n<hr \/>\n<p>&nbsp;<\/p>\n<p>Pour toute information compl\u00e9mentaire, veuillez contacter la mairie de Arue<\/p>\n<\/div>\n<\/div><\/div><\/div><\/div><\/div>\n","protected":false},"excerpt":{"rendered":"","protected":false},"author":46,"featured_media":0,"parent":0,"menu_order":0,"comment_status":"closed","ping_status":"closed","template":"","meta":{"_seopress_robots_primary_cat":"","_seopress_titles_title":"","_seopress_titles_desc":"","_seopress_robots_index":"","footnotes":""},"class_list":["post-14013","page","type-page","status-publish","hentry"],"_links":{"self":[{"href":"https:\/\/www.service-public.pf\/dca\/wp-json\/wp\/v2\/pages\/14013","targetHints":{"allow":["GET"]}}],"collection":[{"href":"https:\/\/www.service-public.pf\/dca\/wp-json\/wp\/v2\/pages"}],"about":[{"href":"https:\/\/www.service-public.pf\/dca\/wp-json\/wp\/v2\/types\/page"}],"author":[{"embeddable":true,"href":"https:\/\/www.service-public.pf\/dca\/wp-json\/wp\/v2\/users\/46"}],"replies":[{"embeddable":true,"href":"https:\/\/www.service-public.pf\/dca\/wp-json\/wp\/v2\/comments?post=14013"}],"version-history":[{"count":1,"href":"https:\/\/www.service-public.pf\/dca\/wp-json\/wp\/v2\/pages\/14013\/revisions"}],"predecessor-version":[{"id":16640,"href":"https:\/\/www.service-public.pf\/dca\/wp-json\/wp\/v2\/pages\/14013\/revisions\/16640"}],"wp:attachment":[{"href":"https:\/\/www.service-public.pf\/dca\/wp-json\/wp\/v2\/media?parent=14013"}],"curies":[{"name":"wp","href":"https:\/\/api.w.org\/{rel}","templated":true}]}}