{"id":268,"date":"2015-12-23T03:42:54","date_gmt":"2015-12-23T02:42:54","guid":{"rendered":"http:\/\/service-public-pf.org\/?page_id=268"},"modified":"2017-06-06T22:58:16","modified_gmt":"2017-06-07T08:58:16","slug":"formulaires-du-scan-numerique","status":"publish","type":"page","link":"https:\/\/www.service-public.pf\/dgen\/incitationsdirectes\/soutien-a-la-creation-numerique\/formulaires-du-scan-numerique\/","title":{"rendered":"Formulaires du SCAN num\u00e9rique"},"content":{"rendered":"<p><img decoding=\"async\" class=\"alignnone wp-image-11646\" src=\"https:\/\/www.service-public.pf\/dgen\/wp-content\/uploads\/sites\/3\/2015\/12\/logo-scan-2016.jpg\" alt=\"logo-scan-2016\" width=\"800\" height=\"272\" \/><\/p>\n<p><a href=\"http:\/\/audiovisuel.pf\/wp-content\/uploads\/2015\/10\/AIDE-DEVELOPPEMENT-CREATION-NUMERIQUE-SCAN-2015-V2.xls\">Aide au d\u00e9veloppement num\u00e9rique<\/a><\/p>\n<p><a href=\"http:\/\/audiovisuel.pf\/wp-content\/uploads\/2015\/10\/AIDE-A-LA-PRODUCTION-CREATION-NUMERIQUE-SCAN-2015-COMPLET.xls\">Aide \u00e0 la production num\u00e9rique<\/a><\/p>\n<p><a href=\"http:\/\/audiovisuel.pf\/wp-content\/uploads\/2015\/10\/AIDE-AU-FINANCEMENT-DE-MANIFESTATIONS-SCAN-2014-ENTREPRISE-V2.xls\">Aide aux manifestations num\u00e9riques (ENTREPRISES)<\/a><\/p>\n<p><a href=\"http:\/\/audiovisuel.pf\/wp-content\/uploads\/2015\/10\/AIDE-AU-FINANCEMENT-DE-MANIFESTATIONS-SCAN-2014-ASSOCIATION-V2.xls\">Aide aux manifestations num\u00e9riques (ASSOCIATIONS)<\/a><\/p>\n<p><a href=\"http:\/\/audiovisuel.pf\/wp-content\/uploads\/2015\/04\/AIDE-AU-FINANCEMENT-FORMATION-PROFESSIONNELLE-SCAN-2014-ENTREPRISE-V2.xls\">Aide aux formations (ENTREPRISES)<\/a><\/p>\n<p><a href=\"http:\/\/service-public-pf.org\/wp-content\/uploads\/2015\/12\/Mod%C3%A8le-Etat-r%C3%A9cap-d%C3%A9penses-SCAN-vierge.xlsx\">Mod\u00e8le de l\u2019\u00e9tat r\u00e9capitulatif des d\u00e9penses (Pour le rendu de compte)<\/a><\/p>\n<p>La commission consultative du soutien \u00e0 la cr\u00e9ation audiovisuelle et num\u00e9rique peut se r\u00e9unir au moins trois fois par an, sous r\u00e9serve de disponibilit\u00e9s budg\u00e9taires, selon le calendrier suivant :<\/p>\n<ul>\n<li>pendant la premi\u00e8re quinzaine du mois de mars ;<\/li>\n<li>pendant la premi\u00e8re quinzaine du mois de juin ;<\/li>\n<li>pendant la seconde quinzaine du mois de septembre.<\/li>\n<\/ul>\n<p>Le d\u00e9p\u00f4t des dossiers est clos 30 jours avant chaque p\u00e9riode ci-dessus mentionn\u00e9e.<\/p>\n<p>Les dates de d\u00e9p\u00f4t des dossiers de demande et des commissions sont communiqu\u00e9es sur demande aupr\u00e8s de la DGEN.<\/p>\n<p><a href=\"http:\/\/service-public-pf.org\/incitations\/incitationsdirectes\/soutien-a-la-creation-numerique\/procedures-du-scan-numerique\/\">Proc\u00e9dures SCAN num\u00e9rique<\/a><\/p>\n<p>&nbsp;<\/p>\n","protected":false},"excerpt":{"rendered":"<p>Aide au d\u00e9veloppement num\u00e9rique Aide \u00e0 la production num\u00e9rique Aide aux manifestations num\u00e9riques (ENTREPRISES) Aide aux manifestations num\u00e9riques (ASSOCIATIONS) Aide aux formations (ENTREPRISES) Mod\u00e8le de l\u2019\u00e9tat r\u00e9capitulatif des d\u00e9penses (Pour le rendu de compte) La commission consultative du soutien \u00e0 la cr\u00e9ation audiovisuelle et num\u00e9rique peut se r\u00e9unir au moins trois fois par an, sous  [&#8230;]<\/p>\n","protected":false},"author":4,"featured_media":0,"parent":264,"menu_order":2,"comment_status":"closed","ping_status":"closed","template":"","meta":{"_seopress_robots_primary_cat":"","_seopress_titles_title":"","_seopress_titles_desc":"","_seopress_robots_index":"","footnotes":""},"class_list":["post-268","page","type-page","status-publish","hentry"],"_links":{"self":[{"href":"https:\/\/www.service-public.pf\/dgen\/wp-json\/wp\/v2\/pages\/268","targetHints":{"allow":["GET"]}}],"collection":[{"href":"https:\/\/www.service-public.pf\/dgen\/wp-json\/wp\/v2\/pages"}],"about":[{"href":"https:\/\/www.service-public.pf\/dgen\/wp-json\/wp\/v2\/types\/page"}],"author":[{"embeddable":true,"href":"https:\/\/www.service-public.pf\/dgen\/wp-json\/wp\/v2\/users\/4"}],"replies":[{"embeddable":true,"href":"https:\/\/www.service-public.pf\/dgen\/wp-json\/wp\/v2\/comments?post=268"}],"version-history":[{"count":0,"href":"https:\/\/www.service-public.pf\/dgen\/wp-json\/wp\/v2\/pages\/268\/revisions"}],"up":[{"embeddable":true,"href":"https:\/\/www.service-public.pf\/dgen\/wp-json\/wp\/v2\/pages\/264"}],"wp:attachment":[{"href":"https:\/\/www.service-public.pf\/dgen\/wp-json\/wp\/v2\/media?parent=268"}],"curies":[{"name":"wp","href":"https:\/\/api.w.org\/{rel}","templated":true}]}}