{"id":4768,"date":"2025-09-23T04:32:26","date_gmt":"2025-09-23T02:32:26","guid":{"rendered":"https:\/\/www.service-public.pf\/dicp\/?page_id=4768"},"modified":"2025-09-24T01:30:07","modified_gmt":"2025-09-23T23:30:07","slug":"la-charte-ia-ora-na-dicp","status":"publish","type":"page","link":"https:\/\/www.service-public.pf\/dicp\/la-charte-ia-ora-na-dicp\/","title":{"rendered":"La charte IA ORA NA DICP"},"content":{"rendered":"<p data-start=\"87\" data-end=\"219\">La DICP r\u00e9affirme en 2024 ses engagements pour un service public de qualit\u00e9. La charte s\u2019articule autour de cinq axes principaux :<\/p>\n<ul style=\"list-style-type: disc\">\n<li data-start=\"58\" data-end=\"90\">Acc\u00e8s facilit\u00e9 aux services<\/li>\n<li data-start=\"58\" data-end=\"90\">Accueil respectueux et attentionn\u00e9<\/li>\n<li data-start=\"58\" data-end=\"90\">R\u00e9ponses rapides et claires<\/li>\n<li data-start=\"58\" data-end=\"90\">\u00c9coute et am\u00e9lioration continue<\/li>\n<li data-start=\"58\" data-end=\"90\">Service professionnel et transparent<\/li>\n<\/ul>\n<p>Veuillez retrouver la charte en cliquant <a href=\"https:\/\/www.service-public.pf\/dicp\/wp-content\/uploads\/sites\/59\/2025\/09\/Charte-dengagements-de-service-2024.pdf\" target=\"\">ICI<\/a><\/p>\n","protected":false},"excerpt":{"rendered":"<p>La DICP r\u00e9affirme en 2024 ses engagements pour un service public de qualit\u00e9. La charte s\u2019articule autour de cinq axes principaux : Acc\u00e8s facilit\u00e9 aux services Accueil respectueux et attentionn\u00e9 R\u00e9ponses rapides et claires \u00c9coute et am\u00e9lioration continue Service professionnel et transparent Veuillez retrouver la charte en cliquant ICI<\/p>\n","protected":false},"author":433,"featured_media":0,"parent":0,"menu_order":0,"comment_status":"closed","ping_status":"closed","template":"","meta":{"_acf_changed":false,"_seopress_robots_primary_cat":"","_seopress_titles_title":"","_seopress_titles_desc":"","_seopress_robots_index":"","footnotes":""},"class_list":["post-4768","page","type-page","status-publish","hentry"],"acf":[],"_links":{"self":[{"href":"https:\/\/www.service-public.pf\/dicp\/wp-json\/wp\/v2\/pages\/4768","targetHints":{"allow":["GET"]}}],"collection":[{"href":"https:\/\/www.service-public.pf\/dicp\/wp-json\/wp\/v2\/pages"}],"about":[{"href":"https:\/\/www.service-public.pf\/dicp\/wp-json\/wp\/v2\/types\/page"}],"author":[{"embeddable":true,"href":"https:\/\/www.service-public.pf\/dicp\/wp-json\/wp\/v2\/users\/433"}],"replies":[{"embeddable":true,"href":"https:\/\/www.service-public.pf\/dicp\/wp-json\/wp\/v2\/comments?post=4768"}],"version-history":[{"count":3,"href":"https:\/\/www.service-public.pf\/dicp\/wp-json\/wp\/v2\/pages\/4768\/revisions"}],"predecessor-version":[{"id":4775,"href":"https:\/\/www.service-public.pf\/dicp\/wp-json\/wp\/v2\/pages\/4768\/revisions\/4775"}],"wp:attachment":[{"href":"https:\/\/www.service-public.pf\/dicp\/wp-json\/wp\/v2\/media?parent=4768"}],"curies":[{"name":"wp","href":"https:\/\/api.w.org\/{rel}","templated":true}]}}