{"id":137,"date":"2017-09-11T21:30:51","date_gmt":"2017-09-11T20:30:51","guid":{"rendered":"https:\/\/www.service-public.pf\/diren\/?page_id=137"},"modified":"2018-07-05T15:13:53","modified_gmt":"2018-07-06T01:13:53","slug":"partager","status":"publish","type":"page","link":"https:\/\/www.service-public.pf\/diren\/partager\/","title":{"rendered":"PARTAGER"},"content":{"rendered":"<div class=\"fusion-fullwidth fullwidth-box fusion-builder-row-1 nonhundred-percent-fullwidth non-hundred-percent-height-scrolling\" style=\"--awb-border-radius-top-left:0px;--awb-border-radius-top-right:0px;--awb-border-radius-bottom-right:0px;--awb-border-radius-bottom-left:0px;--awb-flex-wrap:wrap;\" ><div class=\"fusion-builder-row fusion-row\"><div class=\"fusion-layout-column fusion_builder_column fusion-builder-column-0 fusion_builder_column_1_1 1_1 fusion-one-full fusion-column-first fusion-column-last\" style=\"--awb-bg-size:cover;\"><div class=\"fusion-column-wrapper fusion-flex-column-wrapper-legacy\"><div class=\"fusion-text fusion-text-1\"><p>Les diff\u00e9rents supports de communication r\u00e9alis\u00e9s par la Direction de l&rsquo;environnement sont disponibles en t\u00e9l\u00e9chargement ci-apr\u00e8s.<\/p>\n<p>Certains supports \u00e9dit\u00e9s en format kak\u00e9mono peuvent faire l&rsquo;objet de pr\u00eats de courte dur\u00e9e en faveur des \u00e9tablissements scolaires.<br \/>\nN&rsquo;h\u00e9sitez pas \u00e0 vous renseigner par <a href=\"mailto:direction@environnement.gov.pf\">mail<\/a>.<\/p>\n<\/div><div class=\"fusion-clearfix\"><\/div><\/div><\/div><\/div><\/div>\n","protected":false},"excerpt":{"rendered":"","protected":false},"author":33,"featured_media":0,"parent":0,"menu_order":0,"comment_status":"closed","ping_status":"closed","template":"","meta":{"_acf_changed":false,"_seopress_robots_primary_cat":"","_seopress_titles_title":"","_seopress_titles_desc":"","_seopress_robots_index":"","footnotes":""},"class_list":["post-137","page","type-page","status-publish","hentry"],"acf":[],"_links":{"self":[{"href":"https:\/\/www.service-public.pf\/diren\/wp-json\/wp\/v2\/pages\/137","targetHints":{"allow":["GET"]}}],"collection":[{"href":"https:\/\/www.service-public.pf\/diren\/wp-json\/wp\/v2\/pages"}],"about":[{"href":"https:\/\/www.service-public.pf\/diren\/wp-json\/wp\/v2\/types\/page"}],"author":[{"embeddable":true,"href":"https:\/\/www.service-public.pf\/diren\/wp-json\/wp\/v2\/users\/33"}],"replies":[{"embeddable":true,"href":"https:\/\/www.service-public.pf\/diren\/wp-json\/wp\/v2\/comments?post=137"}],"version-history":[{"count":0,"href":"https:\/\/www.service-public.pf\/diren\/wp-json\/wp\/v2\/pages\/137\/revisions"}],"wp:attachment":[{"href":"https:\/\/www.service-public.pf\/diren\/wp-json\/wp\/v2\/media?parent=137"}],"curies":[{"name":"wp","href":"https:\/\/api.w.org\/{rel}","templated":true}]}}