{"id":5676,"date":"2023-12-08T13:20:16","date_gmt":"2023-12-08T23:20:16","guid":{"rendered":"https:\/\/www.service-public.pf\/diren\/?page_id=5676"},"modified":"2026-03-03T09:47:02","modified_gmt":"2026-03-03T19:47:02","slug":"la-politique-de-leau","status":"publish","type":"page","link":"https:\/\/www.service-public.pf\/diren\/gerer\/la-politique-de-leau\/","title":{"rendered":"La Politique de l&rsquo;eau"},"content":{"rendered":"<p><div class=\"fusion-fullwidth fullwidth-box fusion-builder-row-1 has-pattern-background has-mask-background nonhundred-percent-fullwidth non-hundred-percent-height-scrolling\" style=\"--awb-border-radius-top-left:0px;--awb-border-radius-top-right:0px;--awb-border-radius-bottom-right:0px;--awb-border-radius-bottom-left:0px;--awb-margin-top:10px;--awb-margin-bottom:10px;--awb-flex-wrap:wrap;\" ><div class=\"fusion-builder-row fusion-row\"><div class=\"fusion-layout-column fusion_builder_column fusion-builder-column-0 fusion_builder_column_1_1 1_1 fusion-one-full fusion-column-first fusion-column-last\" style=\"--awb-bg-size:cover;--awb-margin-top:10px;--awb-margin-bottom:10px;\" data-scroll-devices=\"small-visibility,medium-visibility,large-visibility\"><div class=\"fusion-column-wrapper fusion-column-has-shadow fusion-flex-column-wrapper-legacy\"><div class=\"fusion-text fusion-text-1\"><p>La <strong>Politique de l&rsquo;eau<\/strong> est le premier outil de gestion int\u00e9gr\u00e9e des ressources en eau de la Polyn\u00e9sie fran\u00e7aise, \u00e0 l&rsquo;horizon 2030.<\/p>\n<p>Adopt\u00e9e en juin 2021 par l&rsquo;Assembl\u00e9e de Polyn\u00e9sie fran\u00e7aise, elle vise \u00e0 satisfaire les besoins essentiels de la population polyn\u00e9sienne, \u00e0 pr\u00e9server durablement une ressource en eau suffisante en quantit\u00e9 et en qualit\u00e9, dans un contexte de changement climatique global.<\/p>\n<p><em>La Politique de l&rsquo;eau b\u00e9n\u00e9ficie d&rsquo;un appui budg\u00e9taire sectoriel de l&rsquo;Union Europ\u00e9enne \u00e0 hauteur de 3,7 milliards pour la p\u00e9riode 2022-2027. <\/em><\/p>\n<\/div><div class=\"fusion-image-element fusion-image-align-left in-legacy-container\" style=\"text-align:left;--awb-max-width:200px;--awb-caption-title-font-family:var(--h2_typography-font-family);--awb-caption-title-font-weight:var(--h2_typography-font-weight);--awb-caption-title-font-style:var(--h2_typography-font-style);--awb-caption-title-size:var(--h2_typography-font-size);--awb-caption-title-transform:var(--h2_typography-text-transform);--awb-caption-title-line-height:var(--h2_typography-line-height);--awb-caption-title-letter-spacing:var(--h2_typography-letter-spacing);\"><span class=\" fusion-imageframe imageframe-none imageframe-1 hover-type-none\" style=\"margin-right:25px;float:left;\"><img decoding=\"async\" width=\"1024\" height=\"215\" title=\"FR Financ\u00e9 Par L\u2019Union Europ\u00e9enne POS\" src=\"https:\/\/www.service-public.pf\/diren\/wp-content\/uploads\/sites\/17\/2024\/01\/FR-Finance-par-lUnion-europeenne-POS-1024x215.jpg\" alt class=\"img-responsive wp-image-5714\" srcset=\"https:\/\/www.service-public.pf\/diren\/wp-content\/uploads\/sites\/17\/2024\/01\/FR-Finance-par-lUnion-europeenne-POS-200x42.jpg 200w, https:\/\/www.service-public.pf\/diren\/wp-content\/uploads\/sites\/17\/2024\/01\/FR-Finance-par-lUnion-europeenne-POS-400x84.jpg 400w, https:\/\/www.service-public.pf\/diren\/wp-content\/uploads\/sites\/17\/2024\/01\/FR-Finance-par-lUnion-europeenne-POS-600x126.jpg 600w, https:\/\/www.service-public.pf\/diren\/wp-content\/uploads\/sites\/17\/2024\/01\/FR-Finance-par-lUnion-europeenne-POS-800x168.jpg 800w, https:\/\/www.service-public.pf\/diren\/wp-content\/uploads\/sites\/17\/2024\/01\/FR-Finance-par-lUnion-europeenne-POS-1200x252.jpg 1200w\" sizes=\"(max-width: 800px) 100vw, 1200px\" \/><\/span><\/div><div class=\"fusion-clearfix\"><\/div><\/div><\/div><\/div><\/div><div class=\"fusion-fullwidth fullwidth-box fusion-builder-row-2 has-pattern-background has-mask-background nonhundred-percent-fullwidth non-hundred-percent-height-scrolling\" style=\"--awb-border-radius-top-left:0px;--awb-border-radius-top-right:0px;--awb-border-radius-bottom-right:0px;--awb-border-radius-bottom-left:0px;--awb-margin-top:10px;--awb-margin-bottom:10px;--awb-flex-wrap:wrap;\" ><div class=\"fusion-builder-row fusion-row\"><div class=\"fusion-layout-column fusion_builder_column fusion-builder-column-1 fusion_builder_column_1_1 1_1 fusion-one-full fusion-column-first fusion-column-last\" style=\"--awb-bg-size:cover;--awb-margin-bottom:0px;\"><div class=\"fusion-column-wrapper fusion-flex-column-wrapper-legacy\"><div class=\"fusion-sep-clear\"><\/div><div class=\"fusion-separator fusion-full-width-sep\" style=\"margin-left: auto;margin-right: auto;width:100%;\"><div class=\"fusion-separator-border sep-double sep-solid\" style=\"--awb-height:20px;--awb-amount:20px;--awb-sep-color:#a0ce4e;border-color:#a0ce4e;border-top-width:1px;border-bottom-width:1px;\"><\/div><\/div><div class=\"fusion-sep-clear\"><\/div><div class=\"fusion-clearfix\"><\/div><\/div><\/div><div class=\"fusion-layout-column fusion_builder_column fusion-builder-column-2 fusion_builder_column_1_1 1_1 fusion-one-full fusion-column-first fusion-column-last\" style=\"--awb-bg-color:#a0ce4e;--awb-bg-color-hover:#a0ce4e;--awb-bg-size:cover;--awb-margin-top:50px;--awb-margin-bottom:50px;\" data-scroll-devices=\"small-visibility,medium-visibility,large-visibility\"><div class=\"fusion-column-wrapper fusion-column-has-shadow fusion-flex-column-wrapper-legacy\"><div class=\"fusion-text fusion-text-2\"><h2><strong><img decoding=\"async\" class=\"alignleft\" src=\"https:\/\/www.service-public.pf\/diren\/wp-content\/uploads\/sites\/17\/2023\/12\/PDE.png\" width=\"192\" height=\"271\" \/> Politique de l&rsquo;eau<\/strong><\/h2>\n<p>La politique de l&rsquo;eau, adopt\u00e9e par d\u00e9lib\u00e9ration n\u00b0 2021-62 APF du 17 juin 2021, s&rsquo;articule autour de trois orientations strat\u00e9giques :<\/p>\n<p style=\"padding-left: 200px\">A) D\u00e9velopper des services publics de l&rsquo;eau ax\u00e9s sur la qualit\u00e9 de la ressource en eau.<\/p>\n<p style=\"padding-left: 200px\">B) Pr\u00e9server les fonctionnalit\u00e9s du grand cycle de l&rsquo;eau pour b\u00e9n\u00e9ficier durablement de \u00ab\u00a0l&rsquo;or bleu\u00a0\u00bb.<\/p>\n<p style=\"padding-left: 200px\">C) D\u00e9velopper une gouvernance de l&rsquo;eau adapt\u00e9e.<\/p>\n<p>T\u00e9l\u00e9charger le document\u00a0\u00a0\u00a0 <a href=\"https:\/\/www.service-public.pf\/diren\/wp-content\/uploads\/sites\/17\/2023\/12\/Politique_Eau.pdf\"><img decoding=\"async\" class=\"alignnone wp-image-4520\" src=\"https:\/\/www.service-public.pf\/diren\/wp-content\/uploads\/sites\/17\/Themes\/icones\/iconmonstr-note-23-240-200x200.png\" alt=\"\" width=\"23\" height=\"23\" srcset=\"https:\/\/www.service-public.pf\/diren\/wp-content\/uploads\/sites\/17\/Themes\/icones\/iconmonstr-note-23-240-66x66.png 66w, https:\/\/www.service-public.pf\/diren\/wp-content\/uploads\/sites\/17\/Themes\/icones\/iconmonstr-note-23-240-150x150.png 150w, https:\/\/www.service-public.pf\/diren\/wp-content\/uploads\/sites\/17\/Themes\/icones\/iconmonstr-note-23-240-200x200.png 200w, https:\/\/www.service-public.pf\/diren\/wp-content\/uploads\/sites\/17\/Themes\/icones\/iconmonstr-note-23-240.png 240w\" sizes=\"(max-width: 23px) 100vw, 23px\" \/><\/a><\/p>\n<\/div><div class=\"fusion-clearfix\"><\/div><\/div><\/div><\/div><\/div><div class=\"fusion-fullwidth fullwidth-box fusion-builder-row-3 nonhundred-percent-fullwidth non-hundred-percent-height-scrolling\" style=\"--awb-border-radius-top-left:0px;--awb-border-radius-top-right:0px;--awb-border-radius-bottom-right:0px;--awb-border-radius-bottom-left:0px;--awb-margin-top:10px;--awb-flex-wrap:wrap;\" ><div class=\"fusion-builder-row fusion-row\"><div class=\"fusion-layout-column fusion_builder_column fusion-builder-column-3 fusion_builder_column_1_1 1_1 fusion-one-full fusion-column-first fusion-column-last\" style=\"--awb-bg-size:cover;--awb-margin-bottom:0px;\"><div class=\"fusion-column-wrapper fusion-flex-column-wrapper-legacy\"><div class=\"fusion-sep-clear\"><\/div><div class=\"fusion-separator fusion-full-width-sep\" style=\"margin-left: auto;margin-right: auto;width:100%;\"><div class=\"fusion-separator-border sep-double sep-solid\" style=\"--awb-height:20px;--awb-amount:20px;--awb-sep-color:#a0ce4e;border-color:#a0ce4e;border-top-width:1px;border-bottom-width:1px;\"><\/div><\/div><div class=\"fusion-sep-clear\"><\/div><div class=\"fusion-clearfix\"><\/div><\/div><\/div><div class=\"fusion-layout-column fusion_builder_column fusion-builder-column-4 fusion_builder_column_1_1 1_1 fusion-one-full fusion-column-first fusion-column-last\" style=\"--awb-bg-color:#a0ce4e;--awb-bg-color-hover:#a0ce4e;--awb-bg-size:cover;--awb-margin-top:50px;--awb-margin-bottom:0px;\" data-scroll-devices=\"small-visibility,medium-visibility,large-visibility\"><div class=\"fusion-column-wrapper fusion-column-has-shadow fusion-flex-column-wrapper-legacy\"><div class=\"fusion-text fusion-text-3\"><h2><strong><img decoding=\"async\" class=\"img-responsive wp-image-5673 alignleft\" src=\"https:\/\/www.service-public.pf\/diren\/wp-content\/uploads\/sites\/17\/2023\/12\/PA.png\" alt=\"\" width=\"192\" height=\"279\" srcset=\"https:\/\/www.service-public.pf\/diren\/wp-content\/uploads\/sites\/17\/2023\/12\/PA-200x291.png 200w, https:\/\/www.service-public.pf\/diren\/wp-content\/uploads\/sites\/17\/2023\/12\/PA-206x300.png 206w, https:\/\/www.service-public.pf\/diren\/wp-content\/uploads\/sites\/17\/2023\/12\/PA-400x581.png 400w, https:\/\/www.service-public.pf\/diren\/wp-content\/uploads\/sites\/17\/2023\/12\/PA-600x872.png 600w, https:\/\/www.service-public.pf\/diren\/wp-content\/uploads\/sites\/17\/2023\/12\/PA.png 613w\" sizes=\"(max-width: 192px) 100vw, 192px\" \/>Plan d&rsquo;actions d\u00e9taill\u00e9 2021-2025<\/strong><\/h2>\n<p>La Politique de l\u2019eau s\u2019est concr\u00e9tis\u00e9e par un premier plan d\u2019actions couvrant la p\u00e9riode 2021-2025. Les indicateurs de suivi ont \u00e9t\u00e9 d\u00e9finis exclusivement \u00e0 partir des domaines relevant des comp\u00e9tences de la Polyn\u00e9sie fran\u00e7aise, \u00e0 l\u2019exclusion de celles des communes. Ce plan a permis de structurer les premi\u00e8res \u00e9tapes de la mise en \u0153uvre de la politique.<\/p>\n<p>Le plan d&rsquo;actions strat\u00e9gique pr\u00e9sentait un ensemble de 63 actions.<\/p>\n<p>T\u00e9l\u00e9charger le plan d&rsquo;actions initial <a href=\"https:\/\/www.service-public.pf\/diren\/wp-content\/uploads\/sites\/17\/2023\/12\/Plan-actions-detaille-de-la-Pde-Eau-valide-COPIL-31_08_2023.pdf\"><img decoding=\"async\" class=\"alignnone wp-image-4520\" src=\"https:\/\/www.service-public.pf\/diren\/wp-content\/uploads\/sites\/17\/Themes\/icones\/iconmonstr-note-23-240-200x200.png\" alt=\"\" width=\"23\" height=\"23\" srcset=\"https:\/\/www.service-public.pf\/diren\/wp-content\/uploads\/sites\/17\/Themes\/icones\/iconmonstr-note-23-240-66x66.png 66w, https:\/\/www.service-public.pf\/diren\/wp-content\/uploads\/sites\/17\/Themes\/icones\/iconmonstr-note-23-240-150x150.png 150w, https:\/\/www.service-public.pf\/diren\/wp-content\/uploads\/sites\/17\/Themes\/icones\/iconmonstr-note-23-240-200x200.png 200w, https:\/\/www.service-public.pf\/diren\/wp-content\/uploads\/sites\/17\/Themes\/icones\/iconmonstr-note-23-240.png 240w\" sizes=\"(max-width: 23px) 100vw, 23px\" \/><\/a><\/p>\n<p>T\u00e9l\u00e9charger la derni\u00e8re r\u00e9vision\u00a0 <a href=\"https:\/\/www.service-public.pf\/diren\/wp-content\/uploads\/sites\/17\/2026\/03\/Plan-daction-2021-2025-revise.pdf\"><img decoding=\"async\" class=\"alignnone wp-image-4520\" src=\"https:\/\/www.service-public.pf\/diren\/wp-content\/uploads\/sites\/17\/Themes\/icones\/iconmonstr-note-23-240-200x200.png\" alt=\"\" width=\"23\" height=\"23\" srcset=\"https:\/\/www.service-public.pf\/diren\/wp-content\/uploads\/sites\/17\/Themes\/icones\/iconmonstr-note-23-240-66x66.png 66w, https:\/\/www.service-public.pf\/diren\/wp-content\/uploads\/sites\/17\/Themes\/icones\/iconmonstr-note-23-240-150x150.png 150w, https:\/\/www.service-public.pf\/diren\/wp-content\/uploads\/sites\/17\/Themes\/icones\/iconmonstr-note-23-240-200x200.png 200w, https:\/\/www.service-public.pf\/diren\/wp-content\/uploads\/sites\/17\/Themes\/icones\/iconmonstr-note-23-240.png 240w\" sizes=\"(max-width: 23px) 100vw, 23px\" \/><\/a><\/p>\n<\/div><div class=\"fusion-clearfix\"><\/div><\/div><\/div><\/div><\/div><div class=\"fusion-fullwidth fullwidth-box fusion-builder-row-4 nonhundred-percent-fullwidth non-hundred-percent-height-scrolling\" style=\"--awb-border-radius-top-left:0px;--awb-border-radius-top-right:0px;--awb-border-radius-bottom-right:0px;--awb-border-radius-bottom-left:0px;--awb-margin-top:10px;--awb-flex-wrap:wrap;\" ><div class=\"fusion-builder-row fusion-row\"><div class=\"fusion-layout-column fusion_builder_column fusion-builder-column-5 fusion_builder_column_1_1 1_1 fusion-one-full fusion-column-first fusion-column-last\" style=\"--awb-bg-size:cover;--awb-margin-bottom:0px;\"><div class=\"fusion-column-wrapper fusion-flex-column-wrapper-legacy\"><div class=\"fusion-sep-clear\"><\/div><div class=\"fusion-separator fusion-full-width-sep\" style=\"margin-left: auto;margin-right: auto;width:100%;\"><div class=\"fusion-separator-border sep-double sep-solid\" style=\"--awb-height:20px;--awb-amount:20px;--awb-sep-color:#a0ce4e;border-color:#a0ce4e;border-top-width:1px;border-bottom-width:1px;\"><\/div><\/div><div class=\"fusion-sep-clear\"><\/div><div class=\"fusion-clearfix\"><\/div><\/div><\/div><div class=\"fusion-layout-column fusion_builder_column fusion-builder-column-6 fusion_builder_column_1_1 1_1 fusion-one-full fusion-column-first fusion-column-last\" style=\"--awb-bg-color:#a0ce4e;--awb-bg-color-hover:#a0ce4e;--awb-bg-size:cover;--awb-margin-top:50px;--awb-margin-bottom:0px;\" data-scroll-devices=\"small-visibility,medium-visibility,large-visibility\"><div class=\"fusion-column-wrapper fusion-column-has-shadow fusion-flex-column-wrapper-legacy\"><div class=\"fusion-text fusion-text-4\"><h2><strong><img decoding=\"async\" class=\"img-responsive wp-image-6617 size-medium alignleft\" src=\"https:\/\/www.service-public.pf\/diren\/wp-content\/uploads\/sites\/17\/2026\/03\/1ere-page-et-annexe-PA2-212x300.png\" alt=\"\" width=\"212\" height=\"300\" srcset=\"https:\/\/www.service-public.pf\/diren\/wp-content\/uploads\/sites\/17\/2026\/03\/1ere-page-et-annexe-PA2-200x283.png 200w, https:\/\/www.service-public.pf\/diren\/wp-content\/uploads\/sites\/17\/2026\/03\/1ere-page-et-annexe-PA2-212x300.png 212w, https:\/\/www.service-public.pf\/diren\/wp-content\/uploads\/sites\/17\/2026\/03\/1ere-page-et-annexe-PA2-400x566.png 400w, https:\/\/www.service-public.pf\/diren\/wp-content\/uploads\/sites\/17\/2026\/03\/1ere-page-et-annexe-PA2-600x849.png 600w, https:\/\/www.service-public.pf\/diren\/wp-content\/uploads\/sites\/17\/2026\/03\/1ere-page-et-annexe-PA2-724x1024.png 724w, https:\/\/www.service-public.pf\/diren\/wp-content\/uploads\/sites\/17\/2026\/03\/1ere-page-et-annexe-PA2-768x1086.png 768w, https:\/\/www.service-public.pf\/diren\/wp-content\/uploads\/sites\/17\/2026\/03\/1ere-page-et-annexe-PA2-800x1132.png 800w, https:\/\/www.service-public.pf\/diren\/wp-content\/uploads\/sites\/17\/2026\/03\/1ere-page-et-annexe-PA2-1086x1536.png 1086w, https:\/\/www.service-public.pf\/diren\/wp-content\/uploads\/sites\/17\/2026\/03\/1ere-page-et-annexe-PA2-1200x1697.png 1200w, https:\/\/www.service-public.pf\/diren\/wp-content\/uploads\/sites\/17\/2026\/03\/1ere-page-et-annexe-PA2.png 1414w\" sizes=\"(max-width: 212px) 100vw, 212px\" \/><\/strong><\/h2>\n<h2><strong>Plan d&rsquo;actions d\u00e9taill\u00e9 2026-2030<\/strong><\/h2>\n<p>Un deuxi\u00e8me plan d\u2019actions a \u00e9t\u00e9 \u00e9labor\u00e9 pour la p\u00e9riode 2026-2030. Valid\u00e9 lors du COPIL du 18 novembre 2025, puis approuv\u00e9 par l\u2019arr\u00eat\u00e9 n\u00b0 019\/CM du 13 janvier 2026 du Conseil des ministres, il pr\u00e9voit 20 r\u00e9sultats attendus et d\u00e9cline 71 actions.<\/p>\n<p>T\u00e9l\u00e9charger le document\u00a0\u00a0\u00a0 <a href=\"https:\/\/www.service-public.pf\/diren\/wp-content\/uploads\/sites\/17\/2026\/03\/Plan-dactions-n\u00b02-2026-2030.pdf\"><img decoding=\"async\" class=\"alignnone wp-image-4520\" src=\"https:\/\/www.service-public.pf\/diren\/wp-content\/uploads\/sites\/17\/Themes\/icones\/iconmonstr-note-23-240-200x200.png\" alt=\"\" width=\"23\" height=\"23\" srcset=\"https:\/\/www.service-public.pf\/diren\/wp-content\/uploads\/sites\/17\/Themes\/icones\/iconmonstr-note-23-240-66x66.png 66w, https:\/\/www.service-public.pf\/diren\/wp-content\/uploads\/sites\/17\/Themes\/icones\/iconmonstr-note-23-240-150x150.png 150w, https:\/\/www.service-public.pf\/diren\/wp-content\/uploads\/sites\/17\/Themes\/icones\/iconmonstr-note-23-240-200x200.png 200w, https:\/\/www.service-public.pf\/diren\/wp-content\/uploads\/sites\/17\/Themes\/icones\/iconmonstr-note-23-240.png 240w\" sizes=\"(max-width: 23px) 100vw, 23px\" \/><\/a><\/p>\n<\/div><div class=\"fusion-clearfix\"><\/div><\/div><\/div><\/div><\/div><\/p>\n","protected":false},"excerpt":{"rendered":"","protected":false},"author":33,"featured_media":0,"parent":75,"menu_order":0,"comment_status":"closed","ping_status":"closed","template":"","meta":{"_acf_changed":false,"_seopress_robots_primary_cat":"","_seopress_titles_title":"","_seopress_titles_desc":"","_seopress_robots_index":"","footnotes":""},"class_list":["post-5676","page","type-page","status-publish","hentry"],"acf":[],"_links":{"self":[{"href":"https:\/\/www.service-public.pf\/diren\/wp-json\/wp\/v2\/pages\/5676","targetHints":{"allow":["GET"]}}],"collection":[{"href":"https:\/\/www.service-public.pf\/diren\/wp-json\/wp\/v2\/pages"}],"about":[{"href":"https:\/\/www.service-public.pf\/diren\/wp-json\/wp\/v2\/types\/page"}],"author":[{"embeddable":true,"href":"https:\/\/www.service-public.pf\/diren\/wp-json\/wp\/v2\/users\/33"}],"replies":[{"embeddable":true,"href":"https:\/\/www.service-public.pf\/diren\/wp-json\/wp\/v2\/comments?post=5676"}],"version-history":[{"count":4,"href":"https:\/\/www.service-public.pf\/diren\/wp-json\/wp\/v2\/pages\/5676\/revisions"}],"predecessor-version":[{"id":6619,"href":"https:\/\/www.service-public.pf\/diren\/wp-json\/wp\/v2\/pages\/5676\/revisions\/6619"}],"up":[{"embeddable":true,"href":"https:\/\/www.service-public.pf\/diren\/wp-json\/wp\/v2\/pages\/75"}],"wp:attachment":[{"href":"https:\/\/www.service-public.pf\/diren\/wp-json\/wp\/v2\/media?parent=5676"}],"curies":[{"name":"wp","href":"https:\/\/api.w.org\/{rel}","templated":true}]}}