{"id":983,"date":"2024-12-05T21:50:11","date_gmt":"2024-12-05T20:50:11","guid":{"rendered":"https:\/\/www.service-public.pf\/douane\/?page_id=983"},"modified":"2025-03-06T20:53:12","modified_gmt":"2025-03-06T19:53:12","slug":"le-dedouanement-des-marchandises","status":"publish","type":"page","link":"https:\/\/www.service-public.pf\/douane\/professionnels\/procedure-de-dedouanement\/le-dedouanement-des-marchandises\/","title":{"rendered":"Le d\u00e9douanement des marchandises"},"content":{"rendered":"<div class=\"fusion-fullwidth fullwidth-box fusion-builder-row-1 fusion-flex-container fusion-parallax-none nonhundred-percent-fullwidth non-hundred-percent-height-scrolling\" style=\"--awb-background-position:right center;--awb-background-repeat:repeat-y;--awb-border-radius-top-left:0px;--awb-border-radius-top-right:0px;--awb-border-radius-bottom-right:0px;--awb-border-radius-bottom-left:0px;--awb-padding-top:15px;--awb-padding-right:100px;--awb-padding-bottom:75px;--awb-padding-left:100px;--awb-padding-right-medium:2rem;--awb-padding-left-medium:2rem;--awb-margin-top:0px;--awb-background-color:rgba(169,183,222,0.65);--awb-background-image:url(&quot;https:\/\/www.service-public.pf\/douane\/wp-content\/uploads\/sites\/18\/2024\/12\/MOTIF-592x1024.png&quot;);--awb-background-size:600px;--awb-flex-wrap:wrap;\" ><div class=\"fusion-builder-row fusion-row fusion-flex-align-items-flex-start fusion-flex-content-wrap\" style=\"max-width:1144px;margin-left: calc(-4% \/ 2 );margin-right: calc(-4% \/ 2 );\"><div class=\"fusion-layout-column fusion_builder_column fusion-builder-column-0 fusion_builder_column_1_1 1_1 fusion-flex-column\" style=\"--awb-bg-size:cover;--awb-width-large:100%;--awb-margin-top-large:0px;--awb-spacing-right-large:1.92%;--awb-margin-bottom-large:44px;--awb-spacing-left-large:0%;--awb-width-medium:100%;--awb-order-medium:0;--awb-spacing-right-medium:1.92%;--awb-spacing-left-medium:1.92%;--awb-width-small:100%;--awb-order-small:0;--awb-spacing-right-small:1.92%;--awb-spacing-left-small:1.92%;\"><div class=\"fusion-column-wrapper fusion-column-has-shadow fusion-flex-justify-content-flex-start fusion-content-layout-column\"><nav class=\"fusion-breadcrumbs fusion-breadcrumbs-1\" style=\"--awb-font-size:12px;--awb-text-hover-color:var(--awb-color4);--awb-text-color:var(--awb-color2);--awb-breadcrumb-sep:&#039;\/&#039;;\" aria-label=\"Breadcrumb\"><ol class=\"awb-breadcrumb-list\"><li class=\"fusion-breadcrumb-item awb-breadcrumb-sep awb-home\" ><a href=\"https:\/\/www.service-public.pf\/douane\" class=\"fusion-breadcrumb-link\"><span >Home<\/span><\/a><\/li><\/ol><\/nav><\/div><\/div>\n<div class=\"fusion-layout-column fusion_builder_column fusion-builder-column-1 fusion_builder_column_1_1 1_1 fusion-flex-column\" style=\"--awb-bg-size:cover;--awb-width-large:100%;--awb-margin-top-large:0px;--awb-spacing-right-large:1.92%;--awb-margin-bottom-large:20px;--awb-spacing-left-large:1.92%;--awb-width-medium:100%;--awb-order-medium:1;--awb-spacing-right-medium:1.92%;--awb-spacing-left-medium:1.92%;--awb-width-small:100%;--awb-order-small:1;--awb-spacing-right-small:1.92%;--awb-margin-bottom-small:49px;--awb-spacing-left-small:1.92%;\"><div class=\"fusion-column-wrapper fusion-column-has-shadow fusion-flex-justify-content-flex-start fusion-content-layout-column\"><div class=\"fusion-text fusion-text-1 fusion-text-no-margin\" style=\"--awb-content-alignment:center;--awb-font-size:40px;--awb-line-height:1;--awb-text-color:var(--awb-color2);--awb-margin-bottom:25px;\"><h2 class=\"fusion-responsive-typography-calculated\" style=\"--fontsize: 42;line-height: 1;text-align: center\" data-fontsize=\"42\" data-lineheight=\"42px\">Le d\u00e9douanement des marchandises<\/h2>\n<\/div><div class=\"fusion-text fusion-text-2 fusion-text-no-margin\" style=\"--awb-content-alignment:justify;--awb-letter-spacing:0.26px;--awb-margin-top:10px;--awb-margin-bottom:10px;--awb-text-font-family:&quot;Roboto&quot;;--awb-text-font-style:normal;--awb-text-font-weight:300;\"><p><b>Quelle que soit la marchandise que vous souhaitez importer, vous pouvez d\u00e9terminer pr\u00e9cis\u00e9ment les droits de douane et les taxes applicables en fonction de la nature du produit achet\u00e9, du pays de fabrication et de sa valeur.<\/b><\/p>\n<p>Importer ou exporter une marchandise n\u00e9cessite de pouvoir :<b><br \/><\/b><\/p>\n<\/div><ul style=\"--awb-margin-bottom:40px;--awb-line-height:23.8px;--awb-icon-width:23.8px;--awb-icon-height:23.8px;--awb-icon-margin:9.8px;--awb-content-margin:33.6px;--awb-circlecolor:var(--awb-color2);--awb-circle-yes-font-size:12.32px;\" class=\"fusion-checklist fusion-checklist-1 fusion-checklist-default type-numbered\"><li class=\"fusion-li-item\" style=\"\"><span class=\"icon-wrapper circle-yes\">1<\/span><div class=\"fusion-li-item-content\">Classer le produit \u00e0 exporter ou \u00e0 importer dans la <b>NOMENCLATURE DOUANI\u00c8RE<\/b> pour anticiper les formalit\u00e9s \u00e0 accomplir lors des diff\u00e9rents passages en douane.<\/div><\/li><li class=\"fusion-li-item\" style=\"\"><span class=\"icon-wrapper circle-yes\">2<\/span><div class=\"fusion-li-item-content\">D\u00e9terminer l\u2019<b>ORIGINE DE FABRICATION<\/b> du produit afin d\u2019affiner les mesures du commerce ext\u00e9rieur \u00e0 appliquer.<\/div><\/li><li class=\"fusion-li-item\" style=\"\"><span class=\"icon-wrapper circle-yes\">3<\/span><div class=\"fusion-li-item-content\">D\u00e9terminer la <b>VALEUR<\/b> du produit afin de permettre aux douanes de calculer les droits de douane et la TVA ainsi que les autres taxes \u00e9ventuelles.<\/div><\/li><\/ul><div class=\"fusion-title title fusion-title-1 fusion-sep-none fusion-title-text fusion-title-size-three\" style=\"--awb-margin-top:10px;--awb-margin-bottom:10px;--awb-margin-top-small:0px;--awb-margin-right-small:0px;--awb-margin-bottom-small:20px;--awb-margin-left-small:0px;\"><h3 class=\"fusion-title-heading title-heading-left\" style=\"margin:0;\">Comment trouver le code douanier d&rsquo;un produit \u00e0 exporter ou \u00e0 importer ?<\/h3><\/div><div class=\"fusion-text fusion-text-3 fusion-text-no-margin\" style=\"--awb-content-alignment:justify;--awb-letter-spacing:0.26px;--awb-margin-top:10px;--awb-margin-bottom:10px;--awb-text-font-family:&quot;Roboto&quot;;--awb-text-font-style:normal;--awb-text-font-weight:300;\"><p>Il faut d&rsquo;abord le d\u00e9terminer dans la nomenclature douani\u00e8re qui est un outil de classification des marchandises mis en place pour r\u00e9pondre aux exigences du tarif douanier et des statistiques du commerce ext\u00e9rieur. Elle se fonde sur la nomenclature du syst\u00e8me harmonis\u00e9 de l\u2019Organisation mondiale des douanes.<\/p>\n<p>C&rsquo;est un syst\u00e8me de d\u00e9signation et de codification international des marchandises, servant de r\u00e9f\u00e9rence pour d\u00e9terminer le taux des droits de douane applicable \u00e0 une marchandise. Cette classification comporte \u00e0 ce jour 99 chapitres formant 22 sections. Chaque section vise une cat\u00e9gorie de produits, chaque chapitre vise une famille de produits.<\/p>\n<p>Chaque produit correspond donc \u00e0 un code donn\u00e9 comportant 8 caract\u00e8res qui lui-m\u00eame renvoie \u00e0 des dispositions l\u00e9gales et r\u00e9glementaires applicables \u00e0 ce produit :<\/p>\n<\/div><ul style=\"--awb-margin-bottom:10px;--awb-line-height:23.8px;--awb-icon-width:23.8px;--awb-icon-height:23.8px;--awb-icon-margin:9.8px;--awb-content-margin:33.6px;--awb-circlecolor:var(--awb-color2);--awb-circle-yes-font-size:12.32px;\" class=\"fusion-checklist fusion-checklist-2 fusion-checklist-default type-numbered\"><li class=\"fusion-li-item\" style=\"\"><span class=\"icon-wrapper circle-yes\">1<\/span><div class=\"fusion-li-item-content\">Lorsque celui-ci est import\u00e9 sur le territoire polyn\u00e9sien sous le r\u00e9gime de mise \u00e0 la consommation ;<\/div><\/li><li class=\"fusion-li-item\" style=\"\"><span class=\"icon-wrapper circle-yes\">2<\/span><div class=\"fusion-li-item-content\">Lorsque celui-ci est export\u00e9 hors du m\u00eame territoire sous le r\u00e9gime de la simple sortie.<\/div><\/li><\/ul><div class=\"fusion-text fusion-text-4\" style=\"--awb-text-font-family:&quot;Roboto&quot;;--awb-text-font-style:normal;--awb-text-font-weight:300;\"><p>Lors de l&rsquo;\u00e9tablissement de la d\u00e9claration en douane, vous devez indiquer ce num\u00e9ro en case 33 (33 Code des marchandises).<\/p>\n<p><a style=\"color: var(--awb-color2)\" href=\"https:\/\/www.service-public.pf\/douane\/professionnels\/procedure-de-dedouanement-et-la-simulation-dune-taxation\/le-tarif-douanier\/\"><b>Le tarif douanier de la Polyn\u00e9sie fran\u00e7aise est consultable ici.<\/b><\/a><\/p>\n<p><a style=\"color: var(--awb-color2)\" href=\"https:\/\/simulateur-douane-polynesie.com\/\"><b>Le simulateur des droits et taxes est accessible ici.<\/b><\/a><\/p>\n<\/div><\/div><\/div><\/div><\/div>\n","protected":false},"excerpt":{"rendered":"","protected":false},"author":341,"featured_media":0,"parent":979,"menu_order":0,"comment_status":"closed","ping_status":"closed","template":"100-width.php","meta":{"_seopress_robots_primary_cat":"","_seopress_titles_title":"","_seopress_titles_desc":"","_seopress_robots_index":"","footnotes":""},"class_list":["post-983","page","type-page","status-publish","hentry"],"_links":{"self":[{"href":"https:\/\/www.service-public.pf\/douane\/wp-json\/wp\/v2\/pages\/983","targetHints":{"allow":["GET"]}}],"collection":[{"href":"https:\/\/www.service-public.pf\/douane\/wp-json\/wp\/v2\/pages"}],"about":[{"href":"https:\/\/www.service-public.pf\/douane\/wp-json\/wp\/v2\/types\/page"}],"author":[{"embeddable":true,"href":"https:\/\/www.service-public.pf\/douane\/wp-json\/wp\/v2\/users\/341"}],"replies":[{"embeddable":true,"href":"https:\/\/www.service-public.pf\/douane\/wp-json\/wp\/v2\/comments?post=983"}],"version-history":[{"count":7,"href":"https:\/\/www.service-public.pf\/douane\/wp-json\/wp\/v2\/pages\/983\/revisions"}],"predecessor-version":[{"id":2816,"href":"https:\/\/www.service-public.pf\/douane\/wp-json\/wp\/v2\/pages\/983\/revisions\/2816"}],"up":[{"embeddable":true,"href":"https:\/\/www.service-public.pf\/douane\/wp-json\/wp\/v2\/pages\/979"}],"wp:attachment":[{"href":"https:\/\/www.service-public.pf\/douane\/wp-json\/wp\/v2\/media?parent=983"}],"curies":[{"name":"wp","href":"https:\/\/api.w.org\/{rel}","templated":true}]}}