{"id":851,"date":"2018-04-11T09:23:25","date_gmt":"2018-04-11T07:23:25","guid":{"rendered":"https:\/\/www.service-public.pf\/dpam\/?page_id=851"},"modified":"2024-09-09T08:22:25","modified_gmt":"2024-09-09T18:22:25","slug":"la-location-de-vnm-jet-ski","status":"publish","type":"page","link":"https:\/\/www.service-public.pf\/dpam\/la-location-de-vnm-jet-ski\/","title":{"rendered":"La location de VNM (jet-ski)"},"content":{"rendered":"<p><div class=\"fusion-fullwidth fullwidth-box fusion-builder-row-1 fusion-flex-container nonhundred-percent-fullwidth non-hundred-percent-height-scrolling\" style=\"--awb-border-radius-top-left:0px;--awb-border-radius-top-right:0px;--awb-border-radius-bottom-right:0px;--awb-border-radius-bottom-left:0px;--awb-flex-wrap:wrap;\" ><div class=\"fusion-builder-row fusion-row fusion-flex-align-items-flex-start fusion-flex-content-wrap\" style=\"max-width:1144px;margin-left: calc(-4% \/ 2 );margin-right: calc(-4% \/ 2 );\"><div class=\"fusion-layout-column fusion_builder_column fusion-builder-column-0 fusion_builder_column_3_4 3_4 fusion-flex-column\" style=\"--awb-bg-size:cover;--awb-width-large:75%;--awb-margin-top-large:0px;--awb-spacing-right-large:2.56%;--awb-margin-bottom-large:20px;--awb-spacing-left-large:2.56%;--awb-width-medium:100%;--awb-order-medium:0;--awb-spacing-right-medium:1.92%;--awb-spacing-left-medium:1.92%;--awb-width-small:100%;--awb-order-small:0;--awb-spacing-right-small:1.92%;--awb-spacing-left-small:1.92%;\"><div class=\"fusion-column-wrapper fusion-column-has-shadow fusion-flex-justify-content-flex-start fusion-content-layout-column\"><div class=\"fusion-title title fusion-title-1 fusion-sep-none fusion-title-center fusion-title-text fusion-title-size-one\" style=\"--awb-margin-top-small:0px;--awb-margin-right-small:0px;--awb-margin-bottom-small:20px;--awb-margin-left-small:0px;--awb-sep-color:#b39b00;\"><h1 class=\"fusion-title-heading title-heading-center\" style=\"margin:0;\"><p style=\"text-align: center\"><span style=\"color: #004b87\"><strong>La location de VNM (jet-ski)<\/strong><\/span><\/p><\/h1><\/div><div class=\"fusion-separator\" style=\"align-self: center;margin-left: auto;margin-right: auto;margin-top:-15px;margin-bottom:40px;width:100%;max-width:100px;\"><div class=\"fusion-separator-border sep-single\" style=\"--awb-height:20px;--awb-amount:20px;border-color:#b39b00;border-top-width:5px;\"><\/div><\/div><div class=\"fusion-separator fusion-full-width-sep\" style=\"align-self: center;margin-left: auto;margin-right: auto;margin-top:40px;width:100%;\"><\/div><div class=\"fusion-text fusion-text-1\"><p>Le jet-ski est une petite embarcation propuls\u00e9e par le jet d\u2019eau d\u2019un moteur \u00e0 turbine.<\/p>\n<ul>\n<li><strong>le jet-ski \u00e0 bras<\/strong><\/li>\n<\/ul>\n<p>C\u2019est un mod\u00e8le sans assise, le conducteur doit donc se tenir debout en \u00e9quilibre pour piloter l\u2019appareil.<\/p>\n<ul>\n<li><strong>le jet-ski \u00e0 selle<\/strong><\/li>\n<\/ul>\n<p>Affiche des dimensions largement sup\u00e9rieures et peut accueillir plusieurs personnes assises. Il est muni d\u2019un guidon avec des poign\u00e9es, une g\u00e2chette de gaz et un coupe-circuit qui doit \u00eatre reli\u00e9 au poignet du conducteur. En cas de chute de ce dernier, le coupe-circuit se d\u00e9tache et coupe instantan\u00e9ment le moteur.<\/p>\n<\/div><div class=\"fusion-text fusion-text-2\"><p><span style=\"font-size: 14pt\"><strong><span style=\"color: #004b87\">Infos +<\/span><\/strong><\/span><\/p>\n<\/div><div class=\"fusion-separator\" style=\"align-self: flex-start;margin-right:auto;margin-top:-15px;margin-bottom:40px;width:100%;max-width:100px;\"><div class=\"fusion-separator-border sep-single\" style=\"--awb-height:20px;--awb-amount:20px;border-color:#b39b00;border-top-width:5px;\"><\/div><\/div><div class=\"fusion-text fusion-text-3\"><p>Toute activit\u00e9 nautique professionnelle doit \u00eatre d\u00e9clar\u00e9e, elle engage votre responsabilit\u00e9 vis \u00e0 vis des assurances et des autorit\u00e9s. Certaines activit\u00e9s sont soumises \u00e0 agr\u00e9ment pr\u00e9alable (navigation en convoi de VNM), d\u2019autres sont d\u00e9claratives (location de navire sans obligation de d\u00e9tention de titre de conduite, location d\u2019engins de plage).<\/p>\n<p>Voici quelques \u00e9l\u00e9ments pour vous orienter.<\/p>\n<\/div><\/div><\/div><div class=\"fusion-layout-column fusion_builder_column fusion-builder-column-1 fusion_builder_column_1_4 1_4 fusion-flex-column\" style=\"--awb-padding-right:10px;--awb-padding-bottom:70px;--awb-padding-left:10px;--awb-bg-color:#f5f5f5;--awb-bg-color-hover:#f5f5f5;--awb-bg-size:cover;--awb-width-large:25%;--awb-margin-top-large:0px;--awb-spacing-right-large:7.68%;--awb-margin-bottom-large:20px;--awb-spacing-left-large:7.68%;--awb-width-medium:100%;--awb-order-medium:0;--awb-spacing-right-medium:1.92%;--awb-spacing-left-medium:1.92%;--awb-width-small:100%;--awb-order-small:0;--awb-spacing-right-small:1.92%;--awb-spacing-left-small:1.92%;\"><div class=\"fusion-column-wrapper fusion-column-has-shadow fusion-flex-justify-content-flex-start fusion-content-layout-column\"><div class=\"fusion-text fusion-text-4\" style=\"--awb-font-size:13px;--awb-margin-top:20px;--awb-margin-right:0px;--awb-margin-left:0px;\"><p style=\"text-align: center\"><span style=\"font-size: 10pt\"><strong><span style=\"color: #004b87\">CELLULE ACTIVITES NAUTIQUES\u00a0\u00a0<\/span><\/strong><\/span><\/p>\n<p style=\"text-align: center\"><span style=\"font-size: 10pt\"><strong><span style=\"color: #004b87\">HORAIRES<\/span><\/strong><\/span><\/p>\n<p style=\"text-align: center\"><span style=\"color: #004b87;font-size: 10pt\">7h30-13h00<\/span><br \/>\n<span style=\"color: #004b87;font-size: 10pt\">(sans RDV)<\/span><br \/>\n<span style=\"color: #004b87;font-size: 10pt\">13h00-15h30<\/span><br \/>\n<span style=\"color: #004b87;font-size: 10pt\">(uniquement sur RDV)<\/span><\/p>\n<p style=\"text-align: center\"><span style=\"font-size: 10pt\"><strong><span style=\"color: #004b87\">CONTACT<\/span><\/strong><\/span><\/p>\n<p style=\"text-align: center\"><span style=\"color: #004b87;font-size: 10pt\">T\u00e9l : 40.54.45.82<\/span><br \/>\n<a href=\"mailto:nautisme.dpam@administration.gov.pf\">nautisme.dpam@administration.gov.pf<\/a><\/p>\n<\/div><div ><a class=\"fusion-button button-flat fusion-button-default-size button-custom fusion-button-default button-1 fusion-button-span-yes fusion-button-default-type\" style=\"--awb-margin-top:0px;--awb-margin-right:10px;--awb-margin-bottom:0px;--awb-margin-left:0px;--button_accent_color:#ffffff;--button_border_color:#004b87;--button_accent_hover_color:#ffffff;--button_border_hover_color:#004b87;--button_border_width-top:10px;--button_border_width-right:0px;--button_border_width-bottom:10px;--button_border_width-left:0px;--button_gradient_end:0%;--button_gradient_top_color:#004b87;--button_gradient_bottom_color:#004b87;--button_gradient_top_color_hover:#004b87;--button_gradient_bottom_color_hover:#004b87;\" target=\"_blank\" rel=\"noopener noreferrer\" href=\"https:\/\/rdv-pf.jefile.fr\/#\/embedded\/DPAM\/lines\/6a8de714-65b7-4e32-b53c-b7a906c9a019%20\"><span class=\"fusion-button-text awb-button__text awb-button__text--default\">CLIQUEZ ICI<\/span><\/a><\/div><\/div><\/div><\/div><\/div><div class=\"fusion-fullwidth fullwidth-box fusion-builder-row-2 nonhundred-percent-fullwidth non-hundred-percent-height-scrolling\" style=\"--awb-border-radius-top-left:0px;--awb-border-radius-top-right:0px;--awb-border-radius-bottom-right:0px;--awb-border-radius-bottom-left:0px;--awb-flex-wrap:wrap;\" ><div class=\"fusion-builder-row fusion-row\"><div class=\"fusion-layout-column fusion_builder_column fusion-builder-column-2 fusion_builder_column_1_1 1_1 fusion-one-full fusion-column-first fusion-column-last\" style=\"--awb-bg-size:cover;\"><div class=\"fusion-column-wrapper fusion-flex-column-wrapper-legacy\"><div class=\"accordian fusion-accordian\" style=\"--awb-border-size:0px;--awb-icon-size:30px;--awb-content-font-size:15px;--awb-icon-alignment:right;--awb-hover-color:#f5f5f5;--awb-border-color:#070707;--awb-background-color:#f5f5f5;--awb-divider-color:#e0dede;--awb-divider-hover-color:#e0dede;--awb-icon-color:#ffffff;--awb-title-color:#366e8c;--awb-content-color:#004b87;--awb-icon-box-color:#f5f5f5;--awb-toggle-hover-accent-color:#0a103a;--awb-toggle-active-accent-color:#004b87;--awb-title-font-family:&quot;Oswald&quot;;--awb-title-font-weight:400;--awb-title-font-style:normal;--awb-title-font-size:15px;--awb-content-font-family:&quot;Roboto&quot;;--awb-content-font-style:normal;--awb-content-font-weight:400;\"><div class=\"panel-group fusion-toggle-icon-right fusion-toggle-icon-boxed\" id=\"accordion-851-1\"><div class=\"fusion-panel panel-default panel-17cefd287bfbb071b fusion-toggle-no-divider fusion-toggle-boxed-mode\" style=\"--awb-title-color:#366e8c;--awb-content-color:#000000;\"><div class=\"panel-heading\"><h4 class=\"panel-title toggle\" id=\"toggle_17cefd287bfbb071b\"><a aria-expanded=\"false\" aria-controls=\"17cefd287bfbb071b\" role=\"button\" data-toggle=\"collapse\" data-target=\"#17cefd287bfbb071b\" href=\"#17cefd287bfbb071b\"><span class=\"fusion-toggle-icon-wrapper\" aria-hidden=\"true\"><i class=\"fa-fusion-box active-icon fa-caret-down fas\" aria-hidden=\"true\"><\/i><i class=\"fa-fusion-box inactive-icon fa-caret-down fas\" aria-hidden=\"true\"><\/i><\/span><span class=\"fusion-toggle-heading\">Equipement<\/span><\/a><\/h4><\/div><div id=\"17cefd287bfbb071b\" class=\"panel-collapse collapse \" aria-labelledby=\"toggle_17cefd287bfbb071b\"><div class=\"panel-body toggle-content fusion-clearfix\">\n<p>Votre VNM doit \u00eatre immatricul\u00e9 et approuv\u00e9 par la Direction Polyn\u00e9sienne des Affaires Maritimes. Il doit \u00eatre \u00e9quip\u00e9 d\u2019un coupe-circuit, d\u2019un anneau de remorquage et d\u2019un cordage de trois fois sa longueur. Votre jet-ski doit aussi poss\u00e9der un compartiment \u00e9tanche contenant des feux de d\u00e9tresse automatiques \u00e0 main. Ses h\u00e9lices doivent \u00eatre car\u00e9n\u00e9es et les turbines \u00e9quip\u00e9es d\u2019une grille de protection pour \u00e9viter de blesser les baigneurs.<\/p>\n<\/div><\/div><\/div><div class=\"fusion-panel panel-default panel-396b15a6f4831635e fusion-toggle-no-divider fusion-toggle-boxed-mode\" style=\"--awb-title-color:#366e8c;--awb-content-color:#000000;\"><div class=\"panel-heading\"><h4 class=\"panel-title toggle\" id=\"toggle_396b15a6f4831635e\"><a aria-expanded=\"false\" aria-controls=\"396b15a6f4831635e\" role=\"button\" data-toggle=\"collapse\" data-target=\"#396b15a6f4831635e\" href=\"#396b15a6f4831635e\"><span class=\"fusion-toggle-icon-wrapper\" aria-hidden=\"true\"><i class=\"fa-fusion-box active-icon fa-caret-down fas\" aria-hidden=\"true\"><\/i><i class=\"fa-fusion-box inactive-icon fa-caret-down fas\" aria-hidden=\"true\"><\/i><\/span><span class=\"fusion-toggle-heading\">Permis <\/span><\/a><\/h4><\/div><div id=\"396b15a6f4831635e\" class=\"panel-collapse collapse \" aria-labelledby=\"toggle_396b15a6f4831635e\"><div class=\"panel-body toggle-content fusion-clearfix\">\n<p>Pour piloter un jet-ski d\u2019une puissance de 6 CV, vous devez avoir 16 ans minimum et \u00eatre en possession d\u2019un titre de navigation (permis c\u00f4tier)<\/p>\n<\/div><\/div><\/div><div class=\"fusion-panel panel-default panel-de9cd916061955048 fusion-toggle-no-divider fusion-toggle-boxed-mode\" style=\"--awb-title-color:#366e8c;--awb-content-color:#000000;\"><div class=\"panel-heading\"><h4 class=\"panel-title toggle\" id=\"toggle_de9cd916061955048\"><a aria-expanded=\"false\" aria-controls=\"de9cd916061955048\" role=\"button\" data-toggle=\"collapse\" data-target=\"#de9cd916061955048\" href=\"#de9cd916061955048\"><span class=\"fusion-toggle-icon-wrapper\" aria-hidden=\"true\"><i class=\"fa-fusion-box active-icon fa-caret-down fas\" aria-hidden=\"true\"><\/i><i class=\"fa-fusion-box inactive-icon fa-caret-down fas\" aria-hidden=\"true\"><\/i><\/span><span class=\"fusion-toggle-heading\">Vitesse<\/span><\/a><\/h4><\/div><div id=\"de9cd916061955048\" class=\"panel-collapse collapse \" aria-labelledby=\"toggle_de9cd916061955048\"><div class=\"panel-body toggle-content fusion-clearfix\">\n<p>La vitesse maximale autoris\u00e9e est de 5 noeuds (9km\/h) \u00e0 moins de 300 m\u00e8tres de la c\u00f4te.<\/p>\n<\/div><\/div><\/div><div class=\"fusion-panel panel-default panel-4f5513b34f0c9c6bb fusion-toggle-no-divider fusion-toggle-boxed-mode\" style=\"--awb-title-color:#366e8c;--awb-content-color:#000000;\"><div class=\"panel-heading\"><h4 class=\"panel-title toggle\" id=\"toggle_4f5513b34f0c9c6bb\"><a aria-expanded=\"false\" aria-controls=\"4f5513b34f0c9c6bb\" role=\"button\" data-toggle=\"collapse\" data-target=\"#4f5513b34f0c9c6bb\" href=\"#4f5513b34f0c9c6bb\"><span class=\"fusion-toggle-icon-wrapper\" aria-hidden=\"true\"><i class=\"fa-fusion-box active-icon fa-caret-down fas\" aria-hidden=\"true\"><\/i><i class=\"fa-fusion-box inactive-icon fa-caret-down fas\" aria-hidden=\"true\"><\/i><\/span><span class=\"fusion-toggle-heading\">Zone de navigation <\/span><\/a><\/h4><\/div><div id=\"4f5513b34f0c9c6bb\" class=\"panel-collapse collapse \" aria-labelledby=\"toggle_4f5513b34f0c9c6bb\"><div class=\"panel-body toggle-content fusion-clearfix\">\n<p>Vous pouvez naviguer jusqu\u2019\u00e0 2 milles au large (3,7 km)<\/p>\n<\/div><\/div><\/div><div class=\"fusion-panel panel-default panel-0046e3459aefbde03 fusion-toggle-no-divider fusion-toggle-boxed-mode\" style=\"--awb-title-color:#366e8c;--awb-content-color:#000000;\"><div class=\"panel-heading\"><h4 class=\"panel-title toggle\" id=\"toggle_0046e3459aefbde03\"><a aria-expanded=\"false\" aria-controls=\"0046e3459aefbde03\" role=\"button\" data-toggle=\"collapse\" data-target=\"#0046e3459aefbde03\" href=\"#0046e3459aefbde03\"><span class=\"fusion-toggle-icon-wrapper\" aria-hidden=\"true\"><i class=\"fa-fusion-box active-icon fa-caret-down fas\" aria-hidden=\"true\"><\/i><i class=\"fa-fusion-box inactive-icon fa-caret-down fas\" aria-hidden=\"true\"><\/i><\/span><span class=\"fusion-toggle-heading\">Equipement du pilote<\/span><\/a><\/h4><\/div><div id=\"0046e3459aefbde03\" class=\"panel-collapse collapse \" aria-labelledby=\"toggle_0046e3459aefbde03\"><div class=\"panel-body toggle-content fusion-clearfix\">\n<p>Vous devez porter obligatoirement un gilet ou une brassi\u00e8re de sauvetage muni d\u2019un signal lumineux. Le port de la combinaison est conseill\u00e9 non seulement pour maintenir la temp\u00e9rature corporelle mais surtout prot\u00e9ger le corps en cas de chute.<\/p>\n<\/div><\/div><\/div><div class=\"fusion-panel panel-default panel-21b9add1292770bf2 fusion-toggle-no-divider fusion-toggle-boxed-mode\" style=\"--awb-title-color:#366e8c;--awb-content-color:#000000;\"><div class=\"panel-heading\"><h4 class=\"panel-title toggle\" id=\"toggle_21b9add1292770bf2\"><a aria-expanded=\"false\" aria-controls=\"21b9add1292770bf2\" role=\"button\" data-toggle=\"collapse\" data-target=\"#21b9add1292770bf2\" href=\"#21b9add1292770bf2\"><span class=\"fusion-toggle-icon-wrapper\" aria-hidden=\"true\"><i class=\"fa-fusion-box active-icon fa-caret-down fas\" aria-hidden=\"true\"><\/i><i class=\"fa-fusion-box inactive-icon fa-caret-down fas\" aria-hidden=\"true\"><\/i><\/span><span class=\"fusion-toggle-heading\">Respect des baigneurs<\/span><\/a><\/h4><\/div><div id=\"21b9add1292770bf2\" class=\"panel-collapse collapse \" aria-labelledby=\"toggle_21b9add1292770bf2\"><div class=\"panel-body toggle-content fusion-clearfix\">\n<p>Pensez toujours aux autres usagers du lagon et de la plage lorsque vous \u00e9voluez avec votre engin.<\/p>\n<\/div><\/div><\/div><\/div><\/div><div class=\"fusion-sep-clear\"><\/div><div class=\"fusion-separator fusion-full-width-sep\" style=\"margin-left: auto;margin-right: auto;margin-top:20px;width:100%;\"><\/div><div class=\"fusion-sep-clear\"><\/div><div class=\"fusion-builder-row fusion-builder-row-inner fusion-row\"><div class=\"fusion-layout-column fusion_builder_column_inner fusion-builder-nested-column-0 fusion_builder_column_inner_1_3 1_3 fusion-one-third fusion-column-first\" style=\"--awb-bg-size:cover;width:33.333333333333%;width:calc(33.333333333333% - ( ( 4% + 4% ) * 0.33333333333333 ) );margin-right: 4%;\"><div class=\"fusion-column-wrapper fusion-column-has-shadow fusion-flex-column-wrapper-legacy\"><div class=\"fusion-button-wrapper fusion-align-block\"><a class=\"fusion-button button-flat fusion-button-default-size button-custom fusion-button-default button-2 fusion-button-span-yes fusion-button-default-type\" style=\"--awb-margin-top:0px;--awb-margin-right:0px;--awb-margin-bottom:0px;--awb-margin-left:0px;--button_accent_color:#ffffff;--button_border_color:#004b87;--button_accent_hover_color:#ffffff;--button_border_hover_color:#004b87;--button_gradient_end:0%;--button_gradient_top_color:#b39b00;--button_gradient_bottom_color:#b39b00;--button_gradient_top_color_hover:#b39b00;--button_gradient_bottom_color_hover:#b39b00;\" target=\"_blank\" rel=\"noopener noreferrer\" href=\"https:\/\/www.service-public.pf\/dpam\/wp-content\/uploads\/sites\/20\/2021\/01\/Arre%CC%82te%CC%81-n%C2%B0-1097-CM-du-17_07_2009-consolide%CC%81-1.pdf\"><span class=\"fusion-button-text awb-button__text awb-button__text--default\">Dispositions g\u00e9n\u00e9rales<\/span><\/a><\/div><div class=\"fusion-clearfix\"><\/div><\/div><\/div><div class=\"fusion-layout-column fusion_builder_column_inner fusion-builder-nested-column-1 fusion_builder_column_inner_1_3 1_3 fusion-one-third\" style=\"--awb-bg-size:cover;width:33.333333333333%;width:calc(33.333333333333% - ( ( 4% + 4% ) * 0.33333333333333 ) );margin-right: 4%;\"><div class=\"fusion-column-wrapper fusion-column-has-shadow fusion-flex-column-wrapper-legacy\"><div class=\"fusion-button-wrapper fusion-align-block\"><a class=\"fusion-button button-flat fusion-button-default-size button-custom fusion-button-default button-3 fusion-button-span-yes fusion-button-default-type\" style=\"--awb-margin-top:0px;--awb-margin-right:0px;--awb-margin-bottom:0px;--awb-margin-left:0px;--button_accent_color:#b39b00;--button_border_color:#b39b00;--button_accent_hover_color:#b39b00;--button_border_hover_color:#b39b00;--button_border_width-top:3px;--button_border_width-right:3px;--button_border_width-bottom:3px;--button_border_width-left:3px;--button_gradient_end:0%;--button_gradient_top_color:#ffffff;--button_gradient_bottom_color:#ffffff;--button_gradient_top_color_hover:#ffffff;--button_gradient_bottom_color_hover:#ffffff;\" target=\"_blank\" rel=\"noopener noreferrer\" href=\"https:\/\/www.service-public.pf\/dpam\/wp-content\/uploads\/sites\/20\/2024\/08\/Engagement-VNM-Convoi.pdf\"><span class=\"fusion-button-text awb-button__text awb-button__text--default\">Formulaire <\/span><\/a><\/div><div class=\"fusion-clearfix\"><\/div><\/div><\/div><div class=\"fusion-layout-column fusion_builder_column_inner fusion-builder-nested-column-2 fusion_builder_column_inner_1_3 1_3 fusion-one-third fusion-column-last\" style=\"--awb-bg-size:cover;width:33.333333333333%;width:calc(33.333333333333% - ( ( 4% + 4% ) * 0.33333333333333 ) );\"><div class=\"fusion-column-wrapper fusion-column-has-shadow fusion-flex-column-wrapper-legacy\"><div class=\"fusion-button-wrapper fusion-align-block\"><a class=\"fusion-button button-flat fusion-button-default-size button-custom fusion-button-default button-4 fusion-button-span-yes fusion-button-default-type\" style=\"--awb-margin-top:0px;--awb-margin-right:0px;--awb-margin-bottom:0px;--awb-margin-left:0px;--button_accent_color:#b39b00;--button_border_color:#b39b00;--button_accent_hover_color:#b39b00;--button_border_hover_color:#b39b00;--button_border_width-top:3px;--button_border_width-right:3px;--button_border_width-bottom:3px;--button_border_width-left:3px;--button_gradient_end:0%;--button_gradient_top_color:#ffffff;--button_gradient_bottom_color:#ffffff;--button_gradient_top_color_hover:#ffffff;--button_gradient_bottom_color_hover:#ffffff;\" target=\"_blank\" rel=\"noopener noreferrer\" href=\"https:\/\/www.service-public.pf\/dpam\/wp-content\/uploads\/sites\/20\/2024\/08\/Liste-des-document-a-fournir-VNM-Flyboard.pdf\"><span class=\"fusion-button-text awb-button__text awb-button__text--default\">Pi\u00e8ces \u00e0 fournir<\/span><\/a><\/div><div class=\"fusion-clearfix\"><\/div><\/div><\/div><\/div><div class=\"fusion-clearfix\"><\/div><\/div><\/div><\/div><\/div><\/p>\n","protected":false},"excerpt":{"rendered":"","protected":false},"author":275,"featured_media":0,"parent":0,"menu_order":0,"comment_status":"closed","ping_status":"closed","template":"","meta":{"_seopress_robots_primary_cat":"","_seopress_titles_title":"","_seopress_titles_desc":"La location de VNM (jet-ski)","_seopress_robots_index":"","footnotes":""},"class_list":["post-851","page","type-page","status-publish","hentry"],"_links":{"self":[{"href":"https:\/\/www.service-public.pf\/dpam\/wp-json\/wp\/v2\/pages\/851","targetHints":{"allow":["GET"]}}],"collection":[{"href":"https:\/\/www.service-public.pf\/dpam\/wp-json\/wp\/v2\/pages"}],"about":[{"href":"https:\/\/www.service-public.pf\/dpam\/wp-json\/wp\/v2\/types\/page"}],"author":[{"embeddable":true,"href":"https:\/\/www.service-public.pf\/dpam\/wp-json\/wp\/v2\/users\/275"}],"replies":[{"embeddable":true,"href":"https:\/\/www.service-public.pf\/dpam\/wp-json\/wp\/v2\/comments?post=851"}],"version-history":[{"count":4,"href":"https:\/\/www.service-public.pf\/dpam\/wp-json\/wp\/v2\/pages\/851\/revisions"}],"predecessor-version":[{"id":20129,"href":"https:\/\/www.service-public.pf\/dpam\/wp-json\/wp\/v2\/pages\/851\/revisions\/20129"}],"wp:attachment":[{"href":"https:\/\/www.service-public.pf\/dpam\/wp-json\/wp\/v2\/media?parent=851"}],"curies":[{"name":"wp","href":"https:\/\/api.w.org\/{rel}","templated":true}]}}