{"id":19864,"date":"2018-01-28T22:47:44","date_gmt":"2018-01-28T21:47:44","guid":{"rendered":"https:\/\/www.service-public.pf\/sipf\/?page_id=19864"},"modified":"2018-06-06T21:08:58","modified_gmt":"2018-06-06T20:08:58","slug":"le-bonheur-au-travail","status":"publish","type":"page","link":"https:\/\/www.service-public.pf\/dsi\/le-bonheur-au-travail\/","title":{"rendered":"Le bonheur au travail"},"content":{"rendered":"<p><div class=\"fusion-fullwidth fullwidth-box fusion-builder-row-1 nonhundred-percent-fullwidth non-hundred-percent-height-scrolling\" style=\"--awb-border-radius-top-left:0px;--awb-border-radius-top-right:0px;--awb-border-radius-bottom-right:0px;--awb-border-radius-bottom-left:0px;--awb-flex-wrap:wrap;\" ><div class=\"fusion-builder-row fusion-row\"><div class=\"fusion-layout-column fusion_builder_column fusion-builder-column-0 fusion_builder_column_1_2 1_2 fusion-one-half fusion-column-first\" style=\"--awb-bg-size:cover;width:50%;width:calc(50% - ( ( 4% ) * 0.5 ) );margin-right: 4%;\"><div class=\"fusion-column-wrapper fusion-flex-column-wrapper-legacy\"><div class=\"fusion-image-element in-legacy-container\" style=\"--awb-caption-title-font-family:var(--h2_typography-font-family);--awb-caption-title-font-weight:var(--h2_typography-font-weight);--awb-caption-title-font-style:var(--h2_typography-font-style);--awb-caption-title-size:var(--h2_typography-font-size);--awb-caption-title-transform:var(--h2_typography-text-transform);--awb-caption-title-line-height:var(--h2_typography-line-height);--awb-caption-title-letter-spacing:var(--h2_typography-letter-spacing);\"><span class=\" fusion-imageframe imageframe-none imageframe-1 hover-type-none\"><img decoding=\"async\" width=\"800\" height=\"450\" alt=\"Le bonheur au travail\" title=\"logo-bonheurautravail\" src=\"https:\/\/www.service-public.pf\/sipf\/wp-content\/uploads\/sites\/9\/2018\/01\/logo-bonheurautravail.gif\" class=\"img-responsive wp-image-19871\"\/><\/span><\/div><div class=\"fusion-clearfix\"><\/div><\/div><\/div><div class=\"fusion-layout-column fusion_builder_column fusion-builder-column-1 fusion_builder_column_1_2 1_2 fusion-one-half fusion-column-last\" style=\"--awb-bg-size:cover;width:50%;width:calc(50% - ( ( 4% ) * 0.5 ) );\"><div class=\"fusion-column-wrapper fusion-flex-column-wrapper-legacy\"><div class=\"fusion-text fusion-text-1\"><h2>LE BONHEUR AU TRAVAIL<\/h2>\n<p>En France, comme en Allemagne, le pourcentage de salari\u00e9s engag\u00e9s, c\u2019est \u00e0 dire qui aiment leur fonction et la pratiquent pleinement, c\u2019est 11%.<\/p>\n<p>Le pourcentage de salari\u00e9s d\u00e9sengag\u00e9s qui vont juste percevoir leur salaire et ne prendre aucune initiative, c\u2019est 61% en France, 58% en Allemagne.<\/p>\n<p>Le salari\u00e9s activement d\u00e9sengag\u00e9s, tellement malheureux au travail qu\u2019ils y vont pour d\u00e9montrer leur malheur et donc saboter sont +\/- 30%&#8230;<\/p>\n<p>La bonne question qu\u2019il faut se poser en observant ces chiffres c\u2019est\u00a0: \u00ab \u00c9taient-ils comme \u00e7a le jour o\u00f9 on les a recrut\u00e9s\u00a0?\u00a0\u00bb<\/p>\n<\/div><div class=\"fusion-clearfix\"><\/div><\/div><\/div><\/div><\/div><div class=\"fusion-fullwidth fullwidth-box fusion-builder-row-2 nonhundred-percent-fullwidth non-hundred-percent-height-scrolling\" style=\"--awb-border-radius-top-left:0px;--awb-border-radius-top-right:0px;--awb-border-radius-bottom-right:0px;--awb-border-radius-bottom-left:0px;--awb-flex-wrap:wrap;\" ><div class=\"fusion-builder-row fusion-row\"><div class=\"fusion-layout-column fusion_builder_column fusion-builder-column-2 fusion_builder_column_1_2 1_2 fusion-one-half fusion-column-first\" style=\"--awb-bg-size:cover;width:50%;width:calc(50% - ( ( 4% ) * 0.5 ) );margin-right: 4%;\"><div class=\"fusion-column-wrapper fusion-flex-column-wrapper-legacy\"><div class=\"fusion-text fusion-text-2\"><h2>ARTE EN PARLE<\/h2>\n<p>La chaine franco-allemande a produit 3 films r\u00e9alis\u00e9s par Martin Meissonnier et un th\u00e8me a approfondir avec un questionnaire sur le bonheur au travail. Et vous ? La question est pos\u00e9e, chacun peut y r\u00e9pondre et se positionner&#8230;<\/p>\n<blockquote>\n<p>Le lien : <a href=\"https:\/\/info.arte.tv\/fr\/le-bonheur-au-travail\" target=\"_blank\" rel=\"noopener\">https:\/\/info.arte.tv\/fr\/le-bonheur-au-travail<\/a><\/p>\n<p>Les courts m\u00e9trages : <a href=\"https:\/\/www.youtube.com\/watch?v=Te6m8Iiw-tg&amp;list=PLmfiCnVD2LL7lO-0k_7ZgVGVdIe4Mlzqk\" target=\"_blank\" rel=\"noopener\">https:\/\/www.youtube.com\/watch?v=Te6m8Iiw-tg&amp;list=PLmfiCnVD2LL7lO-0k_7ZgVGVdIe4Mlzqk<\/a><\/p>\n<\/blockquote>\n<\/div><div class=\"fusion-clearfix\"><\/div><\/div><\/div><div class=\"fusion-layout-column fusion_builder_column fusion-builder-column-3 fusion_builder_column_1_2 1_2 fusion-one-half fusion-column-last\" style=\"--awb-bg-size:cover;width:50%;width:calc(50% - ( ( 4% ) * 0.5 ) );\"><div class=\"fusion-column-wrapper fusion-flex-column-wrapper-legacy\"><div class=\"fusion-image-element in-legacy-container\" style=\"--awb-caption-title-font-family:var(--h2_typography-font-family);--awb-caption-title-font-weight:var(--h2_typography-font-weight);--awb-caption-title-font-style:var(--h2_typography-font-style);--awb-caption-title-size:var(--h2_typography-font-size);--awb-caption-title-transform:var(--h2_typography-text-transform);--awb-caption-title-line-height:var(--h2_typography-line-height);--awb-caption-title-letter-spacing:var(--h2_typography-letter-spacing);\"><span class=\" fusion-imageframe imageframe-none imageframe-2 hover-type-none\"><a class=\"fusion-no-lightbox\" href=\"https:\/\/archive.org\/details\/LeBonheurAuTravailDu18Fevrier2015DocumentairesRTBFVideo\" target=\"_blank\" aria-label=\"thema_logo_dossier\" rel=\"noopener noreferrer\"><img decoding=\"async\" width=\"1200\" height=\"630\" alt=\"Thema, arte\" src=\"https:\/\/www.service-public.pf\/sipf\/wp-content\/uploads\/sites\/9\/2018\/01\/thema_logo_dossier.jpg\" class=\"img-responsive wp-image-19872\" srcset=\"https:\/\/www.service-public.pf\/dsi\/wp-content\/uploads\/sites\/9\/2018\/01\/thema_logo_dossier-200x105.jpg 200w, https:\/\/www.service-public.pf\/dsi\/wp-content\/uploads\/sites\/9\/2018\/01\/thema_logo_dossier-400x210.jpg 400w, https:\/\/www.service-public.pf\/dsi\/wp-content\/uploads\/sites\/9\/2018\/01\/thema_logo_dossier-600x315.jpg 600w, https:\/\/www.service-public.pf\/dsi\/wp-content\/uploads\/sites\/9\/2018\/01\/thema_logo_dossier-800x420.jpg 800w, https:\/\/www.service-public.pf\/dsi\/wp-content\/uploads\/sites\/9\/2018\/01\/thema_logo_dossier.jpg 1200w\" sizes=\"(max-width: 600px) 100vw, 800px\" \/><\/a><\/span><\/div><div class=\"fusion-clearfix\"><\/div><\/div><\/div><\/div><\/div><\/p>\n","protected":false},"excerpt":{"rendered":"","protected":false},"author":228,"featured_media":0,"parent":0,"menu_order":0,"comment_status":"closed","ping_status":"closed","template":"","meta":{"_acf_changed":false,"_seopress_robots_primary_cat":"","_seopress_titles_title":"","_seopress_titles_desc":"","_seopress_robots_index":"","footnotes":""},"class_list":["post-19864","page","type-page","status-publish","hentry"],"acf":[],"_links":{"self":[{"href":"https:\/\/www.service-public.pf\/dsi\/wp-json\/wp\/v2\/pages\/19864","targetHints":{"allow":["GET"]}}],"collection":[{"href":"https:\/\/www.service-public.pf\/dsi\/wp-json\/wp\/v2\/pages"}],"about":[{"href":"https:\/\/www.service-public.pf\/dsi\/wp-json\/wp\/v2\/types\/page"}],"author":[{"embeddable":true,"href":"https:\/\/www.service-public.pf\/dsi\/wp-json\/wp\/v2\/users\/228"}],"replies":[{"embeddable":true,"href":"https:\/\/www.service-public.pf\/dsi\/wp-json\/wp\/v2\/comments?post=19864"}],"version-history":[{"count":0,"href":"https:\/\/www.service-public.pf\/dsi\/wp-json\/wp\/v2\/pages\/19864\/revisions"}],"wp:attachment":[{"href":"https:\/\/www.service-public.pf\/dsi\/wp-json\/wp\/v2\/media?parent=19864"}],"curies":[{"name":"wp","href":"https:\/\/api.w.org\/{rel}","templated":true}]}}