{"id":12341,"date":"2020-01-29T12:09:16","date_gmt":"2020-01-29T22:09:16","guid":{"rendered":"https:\/\/www.service-public.pf\/dsp\/?page_id=12341"},"modified":"2023-07-31T13:46:19","modified_gmt":"2023-07-31T23:46:19","slug":"schemas-plans","status":"publish","type":"page","link":"https:\/\/www.service-public.pf\/dsp\/espace-pro-2\/schemas-plans\/","title":{"rendered":"Schemas et plans"},"content":{"rendered":"<p><div class=\"fusion-fullwidth fullwidth-box fusion-builder-row-1 fusion-parallax-none hundred-percent-fullwidth non-hundred-percent-height-scrolling\" style=\"--awb-border-sizes-top:0px;--awb-border-sizes-bottom:0px;--awb-border-sizes-left:0px;--awb-border-sizes-right:0px;--awb-border-radius-top-left:0px;--awb-border-radius-top-right:0px;--awb-border-radius-bottom-right:0px;--awb-border-radius-bottom-left:0px;--awb-padding-top:50px;--awb-padding-right:20px;--awb-padding-bottom:14px;--awb-padding-left:20px;--awb-margin-top:0px;--awb-background-color:#ffffff;--awb-background-image:url(&quot;https:\/\/www.service-public.pf\/dsp\/wp-content\/uploads\/sites\/12\/2020\/02\/hopital-uturoa-1-scaled.jpg&quot;);--awb-background-size:cover;--awb-flex-wrap:wrap;\" ><div class=\"fusion-builder-row fusion-row\"><div class=\"fusion-layout-column fusion_builder_column fusion-builder-column-0 fusion_builder_column_1_1 1_1 fusion-one-full fusion-column-first fusion-column-last\" style=\"--awb-bg-size:cover;--awb-margin-bottom:0px;\"><div class=\"fusion-column-wrapper fusion-column-has-shadow fusion-flex-column-wrapper-legacy\"><div class=\"fusion-column-content-centered\"><div class=\"fusion-column-content\"><div class=\"fusion-title title fusion-title-1 fusion-sep-none fusion-title-center fusion-title-text fusion-title-size-one\" style=\"--awb-text-color:#070000;--awb-margin-top-small:0px;--awb-margin-right-small:0px;--awb-margin-bottom-small:20px;--awb-margin-left-small:0px;--awb-sep-color:#607d8b;--awb-font-size:50px;\"><h1 class=\"fusion-title-heading title-heading-center fusion-responsive-typography-calculated\" style=\"margin:0;font-size:1em;--fontSize:50;line-height:1.4;\"><span style=\"color: #008080\">SCH\u00c9MAS ET PLANS<\/span><\/h1><\/div><\/div><\/div><div class=\"fusion-clearfix\"><\/div><\/div><\/div><\/div><\/div><div class=\"fusion-fullwidth fullwidth-box fusion-builder-row-2 nonhundred-percent-fullwidth non-hundred-percent-height-scrolling\" style=\"--awb-border-radius-top-left:0px;--awb-border-radius-top-right:0px;--awb-border-radius-bottom-right:0px;--awb-border-radius-bottom-left:0px;--awb-padding-top:70px;--awb-padding-right:5%;--awb-padding-left:5%;--awb-background-color:#ffffff;--awb-flex-wrap:wrap;\" ><div class=\"fusion-builder-row fusion-row\"><div class=\"fusion-layout-column fusion_builder_column fusion-builder-column-1 fusion_builder_column_1_1 1_1 fusion-one-full fusion-column-first fusion-column-last\" style=\"--awb-bg-color:#ffffff;--awb-bg-color-hover:#ffffff;--awb-bg-size:cover;\"><div class=\"fusion-column-wrapper fusion-column-has-shadow fusion-flex-column-wrapper-legacy\"><ul style=\"--awb-size:18px;--awb-line-height:30.6px;--awb-icon-width:30.6px;--awb-icon-height:30.6px;--awb-icon-margin:12.6px;--awb-content-margin:43.2px;--awb-circlecolor:#3bafbf;--awb-circle-yes-font-size:15.84px;\" class=\"fusion-checklist fusion-checklist-1 fusion-checklist-default fusion-checklist-divider type-icons\"><li class=\"fusion-li-item\" style=\"\"><span class=\"icon-wrapper circle-yes\"><i class=\"fusion-li-icon fa-file-alt fas\" aria-hidden=\"true\"><\/i><\/span><div class=\"fusion-li-item-content\">\n<p><a href=\"https:\/\/www.service-public.pf\/dsp\/wp-content\/uploads\/sites\/12\/2017\/06\/Sche%CC%81ma-dorganisation-Sanitaire-en-PF-2016-2021-web.pdf\" target=\"_blank\" rel=\"noopener\">Sch\u00e9ma d&rsquo;Organisation Sanitaire de la Polyn\u00e9sie fran\u00e7aise 2016-2021<\/a><\/p>\n<\/div><\/li><li class=\"fusion-li-item\" style=\"\"><span class=\"icon-wrapper circle-yes\"><i class=\"fusion-li-icon fa-file-alt fas\" aria-hidden=\"true\"><\/i><\/span><div class=\"fusion-li-item-content\">\n<p><a href=\"https:\/\/www.service-public.pf\/dsp\/wp-content\/uploads\/sites\/12\/2017\/06\/La-politique-de-Sante%CC%81-en-PF-2016-2025-web.pdf\" target=\"_blank\" rel=\"noopener\">Politique de Sant\u00e9 de la Polyn\u00e9sie fran\u00e7aise 2016-2025<\/a><\/p>\n<\/div><\/li><li class=\"fusion-li-item\" style=\"\"><span class=\"icon-wrapper circle-yes\"><i class=\"fusion-li-icon fa-file-alt fas\" aria-hidden=\"true\"><\/i><\/span><div class=\"fusion-li-item-content\">\n<p><a href=\"https:\/\/www.service-public.pf\/dsp\/wp-content\/uploads\/sites\/12\/2017\/07\/Plan-cancer-polyn%C3%A9sien-2018_2022_21juin.pdf\" target=\"_blank\" rel=\"noopener\">Plan Cancer Polyn\u00e9sien 2018-2022<\/a><\/p>\n<\/div><\/li><li class=\"fusion-li-item\" style=\"\"><span class=\"icon-wrapper circle-yes\"><i class=\"fusion-li-icon fa-file-alt fas\" aria-hidden=\"true\"><\/i><\/span><div class=\"fusion-li-item-content\">\n<p><a href=\"https:\/\/www.service-public.pf\/dsp\/wp-content\/uploads\/sites\/12\/2017\/12\/Sch%C3%A9ma-Pr%C3%A9vention-2018-2022.pdf\" target=\"_blank\" rel=\"noopener\">Sch\u00e9ma de Pr\u00e9vention et de Promotion de la Sant\u00e9 2018-2022<\/a><\/p>\n<\/div><\/li><li class=\"fusion-li-item\" style=\"\"><span class=\"icon-wrapper circle-yes\"><i class=\"fusion-li-icon fa-file-alt fas\" aria-hidden=\"true\"><\/i><\/span><div class=\"fusion-li-item-content\">\n<p><a href=\"https:\/\/www.service-public.pf\/dsp\/wp-content\/uploads\/sites\/12\/2019\/06\/2018_12_10_11576_DSP-PlanSanteMentale.pdf\" target=\"_blank\" rel=\"noopener\">Plan de Sant\u00e9 Mentale 2019-2023<\/a><\/p>\n<\/div><\/li><li class=\"fusion-li-item\" style=\"\"><span class=\"icon-wrapper circle-yes\"><i class=\"fusion-li-icon fa-file-alt fas\" aria-hidden=\"true\"><\/i><\/span><div class=\"fusion-li-item-content\">\n<p><a href=\"https:\/\/www.service-public.pf\/dsp\/wp-content\/uploads\/sites\/12\/2019\/11\/2019-05-15-Sch%C3%A9ma-directeur-et-programme-d%E2%80%99actions-APA-2019-2022-1.pdf\" target=\"_blank\" rel=\"noopener\">Sch\u00e9ma directeur et programme d\u2019actions polyn\u00e9sien pour le d\u00e9veloppement des activit\u00e9s physiques adapt\u00e9es 2019-2023<\/a><\/p>\n<\/div><\/li><li class=\"fusion-li-item\" style=\"\"><span class=\"icon-wrapper circle-yes\"><i class=\"fusion-li-icon fa-file-alt fas\" aria-hidden=\"true\"><\/i><\/span><div class=\"fusion-li-item-content\">\n<p><a href=\"https:\/\/www.service-public.pf\/dsp\/wp-content\/uploads\/sites\/12\/2019\/11\/Abstract-Programme-APA-2019-05-28.pdf\" target=\"_blank\" rel=\"noopener\">Abstract du programme des activit\u00e9s physiques adapt\u00e9es 2019<\/a><\/p>\n<\/div><\/li><li class=\"fusion-li-item\" style=\"\"><span class=\"icon-wrapper circle-yes\"><i class=\"fusion-li-icon fa-file-alt fas\" aria-hidden=\"true\"><\/i><\/span><div class=\"fusion-li-item-content\">\n<p><a href=\"https:\/\/www.service-public.pf\/dsp\/wp-content\/uploads\/sites\/12\/2019\/11\/Programme_addictions.pdf\" target=\"_blank\" rel=\"noopener\">Programme d\u2019actions de lutte contre les addictions en Polyn\u00e9sie fran\u00e7aise 2019-2023<\/a><\/p>\n<\/div><\/li><li class=\"fusion-li-item\" style=\"\"><span class=\"icon-wrapper circle-yes\"><i class=\"fusion-li-icon fa-file-alt fas\" aria-hidden=\"true\"><\/i><\/span><div class=\"fusion-li-item-content\">\n<p><a href=\"https:\/\/www.service-public.pf\/dsp\/wp-content\/uploads\/sites\/12\/2019\/11\/2019-02-12-Programme-AEAP.pdf\" target=\"_blank\" rel=\"noopener\">Programme d\u2019actions polyn\u00e9sien sur l\u2019alimentation \u00e9quilibr\u00e9e et la pratique d\u2019activit\u00e9 physique 2019-2023<\/a><\/p>\n<\/div><\/li><li class=\"fusion-li-item\" style=\"\"><span class=\"icon-wrapper circle-yes\"><i class=\"fusion-li-icon fa-file-alt fas\" aria-hidden=\"true\"><\/i><\/span><div class=\"fusion-li-item-content\">\n<p><a target=\"_blank\" rel=\"noopener noreferrer\" href=\"https:\/\/www.service-public.pf\/dsp\/wp-content\/uploads\/sites\/12\/2019\/11\/2019-03-14-PROGRAMME-MTN.pdf\">Programme de lutte contre les maladies tropicales n\u00e9glig\u00e9es en Polyn\u00e9sie fran\u00e7aise 2019-2023<\/a><\/p>\n<\/div><\/li><li class=\"fusion-li-item\" style=\"\"><span class=\"icon-wrapper circle-yes\"><i class=\"fusion-li-icon fa-file-alt fas\" aria-hidden=\"true\"><\/i><\/span><div class=\"fusion-li-item-content\">\n<p><a href=\"https:\/\/www.service-public.pf\/dsp\/wp-content\/uploads\/sites\/12\/2019\/11\/1-2019-03-25-programme-RAA.pdf\" target=\"_blank\" rel=\"noopener\">Programme de lutte contre le RAA en Polyn\u00e9sie fran\u00e7aise 2019-2023<\/a><\/p>\n<\/div><\/li><li class=\"fusion-li-item\" style=\"\"><span class=\"icon-wrapper circle-yes\"><i class=\"fusion-li-icon fa-file-alt fas\" aria-hidden=\"true\"><\/i><\/span><div class=\"fusion-li-item-content\">\n<p><a href=\"https:\/\/www.service-public.pf\/dsp\/wp-content\/uploads\/sites\/12\/2019\/12\/Programme-AM-2015-2020.pdf\" target=\"_blank\" rel=\"noopener\">Programme polyn\u00e9sien pour la promotion de l&rsquo;allaitement maternel 2015-2020<\/a><\/p>\n<\/div><\/li><li class=\"fusion-li-item\" style=\"\"><span class=\"icon-wrapper circle-yes\"><i class=\"fusion-li-icon fa-file-alt fas\" aria-hidden=\"true\"><\/i><\/span><div class=\"fusion-li-item-content\">\n<p><a href=\"https:\/\/www.service-public.pf\/dsp\/wp-content\/uploads\/sites\/12\/2020\/10\/20-06-04-VF-Plan-actions-DOCS.pdf\" target=\"_blank\" rel=\"noopener\">Plan d&rsquo;actions pour la mise en \u0153uvre du d\u00e9pistage organis\u00e9 du cancer du sein<\/a><\/p>\n<\/div><\/li><li class=\"fusion-li-item\" style=\"\"><span class=\"icon-wrapper circle-yes\"><i class=\"fusion-li-icon fa-file-alt fas\" aria-hidden=\"true\"><\/i><\/span><div class=\"fusion-li-item-content\">\n<p><a href=\"https:\/\/www.service-public.pf\/dsp\/wp-content\/uploads\/sites\/12\/2021\/02\/2020-01-20-Programme-SSP-2019-2023-Synthese.pdf\" target=\"_blank\" rel=\"noopener\">Programme de Modernisation des Soins de Sant\u00e9 Primaires de Polyn\u00e9sie fran\u00e7aise 2019-2023<\/a><\/p>\n<\/div><\/li><\/ul><div class=\"fusion-sep-clear\"><\/div><div class=\"fusion-separator fusion-full-width-sep\" style=\"margin-left: auto;margin-right: auto;margin-top:3%;width:100%;\"><\/div><div class=\"fusion-sep-clear\"><\/div><div class=\"fusion-clearfix\"><\/div><\/div><\/div><\/div><\/div><\/p>\n","protected":false},"excerpt":{"rendered":"","protected":false},"author":182,"featured_media":0,"parent":29809,"menu_order":0,"comment_status":"closed","ping_status":"closed","template":"100-width.php","meta":{"_seopress_robots_primary_cat":"","_seopress_titles_title":"","_seopress_titles_desc":"","_seopress_robots_index":"","footnotes":""},"class_list":["post-12341","page","type-page","status-publish","hentry"],"_links":{"self":[{"href":"https:\/\/www.service-public.pf\/dsp\/wp-json\/wp\/v2\/pages\/12341","targetHints":{"allow":["GET"]}}],"collection":[{"href":"https:\/\/www.service-public.pf\/dsp\/wp-json\/wp\/v2\/pages"}],"about":[{"href":"https:\/\/www.service-public.pf\/dsp\/wp-json\/wp\/v2\/types\/page"}],"author":[{"embeddable":true,"href":"https:\/\/www.service-public.pf\/dsp\/wp-json\/wp\/v2\/users\/182"}],"replies":[{"embeddable":true,"href":"https:\/\/www.service-public.pf\/dsp\/wp-json\/wp\/v2\/comments?post=12341"}],"version-history":[{"count":0,"href":"https:\/\/www.service-public.pf\/dsp\/wp-json\/wp\/v2\/pages\/12341\/revisions"}],"up":[{"embeddable":true,"href":"https:\/\/www.service-public.pf\/dsp\/wp-json\/wp\/v2\/pages\/29809"}],"wp:attachment":[{"href":"https:\/\/www.service-public.pf\/dsp\/wp-json\/wp\/v2\/media?parent=12341"}],"curies":[{"name":"wp","href":"https:\/\/api.w.org\/{rel}","templated":true}]}}

<p><div class="fusion-fullwidth fullwidth-box fusion-builder-row-1 fusion-parallax-none hundred-percent-fullwidth non-hundred-percent-height-scrolling" style="--awb-border-sizes-top:0px;--awb-border-sizes-bottom:0px;--awb-border-sizes-left:0px;--awb-border-sizes-right:0px;--awb-border-radius-top-left:0px;--awb-border-radius-top-right:0px;--awb-border-radius-bottom-right:0px;--awb-border-radius-bottom-left:0px;--awb-padding-top:50px;--awb-padding-right:20px;--awb-padding-bottom:14px;--awb-padding-left:20px;--awb-margin-top:0px;--awb-background-color:#ffffff;--awb-background-image:url(&quot;https://www.service-public.pf/dsp/wp-content/uploads/sites/12/2020/02/hopital-uturoa-1-scaled.jpg&quot;);--awb-background-size:cover;--awb-flex-wrap:wrap;" ><div class="fusion-builder-row fusion-row"><div class="fusion-layout-column fusion_builder_column fusion-builder-column-0 fusion_builder_column_1_1 1_1 fusion-one-full fusion-column-first fusion-column-last" style="--awb-bg-size:cover;--awb-margin-bottom:0px;"><div class="fusion-column-wrapper fusion-column-has-shadow fusion-flex-column-wrapper-legacy"><div class="fusion-column-content-centered"><div class="fusion-column-content"><div class="fusion-title title fusion-title-1 fusion-sep-none fusion-title-center fusion-title-text fusion-title-size-one" style="--awb-text-color:#070000;--awb-margin-top-small:0px;--awb-margin-right-small:0px;--awb-margin-bottom-small:20px;--awb-margin-left-small:0px;--awb-sep-color:#607d8b;--awb-font-size:50px;"><h1 class="fusion-title-heading title-heading-center fusion-responsive-typography-calculated" style="margin:0;font-size:1em;--fontSize:50;line-height:1.4;"><span style="color: #008080">SCHÉMAS ET PLANS</span></h1></div></div></div><div class="fusion-clearfix"></div></div></div></div></div><div class="fusion-fullwidth fullwidth-box fusion-builder-row-2 nonhundred-percent-fullwidth non-hundred-percent-height-scrolling" style="--awb-border-radius-top-left:0px;--awb-border-radius-top-right:0px;--awb-border-radius-bottom-right:0px;--awb-border-radius-bottom-left:0px;--awb-padding-top:70px;--awb-padding-right:5%;--awb-padding-left:5%;--awb-background-color:#ffffff;--awb-flex-wrap:wrap;" ><div class="fusion-builder-row fusion-row"><div class="fusion-layout-column fusion_builder_column fusion-builder-column-1 fusion_builder_column_1_1 1_1 fusion-one-full fusion-column-first fusion-column-last" style="--awb-bg-color:#ffffff;--awb-bg-color-hover:#ffffff;--awb-bg-size:cover;"><div class="fusion-column-wrapper fusion-column-has-shadow fusion-flex-column-wrapper-legacy"><ul style="--awb-size:18px;--awb-line-height:30.6px;--awb-icon-width:30.6px;--awb-icon-height:30.6px;--awb-icon-margin:12.6px;--awb-content-margin:43.2px;--awb-circlecolor:#3bafbf;--awb-circle-yes-font-size:15.84px;" class="fusion-checklist fusion-checklist-1 fusion-checklist-default fusion-checklist-divider type-icons"><li class="fusion-li-item" style=""><span class="icon-wrapper circle-yes"><i class="fusion-li-icon fa-file-alt fas" aria-hidden="true"></i></span><div class="fusion-li-item-content">
<p><a href="https://www.service-public.pf/dsp/wp-content/uploads/sites/12/2017/06/Sche%CC%81ma-dorganisation-Sanitaire-en-PF-2016-2021-web.pdf" target="_blank" rel="noopener">Schéma d&rsquo;Organisation Sanitaire de la Polynésie française 2016-2021</a></p>
</div></li><li class="fusion-li-item" style=""><span class="icon-wrapper circle-yes"><i class="fusion-li-icon fa-file-alt fas" aria-hidden="true"></i></span><div class="fusion-li-item-content">
<p><a href="https://www.service-public.pf/dsp/wp-content/uploads/sites/12/2017/06/La-politique-de-Sante%CC%81-en-PF-2016-2025-web.pdf" target="_blank" rel="noopener">Politique de Santé de la Polynésie française 2016-2025</a></p>
</div></li><li class="fusion-li-item" style=""><span class="icon-wrapper circle-yes"><i class="fusion-li-icon fa-file-alt fas" aria-hidden="true"></i></span><div class="fusion-li-item-content">
<p><a href="https://www.service-public.pf/dsp/wp-content/uploads/sites/12/2017/07/Plan-cancer-polyn%C3%A9sien-2018_2022_21juin.pdf" target="_blank" rel="noopener">Plan Cancer Polynésien 2018-2022</a></p>
</div></li><li class="fusion-li-item" style=""><span class="icon-wrapper circle-yes"><i class="fusion-li-icon fa-file-alt fas" aria-hidden="true"></i></span><div class="fusion-li-item-content">
<p><a href="https://www.service-public.pf/dsp/wp-content/uploads/sites/12/2017/12/Sch%C3%A9ma-Pr%C3%A9vention-2018-2022.pdf" target="_blank" rel="noopener">Schéma de Prévention et de Promotion de la Santé 2018-2022</a></p>
</div></li><li class="fusion-li-item" style=""><span class="icon-wrapper circle-yes"><i class="fusion-li-icon fa-file-alt fas" aria-hidden="true"></i></span><div class="fusion-li-item-content">
<p><a href="https://www.service-public.pf/dsp/wp-content/uploads/sites/12/2019/06/2018_12_10_11576_DSP-PlanSanteMentale.pdf" target="_blank" rel="noopener">Plan de Santé Mentale 2019-2023</a></p>
</div></li><li class="fusion-li-item" style=""><span class="icon-wrapper circle-yes"><i class="fusion-li-icon fa-file-alt fas" aria-hidden="true"></i></span><div class="fusion-li-item-content">
<p><a href="https://www.service-public.pf/dsp/wp-content/uploads/sites/12/2019/11/2019-05-15-Sch%C3%A9ma-directeur-et-programme-d%E2%80%99actions-APA-2019-2022-1.pdf" target="_blank" rel="noopener">Schéma directeur et programme d’actions polynésien pour le développement des activités physiques adaptées 2019-2023</a></p>
</div></li><li class="fusion-li-item" style=""><span class="icon-wrapper circle-yes"><i class="fusion-li-icon fa-file-alt fas" aria-hidden="true"></i></span><div class="fusion-li-item-content">
<p><a href="https://www.service-public.pf/dsp/wp-content/uploads/sites/12/2019/11/Abstract-Programme-APA-2019-05-28.pdf" target="_blank" rel="noopener">Abstract du programme des activités physiques adaptées 2019</a></p>
</div></li><li class="fusion-li-item" style=""><span class="icon-wrapper circle-yes"><i class="fusion-li-icon fa-file-alt fas" aria-hidden="true"></i></span><div class="fusion-li-item-content">
<p><a href="https://www.service-public.pf/dsp/wp-content/uploads/sites/12/2019/11/Programme_addictions.pdf" target="_blank" rel="noopener">Programme d’actions de lutte contre les addictions en Polynésie française 2019-2023</a></p>
</div></li><li class="fusion-li-item" style=""><span class="icon-wrapper circle-yes"><i class="fusion-li-icon fa-file-alt fas" aria-hidden="true"></i></span><div class="fusion-li-item-content">
<p><a href="https://www.service-public.pf/dsp/wp-content/uploads/sites/12/2019/11/2019-02-12-Programme-AEAP.pdf" target="_blank" rel="noopener">Programme d’actions polynésien sur l’alimentation équilibrée et la pratique d’activité physique 2019-2023</a></p>
</div></li><li class="fusion-li-item" style=""><span class="icon-wrapper circle-yes"><i class="fusion-li-icon fa-file-alt fas" aria-hidden="true"></i></span><div class="fusion-li-item-content">
<p><a target="_blank" rel="noopener noreferrer" href="https://www.service-public.pf/dsp/wp-content/uploads/sites/12/2019/11/2019-03-14-PROGRAMME-MTN.pdf">Programme de lutte contre les maladies tropicales négligées en Polynésie française 2019-2023</a></p>
</div></li><li class="fusion-li-item" style=""><span class="icon-wrapper circle-yes"><i class="fusion-li-icon fa-file-alt fas" aria-hidden="true"></i></span><div class="fusion-li-item-content">
<p><a href="https://www.service-public.pf/dsp/wp-content/uploads/sites/12/2019/11/1-2019-03-25-programme-RAA.pdf" target="_blank" rel="noopener">Programme de lutte contre le RAA en Polynésie française 2019-2023</a></p>
</div></li><li class="fusion-li-item" style=""><span class="icon-wrapper circle-yes"><i class="fusion-li-icon fa-file-alt fas" aria-hidden="true"></i></span><div class="fusion-li-item-content">
<p><a href="https://www.service-public.pf/dsp/wp-content/uploads/sites/12/2019/12/Programme-AM-2015-2020.pdf" target="_blank" rel="noopener">Programme polynésien pour la promotion de l&rsquo;allaitement maternel 2015-2020</a></p>
</div></li><li class="fusion-li-item" style=""><span class="icon-wrapper circle-yes"><i class="fusion-li-icon fa-file-alt fas" aria-hidden="true"></i></span><div class="fusion-li-item-content">
<p><a href="https://www.service-public.pf/dsp/wp-content/uploads/sites/12/2020/10/20-06-04-VF-Plan-actions-DOCS.pdf" target="_blank" rel="noopener">Plan d&rsquo;actions pour la mise en œuvre du dépistage organisé du cancer du sein</a></p>
</div></li><li class="fusion-li-item" style=""><span class="icon-wrapper circle-yes"><i class="fusion-li-icon fa-file-alt fas" aria-hidden="true"></i></span><div class="fusion-li-item-content">
<p><a href="https://www.service-public.pf/dsp/wp-content/uploads/sites/12/2021/02/2020-01-20-Programme-SSP-2019-2023-Synthese.pdf" target="_blank" rel="noopener">Programme de Modernisation des Soins de Santé Primaires de Polynésie française 2019-2023</a></p>
</div></li></ul><div class="fusion-sep-clear"></div><div class="fusion-separator fusion-full-width-sep" style="margin-left: auto;margin-right: auto;margin-top:3%;width:100%;"></div><div class="fusion-sep-clear"></div><div class="fusion-clearfix"></div></div></div></div></div></p>
