{"id":25881,"date":"2021-10-14T12:39:16","date_gmt":"2021-10-14T22:39:16","guid":{"rendered":"https:\/\/www.service-public.pf\/dsp\/?page_id=25881"},"modified":"2022-04-14T09:03:52","modified_gmt":"2022-04-14T19:03:52","slug":"ecovid-pf-habitudes-de-vie","status":"publish","type":"page","link":"https:\/\/www.service-public.pf\/dsp\/covid-19-3\/ecovid-pf-habitudes-de-vie\/","title":{"rendered":"eCovid-Pf : Impacts de la Covid-19 sur tes habitudes de vie"},"content":{"rendered":"<div class=\"fusion-fullwidth fullwidth-box fusion-builder-row-1 nonhundred-percent-fullwidth non-hundred-percent-height-scrolling\" style=\"--awb-border-radius-top-left:0px;--awb-border-radius-top-right:0px;--awb-border-radius-bottom-right:0px;--awb-border-radius-bottom-left:0px;--awb-flex-wrap:wrap;\" ><div class=\"fusion-builder-row fusion-row\"><div class=\"fusion-layout-column fusion_builder_column fusion-builder-column-0 fusion_builder_column_1_1 1_1 fusion-one-full fusion-column-first fusion-column-last\" style=\"--awb-bg-size:cover;--awb-margin-bottom:0px;\"><div class=\"fusion-column-wrapper fusion-flex-column-wrapper-legacy\"><div class=\"fusion-text fusion-text-1\"><h2 class=\"gform_title fusion-responsive-typography-calculated\" style=\"text-align: center\" data-fontsize=\"22.5\" data-lineheight=\"33.75px\"><span style=\"font-size: 36pt;color: #ffffff\">eCovid-Pf<\/span><\/h2>\n<p class=\"gform_title fusion-responsive-typography-calculated\" style=\"text-align: center\" data-fontsize=\"22.5\" data-lineheight=\"33.75px\"><strong><span style=\"font-size: 18pt\">La Covid-19 : quels impacts sur tes habitudes de vie ?<br \/>\n<\/span><\/strong><\/p>\n<\/div><div class=\"accordian fusion-accordian\" style=\"--awb-border-size:2px;--awb-icon-size:13px;--awb-content-font-size:18px;--awb-icon-alignment:left;--awb-hover-color:#f9f9f9;--awb-border-color:#3abfbf;--awb-background-color:#ffffff;--awb-divider-color:#e0dede;--awb-divider-hover-color:#e0dede;--awb-icon-color:#ffffff;--awb-title-color:#1d9bac;--awb-content-color:#4a4e57;--awb-icon-box-color:#3abfbf;--awb-toggle-hover-accent-color:#3abfbf;--awb-title-font-family:&quot;Roboto&quot;;--awb-title-font-weight:400;--awb-title-font-style:normal;--awb-content-font-family:&quot;Roboto&quot;;--awb-content-font-style:normal;--awb-content-font-weight:400;\"><div class=\"panel-group fusion-toggle-icon-boxed\" id=\"accordion-25881-1\"><div class=\"fusion-panel panel-default panel-300607eb7878bd338 fusion-toggle-no-divider fusion-toggle-boxed-mode\"><div class=\"panel-heading\"><h4 class=\"panel-title toggle\" id=\"toggle_300607eb7878bd338\"><a aria-expanded=\"false\" aria-controls=\"300607eb7878bd338\" role=\"button\" data-toggle=\"collapse\" data-parent=\"#accordion-25881-1\" data-target=\"#300607eb7878bd338\" href=\"#300607eb7878bd338\"><span class=\"fusion-toggle-icon-wrapper\" aria-hidden=\"true\"><i class=\"fa-fusion-box active-icon awb-icon-minus\" aria-hidden=\"true\"><\/i><i class=\"fa-fusion-box inactive-icon awb-icon-plus\" aria-hidden=\"true\"><\/i><\/span><span class=\"fusion-toggle-heading\">Une enqu\u00eate anonyme et confidentielle sur les effets de la Covid-19 sur les habitudes de vie des Polyn\u00e9siens<\/span><\/a><\/h4><\/div><div id=\"300607eb7878bd338\" class=\"panel-collapse collapse \" aria-labelledby=\"toggle_300607eb7878bd338\"><div class=\"panel-body toggle-content fusion-clearfix\">\n<p>La Direction de la sant\u00e9 r\u00e9alise une enqu\u00eate aupr\u00e8s de l\u2019ensemble de la population \u00e2g\u00e9e de 18 ans ou plus, r\u00e9sidant actuellement en Polyn\u00e9sie fran\u00e7aise. Cette enqu\u00eate ne te prendra pas plus de 15 minutes.<\/p>\n<p>L\u2019objectif de cette enqu\u00eate est d\u2019identifier et d\u2019\u00e9valuer l\u2019impact de l\u2019\u00e9pid\u00e9mie de la Covid-19 sur les habitudes de vie de la population de la Polyn\u00e9sie fran\u00e7aise. Cette enqu\u00eate ne permettra pas de t&rsquo;identifier, elle n\u2019a pas pour but de te juger. Il n\u2019y a pas de bonne ou de mauvaise r\u00e9ponse.<\/p>\n<p>Pour cette enqu\u00eate, la Direction de la sant\u00e9 collecte, au moyen d\u2019un questionnaire, des informations sur tes caract\u00e9ristiques, tes habitudes de vie et de consommation et ta sant\u00e9. Les donn\u00e9es recueillies seront trait\u00e9es exclusivement \u00e0 des fins statistiques, sur la base de ton consentement.<\/p>\n<p>Ta participation \u00e0 notre enqu\u00eate est totalement libre et volontaire et tu peux refuser d\u2019y participer. Pour participer et autoriser la Direction de la sant\u00e9 \u00e0 utiliser tes r\u00e9ponses dans le cadre de cette enqu\u00eate, il te suffit de remplir le questionnaire suivant et d\u2019envoyer tes r\u00e9ponses en cliquant sur le bouton \u00ab Envoyer \u00bb \u00e0 la fin du questionnaire.<\/p>\n<p>Tes r\u00e9ponses seront trait\u00e9es de mani\u00e8re anonyme par la Direction de la sant\u00e9 et conserv\u00e9es de mani\u00e8re s\u00e9curis\u00e9e, dans le respect de la l\u00e9gislation informatique et libert\u00e9s. Ton identit\u00e9 n\u2019apparaitra nulle part. Tes r\u00e9ponses sont strictement r\u00e9serv\u00e9es \u00e0 cette enqu\u00eate de la Direction de la sant\u00e9 et ne seront communiqu\u00e9es \u00e0 aucun autre organisme.<\/p>\n<p>Les r\u00e9sultats de cette enqu\u00eate feront l\u2019objet d\u2019un rapport consultable librement sur le site internet de la Direction de la sant\u00e9.<\/p>\n<p>Merci d\u2019avance pour ta participation.<\/p>\n<\/div><\/div><\/div><\/div><\/div><div class=\"fusion-sep-clear\"><\/div><div class=\"fusion-separator fusion-full-width-sep\" style=\"margin-left: auto;margin-right: auto;margin-top:20px;width:100%;\"><\/div><div class=\"fusion-sep-clear\"><\/div><div class=\"fusion-button-wrapper fusion-aligncenter\"><a class=\"fusion-button button-flat fusion-button-default-size button-default fusion-button-default button-1 fusion-button-default-span fusion-button-default-type\" target=\"_blank\" rel=\"noopener noreferrer\" href=\"https:\/\/www.service-public.pf\/dsp\/wp-content\/uploads\/sites\/12\/2022\/04\/Rapport-eCovid-Pf-Habitudes-de-vie.pdf\"><span class=\"fusion-button-text awb-button__text awb-button__text--default\">R\u00e9sultats de l&rsquo;enqu\u00eate men\u00e9e du 14 octobre au 2 novembre 2021<\/span><\/a><\/div><div class=\"fusion-sep-clear\"><\/div><div class=\"fusion-separator fusion-full-width-sep\" style=\"margin-left: auto;margin-right: auto;margin-top:20px;margin-bottom:20px;width:100%;\"><\/div><div class=\"fusion-sep-clear\"><\/div><div class=\"fusion-text fusion-text-2\">\n<\/div><div class=\"fusion-sep-clear\"><\/div><div class=\"fusion-separator fusion-full-width-sep\" style=\"margin-left: auto;margin-right: auto;margin-top:20px;margin-bottom:20px;width:100%;\"><\/div><div class=\"fusion-sep-clear\"><\/div><div class=\"fusion-text fusion-text-3\"><p>Tu peux contacter<span class=\"gform_description\"> la Direction de la sant\u00e9<\/span> pour plus d&rsquo;informations sur cette enqu\u00eate. La d\u00e9l\u00e9gu\u00e9e \u00e0 la protection des donn\u00e9es peut \u00eatre saisie si tu as des questions sur tes donn\u00e9es personnelles ou si tu souhaites exercer tes droits sur tes donn\u00e9es (droits d&rsquo;acc\u00e8s et de rectification, droit de suppression). La CNIL peut \u00e9galement \u00eatre saisie de toute r\u00e9clamation.<\/p>\n<table style=\"width: 100%;border-collapse: collapse;border-style: solid;height: 236px\">\n<tbody>\n<tr style=\"height: 44px\">\n<td style=\"width: 33.3333%;height: 44px;border-style: solid;text-align: center\"><strong><em>P\u00f4le sant\u00e9 publique de la Direction de la sant\u00e9 :<\/em><\/strong><\/td>\n<td style=\"width: 33.3333%;height: 44px;border-style: solid;text-align: center\"><strong><em>D\u00e9l\u00e9gu\u00e9e \u00e0 la protection des donn\u00e9es :<\/em><\/strong><\/td>\n<td style=\"width: 33.3333%;height: 44px;border-style: solid;text-align: center\"><strong><em>Responsable du traitement des donn\u00e9es :<\/em><\/strong><\/td>\n<\/tr>\n<tr style=\"height: 192px\">\n<td style=\"width: 33.3333%;height: 192px;border-style: solid\">\n<p style=\"text-align: center\">Nadia SHAN<\/p>\n<p style=\"text-align: center\">Charg\u00e9e de mission<\/p>\n<p style=\"text-align: center\">Direction de la sant\u00e9 de Polyn\u00e9sie fran\u00e7aise<\/p>\n<p style=\"text-align: center\">E-mail : <a href=\"mailto:nadia.shan@sante.gov.pf\">nadia.shan@sante.gov.pf<\/a><\/p>\n<\/td>\n<td style=\"width: 33.3333%;height: 192px;border-style: solid\">\n<p style=\"text-align: center\">Tania BERTHOU<\/p>\n<p style=\"text-align: center\">Service de l&rsquo;informatique de la Polyn\u00e9sie fran\u00e7aise<\/p>\n<p style=\"text-align: center\">E-mail : <a href=\"mailto:dpo@informatique.gov.pf\"><span class=\"gform_description\">dpo@informatique.gov.pf<\/span><\/a><\/p>\n<\/td>\n<td style=\"width: 33.3333%;height: 192px;border-style: solid\">\n<p style=\"text-align: center\">Gouvernement de Polyn\u00e9sie fran\u00e7aise<\/p>\n<p style=\"text-align: center\" align=\"center\">Repr\u00e9sent\u00e9 par Monsieur le Ministre des finances, de l\u2019\u00e9conomie, en charge de l\u2019\u00e9nergie, de la PSG et de la coordination de l\u2019action gouvernementale (MEF)<\/p>\n<p style=\"text-align: center\" align=\"center\">BP 2551 98713 Papeete<\/p>\n<p style=\"text-align: center\">Tel. : 40.47.83.83<\/p>\n<\/td>\n<\/tr>\n<\/tbody>\n<\/table>\n<\/div><div class=\"fusion-clearfix\"><\/div><\/div><\/div><\/div><\/div>\n","protected":false},"excerpt":{"rendered":"","protected":false},"author":176,"featured_media":25936,"parent":12407,"menu_order":0,"comment_status":"closed","ping_status":"closed","template":"","meta":{"_seopress_robots_primary_cat":"","_seopress_titles_title":"","_seopress_titles_desc":"","_seopress_robots_index":"","footnotes":""},"class_list":["post-25881","page","type-page","status-publish","has-post-thumbnail","hentry"],"_links":{"self":[{"href":"https:\/\/www.service-public.pf\/dsp\/wp-json\/wp\/v2\/pages\/25881","targetHints":{"allow":["GET"]}}],"collection":[{"href":"https:\/\/www.service-public.pf\/dsp\/wp-json\/wp\/v2\/pages"}],"about":[{"href":"https:\/\/www.service-public.pf\/dsp\/wp-json\/wp\/v2\/types\/page"}],"author":[{"embeddable":true,"href":"https:\/\/www.service-public.pf\/dsp\/wp-json\/wp\/v2\/users\/176"}],"replies":[{"embeddable":true,"href":"https:\/\/www.service-public.pf\/dsp\/wp-json\/wp\/v2\/comments?post=25881"}],"version-history":[{"count":0,"href":"https:\/\/www.service-public.pf\/dsp\/wp-json\/wp\/v2\/pages\/25881\/revisions"}],"up":[{"embeddable":true,"href":"https:\/\/www.service-public.pf\/dsp\/wp-json\/wp\/v2\/pages\/12407"}],"wp:featuredmedia":[{"embeddable":true,"href":"https:\/\/www.service-public.pf\/dsp\/wp-json\/wp\/v2\/media\/25936"}],"wp:attachment":[{"href":"https:\/\/www.service-public.pf\/dsp\/wp-json\/wp\/v2\/media?parent=25881"}],"curies":[{"name":"wp","href":"https:\/\/api.w.org\/{rel}","templated":true}]}}

<div class="fusion-fullwidth fullwidth-box fusion-builder-row-1 nonhundred-percent-fullwidth non-hundred-percent-height-scrolling" style="--awb-border-radius-top-left:0px;--awb-border-radius-top-right:0px;--awb-border-radius-bottom-right:0px;--awb-border-radius-bottom-left:0px;--awb-flex-wrap:wrap;" ><div class="fusion-builder-row fusion-row"><div class="fusion-layout-column fusion_builder_column fusion-builder-column-0 fusion_builder_column_1_1 1_1 fusion-one-full fusion-column-first fusion-column-last" style="--awb-bg-size:cover;--awb-margin-bottom:0px;"><div class="fusion-column-wrapper fusion-flex-column-wrapper-legacy"><div class="fusion-text fusion-text-1"><h2 class="gform_title fusion-responsive-typography-calculated" style="text-align: center" data-fontsize="22.5" data-lineheight="33.75px"><span style="font-size: 36pt;color: #ffffff">eCovid-Pf</span></h2>
<p class="gform_title fusion-responsive-typography-calculated" style="text-align: center" data-fontsize="22.5" data-lineheight="33.75px"><strong><span style="font-size: 18pt">La Covid-19 : quels impacts sur tes habitudes de vie ?<br />
</span></strong></p>
</div><div class="accordian fusion-accordian" style="--awb-border-size:2px;--awb-icon-size:13px;--awb-content-font-size:18px;--awb-icon-alignment:left;--awb-hover-color:#f9f9f9;--awb-border-color:#3abfbf;--awb-background-color:#ffffff;--awb-divider-color:#e0dede;--awb-divider-hover-color:#e0dede;--awb-icon-color:#ffffff;--awb-title-color:#1d9bac;--awb-content-color:#4a4e57;--awb-icon-box-color:#3abfbf;--awb-toggle-hover-accent-color:#3abfbf;--awb-title-font-family:&quot;Roboto&quot;;--awb-title-font-weight:400;--awb-title-font-style:normal;--awb-content-font-family:&quot;Roboto&quot;;--awb-content-font-style:normal;--awb-content-font-weight:400;"><div class="panel-group fusion-toggle-icon-boxed" id="accordion-25881-1"><div class="fusion-panel panel-default panel-300607eb7878bd338 fusion-toggle-no-divider fusion-toggle-boxed-mode"><div class="panel-heading"><h4 class="panel-title toggle" id="toggle_300607eb7878bd338"><a aria-expanded="false" aria-controls="300607eb7878bd338" role="button" data-toggle="collapse" data-parent="#accordion-25881-1" data-target="#300607eb7878bd338" href="#300607eb7878bd338"><span class="fusion-toggle-icon-wrapper" aria-hidden="true"><i class="fa-fusion-box active-icon awb-icon-minus" aria-hidden="true"></i><i class="fa-fusion-box inactive-icon awb-icon-plus" aria-hidden="true"></i></span><span class="fusion-toggle-heading">Une enquête anonyme et confidentielle sur les effets de la Covid-19 sur les habitudes de vie des Polynésiens</span></a></h4></div><div id="300607eb7878bd338" class="panel-collapse collapse " aria-labelledby="toggle_300607eb7878bd338"><div class="panel-body toggle-content fusion-clearfix">
<p>La Direction de la santé réalise une enquête auprès de l’ensemble de la population âgée de 18 ans ou plus, résidant actuellement en Polynésie française. Cette enquête ne te prendra pas plus de 15 minutes.</p>
<p>L’objectif de cette enquête est d’identifier et d’évaluer l’impact de l’épidémie de la Covid-19 sur les habitudes de vie de la population de la Polynésie française. Cette enquête ne permettra pas de t&rsquo;identifier, elle n’a pas pour but de te juger. Il n’y a pas de bonne ou de mauvaise réponse.</p>
<p>Pour cette enquête, la Direction de la santé collecte, au moyen d’un questionnaire, des informations sur tes caractéristiques, tes habitudes de vie et de consommation et ta santé. Les données recueillies seront traitées exclusivement à des fins statistiques, sur la base de ton consentement.</p>
<p>Ta participation à notre enquête est totalement libre et volontaire et tu peux refuser d’y participer. Pour participer et autoriser la Direction de la santé à utiliser tes réponses dans le cadre de cette enquête, il te suffit de remplir le questionnaire suivant et d’envoyer tes réponses en cliquant sur le bouton « Envoyer » à la fin du questionnaire.</p>
<p>Tes réponses seront traitées de manière anonyme par la Direction de la santé et conservées de manière sécurisée, dans le respect de la législation informatique et libertés. Ton identité n’apparaitra nulle part. Tes réponses sont strictement réservées à cette enquête de la Direction de la santé et ne seront communiquées à aucun autre organisme.</p>
<p>Les résultats de cette enquête feront l’objet d’un rapport consultable librement sur le site internet de la Direction de la santé.</p>
<p>Merci d’avance pour ta participation.</p>
</div></div></div></div></div><div class="fusion-sep-clear"></div><div class="fusion-separator fusion-full-width-sep" style="margin-left: auto;margin-right: auto;margin-top:20px;width:100%;"></div><div class="fusion-sep-clear"></div><div class="fusion-button-wrapper fusion-aligncenter"><a class="fusion-button button-flat fusion-button-default-size button-default fusion-button-default button-1 fusion-button-default-span fusion-button-default-type" target="_blank" rel="noopener noreferrer" href="https://www.service-public.pf/dsp/wp-content/uploads/sites/12/2022/04/Rapport-eCovid-Pf-Habitudes-de-vie.pdf"><span class="fusion-button-text awb-button__text awb-button__text--default">Résultats de l&rsquo;enquête menée du 14 octobre au 2 novembre 2021</span></a></div><div class="fusion-sep-clear"></div><div class="fusion-separator fusion-full-width-sep" style="margin-left: auto;margin-right: auto;margin-top:20px;margin-bottom:20px;width:100%;"></div><div class="fusion-sep-clear"></div><div class="fusion-text fusion-text-2">
</div><div class="fusion-sep-clear"></div><div class="fusion-separator fusion-full-width-sep" style="margin-left: auto;margin-right: auto;margin-top:20px;margin-bottom:20px;width:100%;"></div><div class="fusion-sep-clear"></div><div class="fusion-text fusion-text-3"><p>Tu peux contacter<span class="gform_description"> la Direction de la santé</span> pour plus d&rsquo;informations sur cette enquête. La déléguée à la protection des données peut être saisie si tu as des questions sur tes données personnelles ou si tu souhaites exercer tes droits sur tes données (droits d&rsquo;accès et de rectification, droit de suppression). La CNIL peut également être saisie de toute réclamation.</p>
<table style="width: 100%;border-collapse: collapse;border-style: solid;height: 236px">
<tbody>
<tr style="height: 44px">
<td style="width: 33.3333%;height: 44px;border-style: solid;text-align: center"><strong><em>Pôle santé publique de la Direction de la santé :</em></strong></td>
<td style="width: 33.3333%;height: 44px;border-style: solid;text-align: center"><strong><em>Déléguée à la protection des données :</em></strong></td>
<td style="width: 33.3333%;height: 44px;border-style: solid;text-align: center"><strong><em>Responsable du traitement des données :</em></strong></td>
</tr>
<tr style="height: 192px">
<td style="width: 33.3333%;height: 192px;border-style: solid">
<p style="text-align: center">Nadia SHAN</p>
<p style="text-align: center">Chargée de mission</p>
<p style="text-align: center">Direction de la santé de Polynésie française</p>
<p style="text-align: center">E-mail : <a href="mailto:nadia.shan@sante.gov.pf">nadia.shan@sante.gov.pf</a></p>
</td>
<td style="width: 33.3333%;height: 192px;border-style: solid">
<p style="text-align: center">Tania BERTHOU</p>
<p style="text-align: center">Service de l&rsquo;informatique de la Polynésie française</p>
<p style="text-align: center">E-mail : <a href="mailto:dpo@informatique.gov.pf"><span class="gform_description">dpo@informatique.gov.pf</span></a></p>
</td>
<td style="width: 33.3333%;height: 192px;border-style: solid">
<p style="text-align: center">Gouvernement de Polynésie française</p>
<p style="text-align: center" align="center">Représenté par Monsieur le Ministre des finances, de l’économie, en charge de l’énergie, de la PSG et de la coordination de l’action gouvernementale (MEF)</p>
<p style="text-align: center" align="center">BP 2551 98713 Papeete</p>
<p style="text-align: center">Tel. : 40.47.83.83</p>
</td>
</tr>
</tbody>
</table>
</div><div class="fusion-clearfix"></div></div></div></div></div>
