{"id":22297,"date":"2026-08-13T20:04:06","date_gmt":"2026-08-13T18:04:06","guid":{"rendered":"https:\/\/www.service-public.pf\/dti\/?page_id=22297"},"modified":"2026-08-26T22:39:39","modified_gmt":"2026-08-26T20:39:39","slug":"praticiens-hospitaliers-dsp","status":"publish","type":"page","link":"https:\/\/www.service-public.pf\/dti\/je-souhaite-rejoindre-la-fonction-publique\/cadres-emplois\/praticiens-hospitaliers-exercant-dans-les-structures-hospitalieres-de-la-direction-de-la-sante\/praticiens-hospitaliers-dsp\/","title":{"rendered":"Praticiens hospitaliers (DSP)"},"content":{"rendered":"<p><div class=\"fusion-fullwidth fullwidth-box fusion-builder-row-1 fusion-flex-container has-pattern-background has-mask-background nonhundred-percent-fullwidth non-hundred-percent-height-scrolling\" style=\"--awb-border-radius-top-left:0px;--awb-border-radius-top-right:0px;--awb-border-radius-bottom-right:0px;--awb-border-radius-bottom-left:0px;--awb-flex-wrap:wrap;\" ><div class=\"fusion-builder-row fusion-row fusion-flex-align-items-flex-start fusion-flex-content-wrap\" style=\"max-width:1300px;margin-left: calc(-4% \/ 2 );margin-right: calc(-4% \/ 2 );\"><div class=\"fusion-layout-column fusion_builder_column fusion-builder-column-0 fusion_builder_column_1_1 1_1 fusion-flex-column\" style=\"--awb-bg-size:cover;--awb-width-large:100%;--awb-margin-top-large:0px;--awb-spacing-right-large:1.92%;--awb-margin-bottom-large:20px;--awb-spacing-left-large:1.92%;--awb-width-medium:100%;--awb-order-medium:0;--awb-spacing-right-medium:1.92%;--awb-spacing-left-medium:1.92%;--awb-width-small:100%;--awb-order-small:0;--awb-spacing-right-small:1.92%;--awb-spacing-left-small:1.92%;\"><div class=\"fusion-column-wrapper fusion-column-has-shadow fusion-flex-justify-content-flex-start fusion-content-layout-column\"><div class=\"fusion-title title fusion-title-1 fusion-title-center fusion-title-text fusion-title-size-two\" style=\"--awb-margin-top-small:10px;--awb-margin-right-small:0px;--awb-margin-bottom-small:10px;--awb-margin-left-small:0px;\"><div class=\"title-sep-container title-sep-container-left\"><div class=\"title-sep sep-double sep-solid\" style=\"border-color:#e2e2e2;\"><\/div><\/div><span class=\"awb-title-spacer\"><\/span><h2 class=\"fusion-title-heading title-heading-center\" style=\"margin:0;\"><p style=\"text-align: center\">Praticiens hospitaliers de la direction de la sant\u00e9<\/p><\/h2><span class=\"awb-title-spacer\"><\/span><div class=\"title-sep-container title-sep-container-right\"><div class=\"title-sep sep-double sep-solid\" style=\"border-color:#e2e2e2;\"><\/div><\/div><\/div><div class=\"fusion-image-element\" style=\"text-align:center;--awb-caption-title-font-family:var(--h2_typography-font-family);--awb-caption-title-font-weight:var(--h2_typography-font-weight);--awb-caption-title-font-style:var(--h2_typography-font-style);--awb-caption-title-size:var(--h2_typography-font-size);--awb-caption-title-transform:var(--h2_typography-text-transform);--awb-caption-title-line-height:var(--h2_typography-line-height);--awb-caption-title-letter-spacing:var(--h2_typography-letter-spacing);\"><span class=\" fusion-imageframe imageframe-none imageframe-1 hover-type-none\"><img decoding=\"async\" width=\"300\" height=\"68\" title=\"Sous Titre Dgrh2 V3B3 Scaled\" src=\"https:\/\/www.service-public.pf\/dti\/wp-content\/uploads\/sites\/60\/2026\/06\/sous-titre-dgrh2-v3B3-scaled-1-300x68.png\" alt class=\"img-responsive wp-image-20859\" srcset=\"https:\/\/www.service-public.pf\/dti\/wp-content\/uploads\/sites\/60\/2026\/06\/sous-titre-dgrh2-v3B3-scaled-1-200x45.png 200w, https:\/\/www.service-public.pf\/dti\/wp-content\/uploads\/sites\/60\/2026\/06\/sous-titre-dgrh2-v3B3-scaled-1-400x90.png 400w, https:\/\/www.service-public.pf\/dti\/wp-content\/uploads\/sites\/60\/2026\/06\/sous-titre-dgrh2-v3B3-scaled-1-600x135.png 600w, https:\/\/www.service-public.pf\/dti\/wp-content\/uploads\/sites\/60\/2026\/06\/sous-titre-dgrh2-v3B3-scaled-1-800x181.png 800w, https:\/\/www.service-public.pf\/dti\/wp-content\/uploads\/sites\/60\/2026\/06\/sous-titre-dgrh2-v3B3-scaled-1-1200x271.png 1200w\" sizes=\"(max-width: 640px) 100vw, 300px\" \/><\/span><\/div><\/div><\/div><\/div><\/div><div class=\"fusion-fullwidth fullwidth-box fusion-builder-row-2 fusion-flex-container has-pattern-background has-mask-background nonhundred-percent-fullwidth non-hundred-percent-height-scrolling\" style=\"--awb-border-radius-top-left:0px;--awb-border-radius-top-right:0px;--awb-border-radius-bottom-right:0px;--awb-border-radius-bottom-left:0px;--awb-flex-wrap:wrap;\" ><div class=\"fusion-builder-row fusion-row fusion-flex-align-items-flex-start fusion-flex-content-wrap\" style=\"max-width:1300px;margin-left: calc(-4% \/ 2 );margin-right: calc(-4% \/ 2 );\"><div class=\"fusion-layout-column fusion_builder_column fusion-builder-column-1 fusion_builder_column_1_1 1_1 fusion-flex-column\" style=\"--awb-bg-size:cover;--awb-width-large:100%;--awb-margin-top-large:0px;--awb-spacing-right-large:1.92%;--awb-margin-bottom-large:20px;--awb-spacing-left-large:1.92%;--awb-width-medium:100%;--awb-order-medium:0;--awb-spacing-right-medium:1.92%;--awb-spacing-left-medium:1.92%;--awb-width-small:100%;--awb-order-small:0;--awb-spacing-right-small:1.92%;--awb-spacing-left-small:1.92%;\"><div class=\"fusion-column-wrapper fusion-column-has-shadow fusion-flex-justify-content-flex-start fusion-content-layout-column\"><div class=\"fusion-text fusion-text-1\"><p>L&rsquo;ensemble des r\u00e8gles relatives au cadre d&#8217;emplois des praticiens hospitaliers des structures hospitali\u00e8res publiques de la direction de la sant\u00e9 (missions, recrutement, titularisation, carri\u00e8re, avancement et formation) est d\u00e9fini par la <a href=\"https:\/\/lexpol.cloud.pf\/LexpolAfficheTexte.php?texte=181159&amp;idr=0&amp;np=1&amp;lang=fr\">D\u00e9lib\u00e9ration n\u00b0 97-198 APF du 24 octobre 1997 portant statut particulier du cadre d&#8217;emplois des praticiens hospitaliers des structures hospitali\u00e8res publiques de la direction de la sant\u00e9<\/a><\/p>\n<\/div><div class=\"fusion-image-element\" style=\"--awb-margin-top:50px;--awb-caption-title-font-family:var(--h2_typography-font-family);--awb-caption-title-font-weight:var(--h2_typography-font-weight);--awb-caption-title-font-style:var(--h2_typography-font-style);--awb-caption-title-size:var(--h2_typography-font-size);--awb-caption-title-transform:var(--h2_typography-text-transform);--awb-caption-title-line-height:var(--h2_typography-line-height);--awb-caption-title-letter-spacing:var(--h2_typography-letter-spacing);\"><span class=\" fusion-imageframe imageframe-none imageframe-2 hover-type-none\"><img decoding=\"async\" width=\"1414\" height=\"2000\" title=\"PHOS DSP 2026 Guide Du Candidat\" src=\"https:\/\/www.service-public.pf\/dti\/wp-content\/uploads\/sites\/60\/2026\/08\/PHOS-DSP-2026-Guide-du-candidat-.png\" alt class=\"img-responsive wp-image-22430\" srcset=\"https:\/\/www.service-public.pf\/dti\/wp-content\/uploads\/sites\/60\/2026\/08\/PHOS-DSP-2026-Guide-du-candidat--200x283.png 200w, https:\/\/www.service-public.pf\/dti\/wp-content\/uploads\/sites\/60\/2026\/08\/PHOS-DSP-2026-Guide-du-candidat--400x566.png 400w, https:\/\/www.service-public.pf\/dti\/wp-content\/uploads\/sites\/60\/2026\/08\/PHOS-DSP-2026-Guide-du-candidat--600x849.png 600w, https:\/\/www.service-public.pf\/dti\/wp-content\/uploads\/sites\/60\/2026\/08\/PHOS-DSP-2026-Guide-du-candidat--800x1132.png 800w, https:\/\/www.service-public.pf\/dti\/wp-content\/uploads\/sites\/60\/2026\/08\/PHOS-DSP-2026-Guide-du-candidat--1200x1697.png 1200w, https:\/\/www.service-public.pf\/dti\/wp-content\/uploads\/sites\/60\/2026\/08\/PHOS-DSP-2026-Guide-du-candidat-.png 1414w\" sizes=\"(max-width: 640px) 100vw, 1414px\" \/><\/span><\/div><\/div><\/div><\/div><\/div><\/p>\n","protected":false},"excerpt":{"rendered":"","protected":false},"author":685,"featured_media":0,"parent":14829,"menu_order":0,"comment_status":"closed","ping_status":"closed","template":"","meta":{"_seopress_titles_title":"","_seopress_titles_desc":"","_seopress_robots_index":"","_seopress_robots_follow":"","_seopress_robots_imageindex":"","_seopress_robots_snippet":"","_seopress_robots_primary_cat":"","_seopress_robots_breadcrumbs":"","_seopress_robots_freeze_modified_date":"","_seopress_robots_custom_modified_date":"","_seopress_robots_canonical":"","_seopress_social_fb_title":"","_seopress_social_fb_desc":"","_seopress_social_fb_img":"","_seopress_social_fb_img_attachment_id":0,"_seopress_social_fb_img_width":0,"_seopress_social_fb_img_height":0,"_seopress_social_twitter_title":"","_seopress_social_twitter_desc":"","_seopress_social_twitter_img":"","_seopress_social_twitter_img_attachment_id":0,"_seopress_social_twitter_img_width":0,"_seopress_social_twitter_img_height":0,"_seopress_redirections_value":"","_seopress_redirections_enabled":"","_seopress_redirections_enabled_regex":"","_seopress_redirections_logged_status":"","_seopress_redirections_param":"","_seopress_redirections_type":0,"_seopress_analysis_target_kw":"","_seopress_news_disabled":"","_seopress_video_disabled":"","_seopress_video":[],"_seopress_pro_schemas_manual":[],"_seopress_pro_rich_snippets_disable_all":"","_seopress_pro_rich_snippets_disable":[],"_seopress_pro_schemas":[],"footnotes":""},"class_list":["post-22297","page","type-page","status-publish","hentry"],"_links":{"self":[{"href":"https:\/\/www.service-public.pf\/dti\/wp-json\/wp\/v2\/pages\/22297","targetHints":{"allow":["GET"]}}],"collection":[{"href":"https:\/\/www.service-public.pf\/dti\/wp-json\/wp\/v2\/pages"}],"about":[{"href":"https:\/\/www.service-public.pf\/dti\/wp-json\/wp\/v2\/types\/page"}],"author":[{"embeddable":true,"href":"https:\/\/www.service-public.pf\/dti\/wp-json\/wp\/v2\/users\/685"}],"replies":[{"embeddable":true,"href":"https:\/\/www.service-public.pf\/dti\/wp-json\/wp\/v2\/comments?post=22297"}],"version-history":[{"count":7,"href":"https:\/\/www.service-public.pf\/dti\/wp-json\/wp\/v2\/pages\/22297\/revisions"}],"predecessor-version":[{"id":22439,"href":"https:\/\/www.service-public.pf\/dti\/wp-json\/wp\/v2\/pages\/22297\/revisions\/22439"}],"up":[{"embeddable":true,"href":"https:\/\/www.service-public.pf\/dti\/wp-json\/wp\/v2\/pages\/14829"}],"wp:attachment":[{"href":"https:\/\/www.service-public.pf\/dti\/wp-json\/wp\/v2\/media?parent=22297"}],"curies":[{"name":"wp","href":"https:\/\/api.w.org\/{rel}","templated":true}]}}

<p><div class="fusion-fullwidth fullwidth-box fusion-builder-row-1 fusion-flex-container has-pattern-background has-mask-background nonhundred-percent-fullwidth non-hundred-percent-height-scrolling" style="--awb-border-radius-top-left:0px;--awb-border-radius-top-right:0px;--awb-border-radius-bottom-right:0px;--awb-border-radius-bottom-left:0px;--awb-flex-wrap:wrap;" ><div class="fusion-builder-row fusion-row fusion-flex-align-items-flex-start fusion-flex-content-wrap" style="max-width:1300px;margin-left: calc(-4% / 2 );margin-right: calc(-4% / 2 );"><div class="fusion-layout-column fusion_builder_column fusion-builder-column-0 fusion_builder_column_1_1 1_1 fusion-flex-column" style="--awb-bg-size:cover;--awb-width-large:100%;--awb-margin-top-large:0px;--awb-spacing-right-large:1.92%;--awb-margin-bottom-large:20px;--awb-spacing-left-large:1.92%;--awb-width-medium:100%;--awb-order-medium:0;--awb-spacing-right-medium:1.92%;--awb-spacing-left-medium:1.92%;--awb-width-small:100%;--awb-order-small:0;--awb-spacing-right-small:1.92%;--awb-spacing-left-small:1.92%;"><div class="fusion-column-wrapper fusion-column-has-shadow fusion-flex-justify-content-flex-start fusion-content-layout-column"><div class="fusion-title title fusion-title-1 fusion-title-center fusion-title-text fusion-title-size-two" style="--awb-margin-top-small:10px;--awb-margin-right-small:0px;--awb-margin-bottom-small:10px;--awb-margin-left-small:0px;"><div class="title-sep-container title-sep-container-left"><div class="title-sep sep-double sep-solid" style="border-color:#e2e2e2;"></div></div><span class="awb-title-spacer"></span><h2 class="fusion-title-heading title-heading-center" style="margin:0;"><p style="text-align: center">Praticiens hospitaliers de la direction de la santé</p></h2><span class="awb-title-spacer"></span><div class="title-sep-container title-sep-container-right"><div class="title-sep sep-double sep-solid" style="border-color:#e2e2e2;"></div></div></div><div class="fusion-image-element" style="text-align:center;--awb-caption-title-font-family:var(--h2_typography-font-family);--awb-caption-title-font-weight:var(--h2_typography-font-weight);--awb-caption-title-font-style:var(--h2_typography-font-style);--awb-caption-title-size:var(--h2_typography-font-size);--awb-caption-title-transform:var(--h2_typography-text-transform);--awb-caption-title-line-height:var(--h2_typography-line-height);--awb-caption-title-letter-spacing:var(--h2_typography-letter-spacing);"><span class=" fusion-imageframe imageframe-none imageframe-1 hover-type-none"><img decoding="async" width="300" height="68" title="Sous Titre Dgrh2 V3B3 Scaled" src="https://www.service-public.pf/dti/wp-content/uploads/sites/60/2026/06/sous-titre-dgrh2-v3B3-scaled-1-300x68.png" alt class="img-responsive wp-image-20859" srcset="https://www.service-public.pf/dti/wp-content/uploads/sites/60/2026/06/sous-titre-dgrh2-v3B3-scaled-1-200x45.png 200w, https://www.service-public.pf/dti/wp-content/uploads/sites/60/2026/06/sous-titre-dgrh2-v3B3-scaled-1-400x90.png 400w, https://www.service-public.pf/dti/wp-content/uploads/sites/60/2026/06/sous-titre-dgrh2-v3B3-scaled-1-600x135.png 600w, https://www.service-public.pf/dti/wp-content/uploads/sites/60/2026/06/sous-titre-dgrh2-v3B3-scaled-1-800x181.png 800w, https://www.service-public.pf/dti/wp-content/uploads/sites/60/2026/06/sous-titre-dgrh2-v3B3-scaled-1-1200x271.png 1200w" sizes="(max-width: 640px) 100vw, 300px" /></span></div></div></div></div></div><div class="fusion-fullwidth fullwidth-box fusion-builder-row-2 fusion-flex-container has-pattern-background has-mask-background nonhundred-percent-fullwidth non-hundred-percent-height-scrolling" style="--awb-border-radius-top-left:0px;--awb-border-radius-top-right:0px;--awb-border-radius-bottom-right:0px;--awb-border-radius-bottom-left:0px;--awb-flex-wrap:wrap;" ><div class="fusion-builder-row fusion-row fusion-flex-align-items-flex-start fusion-flex-content-wrap" style="max-width:1300px;margin-left: calc(-4% / 2 );margin-right: calc(-4% / 2 );"><div class="fusion-layout-column fusion_builder_column fusion-builder-column-1 fusion_builder_column_1_1 1_1 fusion-flex-column" style="--awb-bg-size:cover;--awb-width-large:100%;--awb-margin-top-large:0px;--awb-spacing-right-large:1.92%;--awb-margin-bottom-large:20px;--awb-spacing-left-large:1.92%;--awb-width-medium:100%;--awb-order-medium:0;--awb-spacing-right-medium:1.92%;--awb-spacing-left-medium:1.92%;--awb-width-small:100%;--awb-order-small:0;--awb-spacing-right-small:1.92%;--awb-spacing-left-small:1.92%;"><div class="fusion-column-wrapper fusion-column-has-shadow fusion-flex-justify-content-flex-start fusion-content-layout-column"><div class="fusion-text fusion-text-1"><p>L&rsquo;ensemble des règles relatives au cadre d&#8217;emplois des praticiens hospitaliers des structures hospitalières publiques de la direction de la santé (missions, recrutement, titularisation, carrière, avancement et formation) est défini par la <a href="https://lexpol.cloud.pf/LexpolAfficheTexte.php?texte=181159&amp;idr=0&amp;np=1&amp;lang=fr">Délibération n° 97-198 APF du 24 octobre 1997 portant statut particulier du cadre d&#8217;emplois des praticiens hospitaliers des structures hospitalières publiques de la direction de la santé</a></p>
</div><div class="fusion-image-element" style="--awb-margin-top:50px;--awb-caption-title-font-family:var(--h2_typography-font-family);--awb-caption-title-font-weight:var(--h2_typography-font-weight);--awb-caption-title-font-style:var(--h2_typography-font-style);--awb-caption-title-size:var(--h2_typography-font-size);--awb-caption-title-transform:var(--h2_typography-text-transform);--awb-caption-title-line-height:var(--h2_typography-line-height);--awb-caption-title-letter-spacing:var(--h2_typography-letter-spacing);"><span class=" fusion-imageframe imageframe-none imageframe-2 hover-type-none"><img decoding="async" width="1414" height="2000" title="PHOS DSP 2026 Guide Du Candidat" src="https://www.service-public.pf/dti/wp-content/uploads/sites/60/2026/08/PHOS-DSP-2026-Guide-du-candidat-.png" alt class="img-responsive wp-image-22430" srcset="https://www.service-public.pf/dti/wp-content/uploads/sites/60/2026/08/PHOS-DSP-2026-Guide-du-candidat--200x283.png 200w, https://www.service-public.pf/dti/wp-content/uploads/sites/60/2026/08/PHOS-DSP-2026-Guide-du-candidat--400x566.png 400w, https://www.service-public.pf/dti/wp-content/uploads/sites/60/2026/08/PHOS-DSP-2026-Guide-du-candidat--600x849.png 600w, https://www.service-public.pf/dti/wp-content/uploads/sites/60/2026/08/PHOS-DSP-2026-Guide-du-candidat--800x1132.png 800w, https://www.service-public.pf/dti/wp-content/uploads/sites/60/2026/08/PHOS-DSP-2026-Guide-du-candidat--1200x1697.png 1200w, https://www.service-public.pf/dti/wp-content/uploads/sites/60/2026/08/PHOS-DSP-2026-Guide-du-candidat-.png 1414w" sizes="(max-width: 640px) 100vw, 1414px" /></span></div></div></div></div></div></p>
