{"id":5918,"date":"2022-06-22T12:50:00","date_gmt":"2022-06-22T22:50:00","guid":{"rendered":"https:\/\/dgrh2.tagency.io\/?page_id=5918"},"modified":"2026-07-10T02:41:01","modified_gmt":"2026-07-10T00:41:01","slug":"aides-techniques","status":"publish","type":"page","link":"https:\/\/www.service-public.pf\/dti\/je-souhaite-rejoindre-la-fonction-publique\/cadres-emplois\/aides-techniques\/","title":{"rendered":"Aides techniques"},"content":{"rendered":"<p><div class=\"fusion-fullwidth fullwidth-box fusion-builder-row-1 fusion-flex-container nonhundred-percent-fullwidth non-hundred-percent-height-scrolling\" style=\"--awb-border-radius-top-left:0px;--awb-border-radius-top-right:0px;--awb-border-radius-bottom-right:0px;--awb-border-radius-bottom-left:0px;--awb-padding-bottom:30px;--awb-padding-top-small:150px;--awb-flex-wrap:wrap;\" ><div class=\"fusion-builder-row fusion-row fusion-flex-align-items-flex-start fusion-flex-content-wrap\" style=\"max-width:1300px;margin-left: calc(-4% \/ 2 );margin-right: calc(-4% \/ 2 );\"><div class=\"fusion-layout-column fusion_builder_column fusion-builder-column-0 fusion_builder_column_1_1 1_1 fusion-flex-column\" style=\"--awb-bg-size:cover;--awb-width-large:100%;--awb-margin-top-large:0px;--awb-spacing-right-large:1.92%;--awb-margin-bottom-large:0px;--awb-spacing-left-large:1.92%;--awb-width-medium:100%;--awb-order-medium:0;--awb-spacing-right-medium:1.92%;--awb-spacing-left-medium:1.92%;--awb-width-small:100%;--awb-order-small:0;--awb-spacing-right-small:1.92%;--awb-spacing-left-small:1.92%;\"><div class=\"fusion-column-wrapper fusion-column-has-shadow fusion-flex-justify-content-flex-start fusion-content-layout-column\"><div class=\"fusion-title title fusion-title-1 fusion-sep-none fusion-title-text fusion-title-size-one\" style=\"--awb-margin-top-small:10px;--awb-margin-right-small:0px;--awb-margin-bottom-small:10px;--awb-margin-left-small:0px;\"><h1 class=\"fusion-title-heading title-heading-left\" style=\"margin:0;\"><div style=\"text-align: center\"><span style=\"color: var(--h1_typography-color);font-family: var(--h1_typography-font-family);font-size: var(--h1_typography-font-size);font-style: var(--h1_typography-font-style,normal);font-weight: var(--h1_typography-font-weight);letter-spacing: var(--h1_typography-letter-spacing);text-transform: var(--title_text_transform)\">Aides Techniques<\/span><\/div><\/h1><\/div><div class=\"fusion-image-element\" style=\"text-align:center;--awb-margin-right:0px;--awb-margin-left:0px;--awb-max-width:200px;--awb-caption-title-font-family:var(--h2_typography-font-family);--awb-caption-title-font-weight:var(--h2_typography-font-weight);--awb-caption-title-font-style:var(--h2_typography-font-style);--awb-caption-title-size:var(--h2_typography-font-size);--awb-caption-title-transform:var(--h2_typography-text-transform);--awb-caption-title-line-height:var(--h2_typography-line-height);--awb-caption-title-letter-spacing:var(--h2_typography-letter-spacing);\"><span class=\" fusion-imageframe imageframe-none imageframe-1 hover-type-none\"><img decoding=\"async\" src=\"https:\/\/www.service-public.pf\/dti\/wp-content\/uploads\/sites\/60\/2025\/12\/sous-titre-dgrh2-v3B3-400x90.png\" alt class=\"img-responsive\"\/><\/span><\/div><\/div><\/div><\/div><\/div><div class=\"fusion-fullwidth fullwidth-box fusion-builder-row-2 fusion-flex-container nonhundred-percent-fullwidth non-hundred-percent-height-scrolling\" style=\"--awb-border-radius-top-left:0px;--awb-border-radius-top-right:0px;--awb-border-radius-bottom-right:0px;--awb-border-radius-bottom-left:0px;--awb-flex-wrap:wrap;\" ><div class=\"fusion-builder-row fusion-row fusion-flex-align-items-flex-start fusion-flex-content-wrap\" style=\"max-width:1300px;margin-left: calc(-4% \/ 2 );margin-right: calc(-4% \/ 2 );\"><div class=\"fusion-layout-column fusion_builder_column fusion-builder-column-1 fusion_builder_column_1_1 1_1 fusion-flex-column\" style=\"--awb-bg-size:cover;--awb-width-large:100%;--awb-margin-top-large:0px;--awb-spacing-right-large:1.92%;--awb-margin-bottom-large:20px;--awb-spacing-left-large:1.92%;--awb-width-medium:100%;--awb-order-medium:0;--awb-spacing-right-medium:1.92%;--awb-spacing-left-medium:1.92%;--awb-width-small:100%;--awb-order-small:0;--awb-spacing-right-small:1.92%;--awb-spacing-left-small:1.92%;\"><div class=\"fusion-column-wrapper fusion-column-has-shadow fusion-flex-justify-content-flex-start fusion-content-layout-column\"><div class=\"fusion-text fusion-text-1\" style=\"--awb-text-transform:none;\"><p>Les aides techniques sont des<strong> agents d\u2019ex\u00e9cution<\/strong>. Ils sont charg\u00e9s des travaux d\u2019entretien ou de nettoyage <span style=\"color: var(--body_typography-color);font-family: var(--body_typography-font-family);font-size: var(--body_typography-font-size);font-style: var(--body_typography-font-style,normal);letter-spacing: var(--body_typography-letter-spacing)\">des locaux et du mat\u00e9riel divers. Ils peuvent \u00eatre charg\u00e9s des t\u00e2ches techniques d\u2019ex\u00e9cution ne n\u00e9cessitant pas une <\/span><span style=\"color: var(--body_typography-color);font-family: var(--body_typography-font-family);font-size: var(--body_typography-font-size);font-style: var(--body_typography-font-style,normal);letter-spacing: var(--body_typography-letter-spacing)\">formation professionnelle particuli\u00e8re.<\/span><\/p>\n<p>Les aides techniques sp\u00e9cialis\u00e9s, ayant suivi une formation de qualification et dont la formation a fait l\u2019objet d\u2019une <span style=\"color: var(--body_typography-color);font-family: var(--body_typography-font-family);font-size: var(--body_typography-font-size);font-style: var(--body_typography-font-style,normal);letter-spacing: var(--body_typography-letter-spacing)\">\u00e9valuation positive, peuvent se voir confi\u00e9s des t\u00e2ches particuli\u00e8res telles que le gardiennage, la s\u00e9curit\u00e9, l\u2019h\u00f4tellerie, la <\/span><span style=\"color: var(--body_typography-color);font-family: var(--body_typography-font-family);font-size: var(--body_typography-font-size);font-style: var(--body_typography-font-style,normal);letter-spacing: var(--body_typography-letter-spacing)\">restauration, la conduite des v\u00e9hicules l\u00e9gers.<\/span><\/p>\n<p>Les aides techniques et les aides techniques sp\u00e9cialis\u00e9s peuvent travailler en \u00e9quipe ou effectuer individuellement leurs <span style=\"color: var(--body_typography-color);font-family: var(--body_typography-font-family);font-size: var(--body_typography-font-size);font-style: var(--body_typography-font-style,normal);letter-spacing: var(--body_typography-letter-spacing)\">t\u00e2ches. Ils peuvent suppl\u00e9er dans leurs t\u00e2ches les agents titulaires d\u2019un des grades d\u2019un cadre d\u2019emplois de cat\u00e9gorie C.<\/span><\/p>\n<p>Les aides techniques qualifi\u00e9s et les aides techniques principaux sont charg\u00e9s des travaux d\u2019ex\u00e9cution ou de finition <span style=\"color: var(--body_typography-color);font-family: var(--body_typography-font-family);font-size: var(--body_typography-font-size);font-style: var(--body_typography-font-style,normal);letter-spacing: var(--body_typography-letter-spacing)\">n\u00e9cessitant une dext\u00e9rit\u00e9 particuli\u00e8re ou de la r\u00e9partition et de l\u2019ex\u00e9cution des t\u00e2ches confi\u00e9es \u00e0 une \u00e9quipe d\u2019aides <\/span><span style=\"color: var(--body_typography-color);font-family: var(--body_typography-font-family);font-size: var(--body_typography-font-size);font-style: var(--body_typography-font-style,normal);letter-spacing: var(--body_typography-letter-spacing)\">techniques.<\/span><\/p>\n<p><a href=\"https:\/\/lexpol.cloud.pf\/LexpolAfficheTexte.php?texte=182153&amp;idr=1683&amp;np=1&amp;lang=fr\">D\u00e9lib\u00e9ration n\u00b0 95-233 AT du 14 d\u00e9cembre 1995 portant statut particulier du cadre d&#8217;emplois des aides techniques de la fonction publique de la Polyn\u00e9sie fran\u00e7aise<\/a><\/p>\n<\/div><\/div><\/div><\/div><\/div><\/p>\n","protected":false},"excerpt":{"rendered":"","protected":false},"author":137,"featured_media":0,"parent":4781,"menu_order":0,"comment_status":"closed","ping_status":"closed","template":"","meta":{"_seopress_titles_title":"Aides techniques pour les cadres en qu\u00eate de carri\u00e8re dans la fonction publique","_seopress_titles_desc":"Aides techniques","_seopress_robots_index":"","_seopress_robots_follow":"","_seopress_robots_imageindex":"","_seopress_robots_snippet":"","_seopress_robots_primary_cat":"","_seopress_robots_breadcrumbs":"","_seopress_robots_freeze_modified_date":"","_seopress_robots_custom_modified_date":"","_seopress_robots_canonical":"","_seopress_social_fb_title":"","_seopress_social_fb_desc":"","_seopress_social_fb_img":"","_seopress_social_fb_img_attachment_id":0,"_seopress_social_fb_img_width":0,"_seopress_social_fb_img_height":0,"_seopress_social_twitter_title":"","_seopress_social_twitter_desc":"","_seopress_social_twitter_img":"","_seopress_social_twitter_img_attachment_id":0,"_seopress_social_twitter_img_width":0,"_seopress_social_twitter_img_height":0,"_seopress_redirections_value":"","_seopress_redirections_enabled":"","_seopress_redirections_enabled_regex":"","_seopress_redirections_logged_status":"","_seopress_redirections_param":"","_seopress_redirections_type":301,"_seopress_analysis_target_kw":"","_seopress_news_disabled":"","_seopress_video_disabled":"","_seopress_video":[],"_seopress_pro_schemas_manual":[],"_seopress_pro_rich_snippets_disable_all":"","_seopress_pro_rich_snippets_disable":[],"_seopress_pro_schemas":[],"footnotes":""},"class_list":["post-5918","page","type-page","status-publish","hentry"],"_links":{"self":[{"href":"https:\/\/www.service-public.pf\/dti\/wp-json\/wp\/v2\/pages\/5918","targetHints":{"allow":["GET"]}}],"collection":[{"href":"https:\/\/www.service-public.pf\/dti\/wp-json\/wp\/v2\/pages"}],"about":[{"href":"https:\/\/www.service-public.pf\/dti\/wp-json\/wp\/v2\/types\/page"}],"author":[{"embeddable":true,"href":"https:\/\/www.service-public.pf\/dti\/wp-json\/wp\/v2\/users\/137"}],"replies":[{"embeddable":true,"href":"https:\/\/www.service-public.pf\/dti\/wp-json\/wp\/v2\/comments?post=5918"}],"version-history":[{"count":1,"href":"https:\/\/www.service-public.pf\/dti\/wp-json\/wp\/v2\/pages\/5918\/revisions"}],"predecessor-version":[{"id":21535,"href":"https:\/\/www.service-public.pf\/dti\/wp-json\/wp\/v2\/pages\/5918\/revisions\/21535"}],"up":[{"embeddable":true,"href":"https:\/\/www.service-public.pf\/dti\/wp-json\/wp\/v2\/pages\/4781"}],"wp:attachment":[{"href":"https:\/\/www.service-public.pf\/dti\/wp-json\/wp\/v2\/media?parent=5918"}],"curies":[{"name":"wp","href":"https:\/\/api.w.org\/{rel}","templated":true}]}}

<p><div class="fusion-fullwidth fullwidth-box fusion-builder-row-1 fusion-flex-container nonhundred-percent-fullwidth non-hundred-percent-height-scrolling" style="--awb-border-radius-top-left:0px;--awb-border-radius-top-right:0px;--awb-border-radius-bottom-right:0px;--awb-border-radius-bottom-left:0px;--awb-padding-bottom:30px;--awb-padding-top-small:150px;--awb-flex-wrap:wrap;" ><div class="fusion-builder-row fusion-row fusion-flex-align-items-flex-start fusion-flex-content-wrap" style="max-width:1300px;margin-left: calc(-4% / 2 );margin-right: calc(-4% / 2 );"><div class="fusion-layout-column fusion_builder_column fusion-builder-column-0 fusion_builder_column_1_1 1_1 fusion-flex-column" style="--awb-bg-size:cover;--awb-width-large:100%;--awb-margin-top-large:0px;--awb-spacing-right-large:1.92%;--awb-margin-bottom-large:0px;--awb-spacing-left-large:1.92%;--awb-width-medium:100%;--awb-order-medium:0;--awb-spacing-right-medium:1.92%;--awb-spacing-left-medium:1.92%;--awb-width-small:100%;--awb-order-small:0;--awb-spacing-right-small:1.92%;--awb-spacing-left-small:1.92%;"><div class="fusion-column-wrapper fusion-column-has-shadow fusion-flex-justify-content-flex-start fusion-content-layout-column"><div class="fusion-title title fusion-title-1 fusion-sep-none fusion-title-text fusion-title-size-one" style="--awb-margin-top-small:10px;--awb-margin-right-small:0px;--awb-margin-bottom-small:10px;--awb-margin-left-small:0px;"><h1 class="fusion-title-heading title-heading-left" style="margin:0;"><div style="text-align: center"><span style="color: var(--h1_typography-color);font-family: var(--h1_typography-font-family);font-size: var(--h1_typography-font-size);font-style: var(--h1_typography-font-style,normal);font-weight: var(--h1_typography-font-weight);letter-spacing: var(--h1_typography-letter-spacing);text-transform: var(--title_text_transform)">Aides Techniques</span></div></h1></div><div class="fusion-image-element" style="text-align:center;--awb-margin-right:0px;--awb-margin-left:0px;--awb-max-width:200px;--awb-caption-title-font-family:var(--h2_typography-font-family);--awb-caption-title-font-weight:var(--h2_typography-font-weight);--awb-caption-title-font-style:var(--h2_typography-font-style);--awb-caption-title-size:var(--h2_typography-font-size);--awb-caption-title-transform:var(--h2_typography-text-transform);--awb-caption-title-line-height:var(--h2_typography-line-height);--awb-caption-title-letter-spacing:var(--h2_typography-letter-spacing);"><span class=" fusion-imageframe imageframe-none imageframe-1 hover-type-none"><img decoding="async" src="https://www.service-public.pf/dti/wp-content/uploads/sites/60/2025/12/sous-titre-dgrh2-v3B3-400x90.png" alt class="img-responsive"/></span></div></div></div></div></div><div class="fusion-fullwidth fullwidth-box fusion-builder-row-2 fusion-flex-container nonhundred-percent-fullwidth non-hundred-percent-height-scrolling" style="--awb-border-radius-top-left:0px;--awb-border-radius-top-right:0px;--awb-border-radius-bottom-right:0px;--awb-border-radius-bottom-left:0px;--awb-flex-wrap:wrap;" ><div class="fusion-builder-row fusion-row fusion-flex-align-items-flex-start fusion-flex-content-wrap" style="max-width:1300px;margin-left: calc(-4% / 2 );margin-right: calc(-4% / 2 );"><div class="fusion-layout-column fusion_builder_column fusion-builder-column-1 fusion_builder_column_1_1 1_1 fusion-flex-column" style="--awb-bg-size:cover;--awb-width-large:100%;--awb-margin-top-large:0px;--awb-spacing-right-large:1.92%;--awb-margin-bottom-large:20px;--awb-spacing-left-large:1.92%;--awb-width-medium:100%;--awb-order-medium:0;--awb-spacing-right-medium:1.92%;--awb-spacing-left-medium:1.92%;--awb-width-small:100%;--awb-order-small:0;--awb-spacing-right-small:1.92%;--awb-spacing-left-small:1.92%;"><div class="fusion-column-wrapper fusion-column-has-shadow fusion-flex-justify-content-flex-start fusion-content-layout-column"><div class="fusion-text fusion-text-1" style="--awb-text-transform:none;"><p>Les aides techniques sont des<strong> agents d’exécution</strong>. Ils sont chargés des travaux d’entretien ou de nettoyage <span style="color: var(--body_typography-color);font-family: var(--body_typography-font-family);font-size: var(--body_typography-font-size);font-style: var(--body_typography-font-style,normal);letter-spacing: var(--body_typography-letter-spacing)">des locaux et du matériel divers. Ils peuvent être chargés des tâches techniques d’exécution ne nécessitant pas une </span><span style="color: var(--body_typography-color);font-family: var(--body_typography-font-family);font-size: var(--body_typography-font-size);font-style: var(--body_typography-font-style,normal);letter-spacing: var(--body_typography-letter-spacing)">formation professionnelle particulière.</span></p>
<p>Les aides techniques spécialisés, ayant suivi une formation de qualification et dont la formation a fait l’objet d’une <span style="color: var(--body_typography-color);font-family: var(--body_typography-font-family);font-size: var(--body_typography-font-size);font-style: var(--body_typography-font-style,normal);letter-spacing: var(--body_typography-letter-spacing)">évaluation positive, peuvent se voir confiés des tâches particulières telles que le gardiennage, la sécurité, l’hôtellerie, la </span><span style="color: var(--body_typography-color);font-family: var(--body_typography-font-family);font-size: var(--body_typography-font-size);font-style: var(--body_typography-font-style,normal);letter-spacing: var(--body_typography-letter-spacing)">restauration, la conduite des véhicules légers.</span></p>
<p>Les aides techniques et les aides techniques spécialisés peuvent travailler en équipe ou effectuer individuellement leurs <span style="color: var(--body_typography-color);font-family: var(--body_typography-font-family);font-size: var(--body_typography-font-size);font-style: var(--body_typography-font-style,normal);letter-spacing: var(--body_typography-letter-spacing)">tâches. Ils peuvent suppléer dans leurs tâches les agents titulaires d’un des grades d’un cadre d’emplois de catégorie C.</span></p>
<p>Les aides techniques qualifiés et les aides techniques principaux sont chargés des travaux d’exécution ou de finition <span style="color: var(--body_typography-color);font-family: var(--body_typography-font-family);font-size: var(--body_typography-font-size);font-style: var(--body_typography-font-style,normal);letter-spacing: var(--body_typography-letter-spacing)">nécessitant une dextérité particulière ou de la répartition et de l’exécution des tâches confiées à une équipe d’aides </span><span style="color: var(--body_typography-color);font-family: var(--body_typography-font-family);font-size: var(--body_typography-font-size);font-style: var(--body_typography-font-style,normal);letter-spacing: var(--body_typography-letter-spacing)">techniques.</span></p>
<p><a href="https://lexpol.cloud.pf/LexpolAfficheTexte.php?texte=182153&amp;idr=1683&amp;np=1&amp;lang=fr">Délibération n° 95-233 AT du 14 décembre 1995 portant statut particulier du cadre d&#8217;emplois des aides techniques de la fonction publique de la Polynésie française</a></p>
</div></div></div></div></div></p>

Aides techniques pour les cadres en quête de carrière dans la fonction publique
