{"id":6236,"date":"2026-01-12T19:15:46","date_gmt":"2026-01-13T05:15:46","guid":{"rendered":"https:\/\/www.service-public.pf\/dtt\/?page_id=6236"},"modified":"2026-01-22T16:54:39","modified_gmt":"2026-01-23T02:54:39","slug":"le-velo","status":"publish","type":"page","link":"https:\/\/www.service-public.pf\/dtt\/mobilites-transports-durables\/le-velo\/","title":{"rendered":"Le v\u00e9lo"},"content":{"rendered":"<p><div class=\"fusion-fullwidth fullwidth-box fusion-builder-row-1 fusion-flex-container has-pattern-background has-mask-background nonhundred-percent-fullwidth non-hundred-percent-height-scrolling\" style=\"--awb-border-radius-top-left:0px;--awb-border-radius-top-right:0px;--awb-border-radius-bottom-right:0px;--awb-border-radius-bottom-left:0px;--awb-flex-wrap:wrap;\" ><div class=\"fusion-builder-row fusion-row fusion-flex-align-items-flex-start fusion-flex-content-wrap\" style=\"max-width:99.84%;margin-left: calc(-4% \/ 2 );margin-right: calc(-4% \/ 2 );\"><div class=\"fusion-layout-column fusion_builder_column fusion-builder-column-0 fusion_builder_column_1_1 1_1 fusion-flex-column\" style=\"--awb-bg-size:cover;--awb-width-large:100%;--awb-margin-top-large:0px;--awb-spacing-right-large:1.92%;--awb-margin-bottom-large:20px;--awb-spacing-left-large:1.92%;--awb-width-medium:100%;--awb-order-medium:0;--awb-spacing-right-medium:1.92%;--awb-spacing-left-medium:1.92%;--awb-width-small:100%;--awb-order-small:0;--awb-spacing-right-small:1.92%;--awb-spacing-left-small:1.92%;\"><div class=\"fusion-column-wrapper fusion-column-has-shadow fusion-flex-justify-content-flex-start fusion-content-layout-column\"><div class=\"fusion-separator fusion-full-width-sep\" style=\"align-self: center;margin-left: auto;margin-right: auto;margin-top:15px;margin-bottom:15px;width:100%;\"><\/div><div class=\"fusion-separator fusion-full-width-sep\" style=\"align-self: center;margin-left: auto;margin-right: auto;margin-top:15px;margin-bottom:15px;width:100%;\"><\/div><\/div><\/div><\/div><\/div><div class=\"fusion-fullwidth fullwidth-box fusion-builder-row-2 fusion-flex-container has-pattern-background has-mask-background nonhundred-percent-fullwidth non-hundred-percent-height-scrolling\" style=\"--awb-border-radius-top-left:0px;--awb-border-radius-top-right:0px;--awb-border-radius-bottom-right:0px;--awb-border-radius-bottom-left:0px;--awb-flex-wrap:wrap;\" ><div class=\"fusion-builder-row fusion-row fusion-flex-align-items-flex-start fusion-flex-content-wrap\" style=\"max-width:99.84%;margin-left: calc(-4% \/ 2 );margin-right: calc(-4% \/ 2 );\"><div class=\"fusion-layout-column fusion_builder_column fusion-builder-column-1 fusion_builder_column_2_3 2_3 fusion-flex-column\" style=\"--awb-bg-size:cover;--awb-width-large:66.666666666667%;--awb-margin-top-large:0px;--awb-spacing-right-large:2.88%;--awb-margin-bottom-large:20px;--awb-spacing-left-large:2.88%;--awb-width-medium:100%;--awb-order-medium:0;--awb-spacing-right-medium:1.92%;--awb-spacing-left-medium:1.92%;--awb-width-small:100%;--awb-order-small:0;--awb-spacing-right-small:1.92%;--awb-spacing-left-small:1.92%;\"><div class=\"fusion-column-wrapper fusion-column-has-shadow fusion-flex-justify-content-flex-start fusion-content-layout-column\"><div class=\"fusion-text fusion-text-1\" style=\"--awb-content-alignment:justify;\"><p>Le v\u00e9lo se r\u00e9affirme \u00e0 Tahiti comme une solution de mobilit\u00e9 durable, renouant avec une pratique historique largement r\u00e9pandue aupr\u00e8s des Polyn\u00e9siens, pour qui le v\u00e9lo a toujours \u00e9t\u00e9 un moyen de d\u00e9placement simple, \u00e9conomique et accessible \u00e0 tous.<\/p>\n<p>Aujourd\u2019hui, il compl\u00e8te les transports collectifs et la marche, et contribue \u00e0 r\u00e9duire la congestion, les \u00e9missions de gaz \u00e0 effet de serre et les co\u00fbts de transport pour les m\u00e9nages, tout en favorisant la sant\u00e9 et le bien-\u00eatre.<\/p>\n<\/div><div class=\"fusion-text fusion-text-2\" style=\"--awb-content-alignment:justify;\"><p>Bien que le v\u00e9lo ait \u00e9t\u00e9 largement utilis\u00e9 par les habitants, l\u2019\u00e9volution du territoire vers une mobilit\u00e9 centr\u00e9e sur la voiture a limit\u00e9 sa pratique. Les infrastructures cyclables restent encore ponctuelles ce qui freine les d\u00e9placements quotidiens.<\/p>\n<p>D\u00e9velopper le v\u00e9lo et la s\u00e9curit\u00e9 routi\u00e8re des cyclistes aujourd\u2019hui, c\u2019est proposer une alternative attractive, encourager la mobilit\u00e9 active et contribuer \u00e0 un environnement urbain plus durable.<\/p>\n<\/div><div class=\"fusion-separator fusion-full-width-sep\" style=\"align-self: center;margin-left: auto;margin-right: auto;margin-top:15px;margin-bottom:15px;width:100%;\"><\/div><div class=\"fusion-image-element \" style=\"text-align:left;--awb-caption-title-font-family:var(--h2_typography-font-family);--awb-caption-title-font-weight:var(--h2_typography-font-weight);--awb-caption-title-font-style:var(--h2_typography-font-style);--awb-caption-title-size:var(--h2_typography-font-size);--awb-caption-title-transform:var(--h2_typography-text-transform);--awb-caption-title-line-height:var(--h2_typography-line-height);--awb-caption-title-letter-spacing:var(--h2_typography-letter-spacing);\"><span class=\" fusion-imageframe imageframe-none imageframe-1 hover-type-zoomin\"><a href=\"https:\/\/www.service-public.pf\/dtt\/wp-content\/uploads\/sites\/47\/2026\/01\/TERE_TAHITI_PLAN_GENERAL_PRINT-scaled-1.jpg\" class=\"fusion-lightbox\" data-rel=\"iLightbox[400046c003fc3940451]\" data-title=\"TERE TAHITI PLAN GENERAL PRINT Scaled\" title=\"Bandes Cyclables 2022\"><img decoding=\"async\" width=\"300\" height=\"213\" src=\"https:\/\/www.service-public.pf\/dtt\/wp-content\/uploads\/sites\/47\/2026\/01\/Bandes-cyclables-2022.png\" data-orig-src=\"https:\/\/www.service-public.pf\/dtt\/wp-content\/uploads\/sites\/47\/2026\/01\/Bandes-cyclables-2022-300x213.png\" alt class=\"lazyload img-responsive wp-image-6240\" srcset=\"data:image\/svg+xml,%3Csvg%20xmlns%3D%27http%3A%2F%2Fwww.w3.org%2F2000%2Fsvg%27%20width%3D%27466%27%20height%3D%27331%27%20viewBox%3D%270%200%20466%20331%27%3E%3Crect%20width%3D%27466%27%20height%3D%27331%27%20fill-opacity%3D%220%22%2F%3E%3C%2Fsvg%3E\" data-srcset=\"https:\/\/www.service-public.pf\/dtt\/wp-content\/uploads\/sites\/47\/2026\/01\/Bandes-cyclables-2022-200x142.png 200w, https:\/\/www.service-public.pf\/dtt\/wp-content\/uploads\/sites\/47\/2026\/01\/Bandes-cyclables-2022-400x284.png 400w, https:\/\/www.service-public.pf\/dtt\/wp-content\/uploads\/sites\/47\/2026\/01\/Bandes-cyclables-2022.png 466w\" data-sizes=\"auto\" data-orig-sizes=\"(max-width: 1024px) 100vw, (max-width: 640px) 100vw, 300px\" \/><\/a><\/span><\/div><\/div><\/div><div class=\"fusion-layout-column fusion_builder_column fusion-builder-column-2 fusion_builder_column_1_3 1_3 fusion-flex-column\" style=\"--awb-padding-top:30px;--awb-padding-right:50px;--awb-padding-bottom:50px;--awb-padding-left:50px;--awb-padding-top-small:30px;--awb-padding-bottom-small:40px;--awb-padding-left-small:20px;--awb-bg-color:#f7f7f7;--awb-bg-color-hover:#f7f7f7;--awb-bg-size:cover;--awb-box-shadow:3px 3px 2px 1px #dddddd;;--awb-border-color:#223780;--awb-border-left:7px;--awb-border-style:solid;--awb-width-large:33.333333333333%;--awb-margin-top-large:0px;--awb-spacing-right-large:5.76%;--awb-margin-bottom-large:20px;--awb-spacing-left-large:5.76%;--awb-width-medium:100%;--awb-order-medium:0;--awb-spacing-right-medium:1.92%;--awb-spacing-left-medium:1.92%;--awb-width-small:100%;--awb-order-small:0;--awb-spacing-right-small:1.92%;--awb-margin-bottom-small:60px;--awb-spacing-left-small:1.92%;\"><div class=\"fusion-column-wrapper fusion-column-has-shadow fusion-flex-justify-content-flex-start fusion-content-layout-column\"><i class=\"fb-icon-element-1 fb-icon-element fontawesome-icon fa-question-circle fas circle-yes\" style=\"--awb-circlecolor:#223780;--awb-circlecolor-hover:#223780;--awb-circlebordercolor:rgba(51,51,51,0);--awb-circlebordercolor-hover:#223780;--awb-circlebordersize:1px;--awb-font-size:28.16px;--awb-width:56.32px;--awb-height:56.32px;--awb-line-height:54.32px;--awb-align-self:center;--awb-margin-top:-55px;--awb-margin-right:0px;--awb-margin-bottom:0px;--awb-margin-left:0px;\"><\/i><div class=\"fusion-separator fusion-full-width-sep\" style=\"align-self: center;margin-left: auto;margin-right: auto;margin-top:15px;margin-bottom:15px;width:100%;\"><\/div><div class=\"fusion-text fusion-text-3\"><p style=\"text-align: center\"><span style=\"text-transform: uppercase;font-weight: bold\">une question ?<\/span><\/p>\n<\/div><ul style=\"--awb-size:16px;--awb-line-height:27.2px;--awb-icon-width:27.2px;--awb-icon-height:27.2px;--awb-icon-margin:11.2px;--awb-content-margin:38.4px;--awb-circlecolor:#223780;--awb-circle-yes-font-size:14.08px;\" class=\"fusion-checklist fusion-checklist-1 fusion-checklist-default type-icons\"><li class=\"fusion-li-item\" style=\"\"><span class=\"icon-wrapper circle-yes\"><i class=\"fusion-li-icon fa-envelope fas\" aria-hidden=\"true\"><\/i><\/span><div class=\"fusion-li-item-content\">\n<p><a href=\"dtt@administration.gov.pf\">Nous contacter<\/a><\/p>\n<\/div><\/li><\/ul><\/div><\/div><\/div><\/div><div class=\"fusion-fullwidth fullwidth-box fusion-builder-row-3 fusion-flex-container has-pattern-background has-mask-background nonhundred-percent-fullwidth non-hundred-percent-height-scrolling\" style=\"--awb-border-radius-top-left:0px;--awb-border-radius-top-right:0px;--awb-border-radius-bottom-right:0px;--awb-border-radius-bottom-left:0px;--awb-flex-wrap:wrap;\" ><div class=\"fusion-builder-row fusion-row fusion-flex-align-items-flex-start fusion-flex-content-wrap\" style=\"max-width:99.84%;margin-left: calc(-4% \/ 2 );margin-right: calc(-4% \/ 2 );\"><div class=\"fusion-layout-column fusion_builder_column fusion-builder-column-3 fusion_builder_column_2_3 2_3 fusion-flex-column\" style=\"--awb-bg-size:cover;--awb-width-large:66.666666666667%;--awb-margin-top-large:0px;--awb-spacing-right-large:2.88%;--awb-margin-bottom-large:20px;--awb-spacing-left-large:2.88%;--awb-width-medium:100%;--awb-order-medium:0;--awb-spacing-right-medium:1.92%;--awb-spacing-left-medium:1.92%;--awb-width-small:100%;--awb-order-small:0;--awb-spacing-right-small:1.92%;--awb-spacing-left-small:1.92%;\"><div class=\"fusion-column-wrapper fusion-column-has-shadow fusion-flex-justify-content-flex-start fusion-content-layout-column\"><div class=\"accordian fusion-accordian\" style=\"margin-bottom:20px;--awb-margin-bottom:20px;--awb-border-size:1px;--awb-icon-size:13px;--awb-content-font-size:16px;--awb-icon-alignment:left;--awb-hover-color:#f9f9f9;--awb-border-color:#cccccc;--awb-background-color:#ffffff;--awb-divider-color:#e0dede;--awb-divider-hover-color:#e0dede;--awb-icon-color:#ffffff;--awb-title-color:#223780;--awb-content-color:#424242;--awb-icon-box-color:#223880;--awb-toggle-hover-accent-color:#e03528;--awb-title-font-family:&quot;Public Sans&quot;;--awb-title-font-weight:300;--awb-title-font-style:normal;--awb-title-font-size:16px;--awb-content-font-family:&quot;Public Sans&quot;;--awb-content-font-style:normal;--awb-content-font-weight:300;\"><div class=\"panel-group fusion-toggle-icon-boxed\" id=\"accordion-6236-1\"><div class=\"fusion-panel panel-default panel-877e55464fd3b4986 fusion-toggle-has-divider\" style=\"--awb-title-color:#223780;--awb-content-color:#424242;\"><div class=\"panel-heading\"><h4 class=\"panel-title toggle\" id=\"toggle_877e55464fd3b4986\"><a aria-expanded=\"false\" aria-controls=\"877e55464fd3b4986\" role=\"button\" data-toggle=\"collapse\" data-target=\"#877e55464fd3b4986\" href=\"#877e55464fd3b4986\"><span class=\"fusion-toggle-icon-wrapper\" aria-hidden=\"true\"><i class=\"fa-fusion-box active-icon fa-angle-down fas\" aria-hidden=\"true\"><\/i><i class=\"fa-fusion-box inactive-icon fa-angle-right fas\" aria-hidden=\"true\"><\/i><\/span><span class=\"fusion-toggle-heading\">R\u00e9seau cyclable sur l'\u00eele de Tahiti<\/span><\/a><\/h4><\/div><div id=\"877e55464fd3b4986\" class=\"panel-collapse collapse \" aria-labelledby=\"toggle_877e55464fd3b4986\"><div class=\"panel-body toggle-content fusion-clearfix\">\n<p>Voici un \u00e9tat des lieux des zones am\u00e9nag\u00e9es ; la localisation des bandes cyclables y sont indiqu\u00e9es en orange :<\/p>\n<p><img decoding=\"async\" class=\"lazyload alignnone size-medium wp-image-6242\" src=\"https:\/\/www.service-public.pf\/dtt\/wp-content\/uploads\/sites\/47\/2026\/01\/Reseau-velo-tahiti-300x212.png\" data-orig-src=\"https:\/\/www.service-public.pf\/dtt\/wp-content\/uploads\/sites\/47\/2026\/01\/Reseau-velo-tahiti-300x212.png\" alt=\"\" width=\"300\" height=\"212\" srcset=\"data:image\/svg+xml,%3Csvg%20xmlns%3D%27http%3A%2F%2Fwww.w3.org%2F2000%2Fsvg%27%20width%3D%27300%27%20height%3D%27212%27%20viewBox%3D%270%200%20300%20212%27%3E%3Crect%20width%3D%27300%27%20height%3D%27212%27%20fill-opacity%3D%220%22%2F%3E%3C%2Fsvg%3E\" data-srcset=\"https:\/\/www.service-public.pf\/dtt\/wp-content\/uploads\/sites\/47\/2026\/01\/Reseau-velo-tahiti-200x141.png 200w, https:\/\/www.service-public.pf\/dtt\/wp-content\/uploads\/sites\/47\/2026\/01\/Reseau-velo-tahiti-300x212.png 300w, https:\/\/www.service-public.pf\/dtt\/wp-content\/uploads\/sites\/47\/2026\/01\/Reseau-velo-tahiti-400x283.png 400w, https:\/\/www.service-public.pf\/dtt\/wp-content\/uploads\/sites\/47\/2026\/01\/Reseau-velo-tahiti-600x424.png 600w, https:\/\/www.service-public.pf\/dtt\/wp-content\/uploads\/sites\/47\/2026\/01\/Reseau-velo-tahiti-768x543.png 768w, https:\/\/www.service-public.pf\/dtt\/wp-content\/uploads\/sites\/47\/2026\/01\/Reseau-velo-tahiti-800x565.png 800w, https:\/\/www.service-public.pf\/dtt\/wp-content\/uploads\/sites\/47\/2026\/01\/Reseau-velo-tahiti-1024x724.png 1024w, https:\/\/www.service-public.pf\/dtt\/wp-content\/uploads\/sites\/47\/2026\/01\/Reseau-velo-tahiti-1200x848.png 1200w, https:\/\/www.service-public.pf\/dtt\/wp-content\/uploads\/sites\/47\/2026\/01\/Reseau-velo-tahiti.png 1429w\" data-sizes=\"auto\" data-orig-sizes=\"(max-width: 300px) 100vw, 300px\" \/><\/p>\n<\/div><\/div><\/div><div class=\"fusion-panel panel-default panel-ef0c1bfa45ec010ed fusion-toggle-has-divider\" style=\"--awb-title-color:#223780;--awb-content-color:#424242;\"><div class=\"panel-heading\"><h4 class=\"panel-title toggle\" id=\"toggle_ef0c1bfa45ec010ed\"><a aria-expanded=\"false\" aria-controls=\"ef0c1bfa45ec010ed\" role=\"button\" data-toggle=\"collapse\" data-target=\"#ef0c1bfa45ec010ed\" href=\"#ef0c1bfa45ec010ed\"><span class=\"fusion-toggle-icon-wrapper\" aria-hidden=\"true\"><i class=\"fa-fusion-box active-icon fa-angle-down fas\" aria-hidden=\"true\"><\/i><i class=\"fa-fusion-box inactive-icon fa-angle-right fas\" aria-hidden=\"true\"><\/i><\/span><span class=\"fusion-toggle-heading\">R\u00e9seau cyclable sur l'\u00eele de Moorea<\/span><\/a><\/h4><\/div><div id=\"ef0c1bfa45ec010ed\" class=\"panel-collapse collapse \" aria-labelledby=\"toggle_ef0c1bfa45ec010ed\"><div class=\"panel-body toggle-content fusion-clearfix\">\n<p>Voici un \u00e9tat des lieux des zones am\u00e9nag\u00e9es ; la localisation des bandes cyclables y sont indiqu\u00e9es en orange :<\/p>\n<p><img decoding=\"async\" class=\"lazyload alignnone size-medium wp-image-6243\" src=\"https:\/\/www.service-public.pf\/dtt\/wp-content\/uploads\/sites\/47\/2026\/01\/Reseau-velo-Moorea-300x212.png\" data-orig-src=\"https:\/\/www.service-public.pf\/dtt\/wp-content\/uploads\/sites\/47\/2026\/01\/Reseau-velo-Moorea-300x212.png\" alt=\"\" width=\"300\" height=\"212\" srcset=\"data:image\/svg+xml,%3Csvg%20xmlns%3D%27http%3A%2F%2Fwww.w3.org%2F2000%2Fsvg%27%20width%3D%27300%27%20height%3D%27212%27%20viewBox%3D%270%200%20300%20212%27%3E%3Crect%20width%3D%27300%27%20height%3D%27212%27%20fill-opacity%3D%220%22%2F%3E%3C%2Fsvg%3E\" data-srcset=\"https:\/\/www.service-public.pf\/dtt\/wp-content\/uploads\/sites\/47\/2026\/01\/Reseau-velo-Moorea-200x141.png 200w, https:\/\/www.service-public.pf\/dtt\/wp-content\/uploads\/sites\/47\/2026\/01\/Reseau-velo-Moorea-300x212.png 300w, https:\/\/www.service-public.pf\/dtt\/wp-content\/uploads\/sites\/47\/2026\/01\/Reseau-velo-Moorea-400x283.png 400w, https:\/\/www.service-public.pf\/dtt\/wp-content\/uploads\/sites\/47\/2026\/01\/Reseau-velo-Moorea-600x424.png 600w, https:\/\/www.service-public.pf\/dtt\/wp-content\/uploads\/sites\/47\/2026\/01\/Reseau-velo-Moorea-768x543.png 768w, https:\/\/www.service-public.pf\/dtt\/wp-content\/uploads\/sites\/47\/2026\/01\/Reseau-velo-Moorea-800x565.png 800w, https:\/\/www.service-public.pf\/dtt\/wp-content\/uploads\/sites\/47\/2026\/01\/Reseau-velo-Moorea-1024x724.png 1024w, https:\/\/www.service-public.pf\/dtt\/wp-content\/uploads\/sites\/47\/2026\/01\/Reseau-velo-Moorea-1200x848.png 1200w, https:\/\/www.service-public.pf\/dtt\/wp-content\/uploads\/sites\/47\/2026\/01\/Reseau-velo-Moorea.png 1429w\" data-sizes=\"auto\" data-orig-sizes=\"(max-width: 300px) 100vw, 300px\" \/><\/p>\n<\/div><\/div><\/div><\/div><\/div><\/div><\/div><div class=\"fusion-layout-column fusion_builder_column fusion-builder-column-4 fusion_builder_column_1_3 1_3 fusion-flex-column\" style=\"--awb-padding-top:30px;--awb-padding-right:50px;--awb-padding-bottom:50px;--awb-padding-left:50px;--awb-padding-top-small:30px;--awb-padding-bottom-small:40px;--awb-padding-left-small:20px;--awb-bg-color:#f7f7f7;--awb-bg-color-hover:#f7f7f7;--awb-bg-size:cover;--awb-box-shadow:3px 3px 2px 1px #dddddd;;--awb-border-color:#223780;--awb-border-left:7px;--awb-border-style:solid;--awb-width-large:33.333333333333%;--awb-margin-top-large:0px;--awb-spacing-right-large:5.76%;--awb-margin-bottom-large:20px;--awb-spacing-left-large:5.76%;--awb-width-medium:100%;--awb-order-medium:0;--awb-spacing-right-medium:1.92%;--awb-spacing-left-medium:1.92%;--awb-width-small:100%;--awb-order-small:0;--awb-spacing-right-small:1.92%;--awb-margin-bottom-small:60px;--awb-spacing-left-small:1.92%;\"><div class=\"fusion-column-wrapper fusion-column-has-shadow fusion-flex-justify-content-flex-start fusion-content-layout-column\"><i class=\"fb-icon-element-2 fb-icon-element fontawesome-icon fa-biking fas circle-yes\" style=\"--awb-circlecolor:#223780;--awb-circlecolor-hover:#223780;--awb-circlebordercolor:rgba(51,51,51,0);--awb-circlebordercolor-hover:#223780;--awb-circlebordersize:1px;--awb-font-size:28.16px;--awb-width:56.32px;--awb-height:56.32px;--awb-line-height:54.32px;--awb-align-self:center;--awb-margin-top:-55px;--awb-margin-right:0px;--awb-margin-bottom:0px;--awb-margin-left:0px;\"><\/i><div class=\"fusion-separator fusion-full-width-sep\" style=\"align-self: center;margin-left: auto;margin-right: auto;margin-top:15px;margin-bottom:15px;width:100%;\"><\/div><div class=\"fusion-text fusion-text-4\"><p style=\"text-align: center\"><span style=\"text-transform: uppercase;font-weight: bold\">Documentation utile<\/span><\/p>\n<\/div><ul style=\"--awb-size:16px;--awb-line-height:27.2px;--awb-icon-width:27.2px;--awb-icon-height:27.2px;--awb-icon-margin:11.2px;--awb-content-margin:38.4px;--awb-circlecolor:#223780;--awb-circle-yes-font-size:14.08px;\" class=\"fusion-checklist fusion-checklist-2 fusion-checklist-default type-icons\"><li class=\"fusion-li-item\" style=\"\"><span class=\"icon-wrapper circle-yes\"><i class=\"fusion-li-icon fa-external-link-square fas\" aria-hidden=\"true\"><\/i><\/span><div class=\"fusion-li-item-content\">\n<p><a href=\"https:\/\/www.plan-climat-pf.org\/library\/userfiles\/PlanAction\/PCPF_PlanActionComplet_amende_20241211.pdf\">Plan climat 2024 &#8211; 2030<\/a><\/p>\n<\/div><\/li><\/ul><\/div><\/div><\/div><\/div><div class=\"fusion-fullwidth fullwidth-box fusion-builder-row-4 fusion-flex-container has-pattern-background has-mask-background nonhundred-percent-fullwidth non-hundred-percent-height-scrolling\" style=\"--awb-border-radius-top-left:0px;--awb-border-radius-top-right:0px;--awb-border-radius-bottom-right:0px;--awb-border-radius-bottom-left:0px;--awb-flex-wrap:wrap;\" ><div class=\"fusion-builder-row fusion-row fusion-flex-align-items-flex-start fusion-flex-content-wrap\" style=\"max-width:99.84%;margin-left: calc(-4% \/ 2 );margin-right: calc(-4% \/ 2 );\"><div class=\"fusion-layout-column fusion_builder_column fusion-builder-column-5 fusion_builder_column_1_1 1_1 fusion-flex-column\" style=\"--awb-bg-size:cover;--awb-width-large:100%;--awb-margin-top-large:0px;--awb-spacing-right-large:1.92%;--awb-margin-bottom-large:20px;--awb-spacing-left-large:1.92%;--awb-width-medium:100%;--awb-order-medium:0;--awb-spacing-right-medium:1.92%;--awb-spacing-left-medium:1.92%;--awb-width-small:100%;--awb-order-small:0;--awb-spacing-right-small:1.92%;--awb-spacing-left-small:1.92%;\"><div class=\"fusion-column-wrapper fusion-column-has-shadow fusion-flex-justify-content-flex-start fusion-content-layout-column\"><div class=\"fusion-separator fusion-full-width-sep\" style=\"align-self: center;margin-left: auto;margin-right: auto;margin-top:15px;margin-bottom:15px;width:100%;\"><\/div><\/div><\/div><\/div><\/div><\/p>\n","protected":false},"excerpt":{"rendered":"","protected":false},"author":359,"featured_media":0,"parent":6225,"menu_order":0,"comment_status":"closed","ping_status":"closed","template":"","meta":{"_acf_changed":false,"_seopress_robots_primary_cat":"","_seopress_titles_title":"","_seopress_titles_desc":"","_seopress_robots_index":"","footnotes":""},"class_list":["post-6236","page","type-page","status-publish","hentry"],"acf":[],"_links":{"self":[{"href":"https:\/\/www.service-public.pf\/dtt\/wp-json\/wp\/v2\/pages\/6236","targetHints":{"allow":["GET"]}}],"collection":[{"href":"https:\/\/www.service-public.pf\/dtt\/wp-json\/wp\/v2\/pages"}],"about":[{"href":"https:\/\/www.service-public.pf\/dtt\/wp-json\/wp\/v2\/types\/page"}],"author":[{"embeddable":true,"href":"https:\/\/www.service-public.pf\/dtt\/wp-json\/wp\/v2\/users\/359"}],"replies":[{"embeddable":true,"href":"https:\/\/www.service-public.pf\/dtt\/wp-json\/wp\/v2\/comments?post=6236"}],"version-history":[{"count":12,"href":"https:\/\/www.service-public.pf\/dtt\/wp-json\/wp\/v2\/pages\/6236\/revisions"}],"predecessor-version":[{"id":6280,"href":"https:\/\/www.service-public.pf\/dtt\/wp-json\/wp\/v2\/pages\/6236\/revisions\/6280"}],"up":[{"embeddable":true,"href":"https:\/\/www.service-public.pf\/dtt\/wp-json\/wp\/v2\/pages\/6225"}],"wp:attachment":[{"href":"https:\/\/www.service-public.pf\/dtt\/wp-json\/wp\/v2\/media?parent=6236"}],"curies":[{"name":"wp","href":"https:\/\/api.w.org\/{rel}","templated":true}]}}