{"id":6405,"date":"2026-01-18T19:09:28","date_gmt":"2026-01-19T05:09:28","guid":{"rendered":"https:\/\/www.service-public.pf\/dtt\/?page_id=6405"},"modified":"2026-01-19T10:03:09","modified_gmt":"2026-01-19T20:03:09","slug":"auto-ecoles","status":"publish","type":"page","link":"https:\/\/www.service-public.pf\/dtt\/professionnels\/auto-ecoles\/","title":{"rendered":"Auto-\u00e9coles"},"content":{"rendered":"<p><div class=\"fusion-fullwidth fullwidth-box fusion-builder-row-1 fusion-flex-container has-pattern-background has-mask-background nonhundred-percent-fullwidth non-hundred-percent-height-scrolling\" style=\"--awb-border-radius-top-left:0px;--awb-border-radius-top-right:0px;--awb-border-radius-bottom-right:0px;--awb-border-radius-bottom-left:0px;--awb-flex-wrap:wrap;\" ><div class=\"fusion-builder-row fusion-row fusion-flex-align-items-flex-start fusion-flex-content-wrap\" style=\"max-width:99.84%;margin-left: calc(-4% \/ 2 );margin-right: calc(-4% \/ 2 );\"><div class=\"fusion-layout-column fusion_builder_column fusion-builder-column-0 fusion_builder_column_1_1 1_1 fusion-flex-column\" style=\"--awb-bg-size:cover;--awb-width-large:100%;--awb-margin-top-large:0px;--awb-spacing-right-large:1.92%;--awb-margin-bottom-large:20px;--awb-spacing-left-large:1.92%;--awb-width-medium:100%;--awb-order-medium:0;--awb-spacing-right-medium:1.92%;--awb-spacing-left-medium:1.92%;--awb-width-small:100%;--awb-order-small:0;--awb-spacing-right-small:1.92%;--awb-spacing-left-small:1.92%;\"><div class=\"fusion-column-wrapper fusion-column-has-shadow fusion-flex-justify-content-flex-start fusion-content-layout-column\"><div class=\"fusion-separator fusion-full-width-sep\" style=\"align-self: center;margin-left: auto;margin-right: auto;margin-top:15px;margin-bottom:15px;width:100%;\"><\/div><div class=\"fusion-separator fusion-full-width-sep\" style=\"align-self: center;margin-left: auto;margin-right: auto;margin-top:15px;margin-bottom:15px;width:100%;\"><\/div><\/div><\/div><\/div><\/div><div class=\"fusion-fullwidth fullwidth-box fusion-builder-row-2 fusion-flex-container has-pattern-background has-mask-background nonhundred-percent-fullwidth non-hundred-percent-height-scrolling\" style=\"--awb-border-radius-top-left:0px;--awb-border-radius-top-right:0px;--awb-border-radius-bottom-right:0px;--awb-border-radius-bottom-left:0px;--awb-flex-wrap:wrap;\" ><div class=\"fusion-builder-row fusion-row fusion-flex-align-items-flex-start fusion-flex-content-wrap\" style=\"max-width:99.84%;margin-left: calc(-4% \/ 2 );margin-right: calc(-4% \/ 2 );\"><div class=\"fusion-layout-column fusion_builder_column fusion-builder-column-1 fusion_builder_column_2_3 2_3 fusion-flex-column\" style=\"--awb-bg-size:cover;--awb-width-large:66.666666666667%;--awb-margin-top-large:0px;--awb-spacing-right-large:2.88%;--awb-margin-bottom-large:20px;--awb-spacing-left-large:2.88%;--awb-width-medium:100%;--awb-order-medium:0;--awb-spacing-right-medium:1.92%;--awb-spacing-left-medium:1.92%;--awb-width-small:100%;--awb-order-small:0;--awb-spacing-right-small:1.92%;--awb-spacing-left-small:1.92%;\"><div class=\"fusion-column-wrapper fusion-column-has-shadow fusion-flex-justify-content-flex-start fusion-content-layout-column\"><div class=\"fusion-title title fusion-title-1 fusion-sep-none fusion-title-text fusion-title-size-two\" style=\"--awb-margin-bottom:0px;--awb-margin-top-small:0px;--awb-margin-right-small:0px;--awb-margin-bottom-small:20px;--awb-margin-left-small:0px;\"><h2 class=\"fusion-title-heading title-heading-left\" style=\"margin:0;\">Devenir moniteur ou g\u00e9rant d&rsquo;une auto-\u00e9cole<\/h2><\/div><div class=\"accordian fusion-accordian\" style=\"--awb-border-size:0px;--awb-icon-size:13px;--awb-content-font-size:16px;--awb-icon-alignment:left;--awb-hover-color:#f9f9f9;--awb-border-color:#cccccc;--awb-background-color:var(--awb-custom13);--awb-divider-color:#e0dede;--awb-divider-hover-color:#e0dede;--awb-icon-color:var(--awb-color1);--awb-title-color:#223780;--awb-content-color:#424242;--awb-icon-box-color:#223880;--awb-toggle-hover-accent-color:#e03528;--awb-title-font-family:&quot;Public Sans&quot;;--awb-title-font-weight:300;--awb-title-font-style:normal;--awb-title-font-size:16px;--awb-content-font-family:&quot;Public Sans&quot;;--awb-content-font-style:normal;--awb-content-font-weight:300;\"><div class=\"panel-group fusion-toggle-icon-boxed\" id=\"accordion-6405-1\"><div class=\"fusion-panel panel-default panel-8df7d7865c4d75d53 fusion-toggle-no-divider fusion-toggle-boxed-mode\" style=\"--awb-content-font-size:16px;--awb-content-font-family:&quot;Public Sans&quot;;--awb-content-font-style:normal;--awb-content-font-weight:300;--awb-title-font-family:&quot;Public Sans&quot;;--awb-title-font-weight:300;--awb-title-font-style:normal;--awb-title-font-size:16px;--awb-title-color:#223780;--awb-content-color:#424242;\"><div class=\"panel-heading\"><h4 class=\"panel-title toggle\" id=\"toggle_8df7d7865c4d75d53\"><a aria-expanded=\"false\" aria-controls=\"8df7d7865c4d75d53\" role=\"button\" data-toggle=\"collapse\" data-target=\"#8df7d7865c4d75d53\" href=\"#8df7d7865c4d75d53\"><span class=\"fusion-toggle-icon-wrapper\" aria-hidden=\"true\"><i class=\"fa-fusion-box active-icon fa-angle-down fas\" aria-hidden=\"true\"><\/i><i class=\"fa-fusion-box inactive-icon fa-angle-right fas\" aria-hidden=\"true\"><\/i><\/span><span class=\"fusion-toggle-heading\">Autorisation d'enseigner la conduite<\/span><\/a><\/h4><\/div><div id=\"8df7d7865c4d75d53\" class=\"panel-collapse collapse \" aria-labelledby=\"toggle_8df7d7865c4d75d53\"><div class=\"panel-body toggle-content fusion-clearfix\">Pour \u00eatre moniteur d&rsquo;auto-\u00e9cole en Polyn\u00e9sie fran\u00e7aise, vous devez b\u00e9n\u00e9ficier d&rsquo;une autorisation d&rsquo;enseigner. Le formulaire suivant vous permet \u00e9galement de faire une demande de prorogation ou de duplicata (apr\u00e8s avoir effectu\u00e9 une d\u00e9claration de perte ou de vol) :<\/p>\n<p><a href=\"https:\/\/www.service-public.pf\/dtt\/wp-content\/uploads\/sites\/47\/2022\/09\/5_Demande-dautorisation-denseigner.1.08.pdf\" target=\"_blank\" rel=\"noopener\"><strong><u>Demande d&rsquo;autorisation d&rsquo;enseigner la conduite des v\u00e9hicules terrestres \u00e0 moteur<\/u><\/strong><\/a><\/div><\/div><\/div><div class=\"fusion-panel panel-default panel-f657d62b27a9cd3e9 fusion-toggle-no-divider fusion-toggle-boxed-mode\" style=\"--awb-content-font-size:16px;--awb-content-font-family:&quot;Public Sans&quot;;--awb-content-font-style:normal;--awb-content-font-weight:300;--awb-title-font-family:&quot;Public Sans&quot;;--awb-title-font-weight:300;--awb-title-font-style:normal;--awb-title-font-size:16px;--awb-title-color:#223780;--awb-content-color:#424242;\"><div class=\"panel-heading\"><h4 class=\"panel-title toggle\" id=\"toggle_f657d62b27a9cd3e9\"><a aria-expanded=\"false\" aria-controls=\"f657d62b27a9cd3e9\" role=\"button\" data-toggle=\"collapse\" data-target=\"#f657d62b27a9cd3e9\" href=\"#f657d62b27a9cd3e9\"><span class=\"fusion-toggle-icon-wrapper\" aria-hidden=\"true\"><i class=\"fa-fusion-box active-icon fa-angle-down fas\" aria-hidden=\"true\"><\/i><i class=\"fa-fusion-box inactive-icon fa-angle-right fas\" aria-hidden=\"true\"><\/i><\/span><span class=\"fusion-toggle-heading\">Ouvrir ou reprendre une auto-\u00e9cole<\/span><\/a><\/h4><\/div><div id=\"f657d62b27a9cd3e9\" class=\"panel-collapse collapse \" aria-labelledby=\"toggle_f657d62b27a9cd3e9\"><div class=\"panel-body toggle-content fusion-clearfix\">Vous \u00eates moniteur d&rsquo;auto-\u00e9cole en Polyn\u00e9sie fran\u00e7aise, vous disposez d&rsquo;une autorisation d&rsquo;enseigner et vous souhaitez ouvrir ou reprendre un \u00e9tablissement d&rsquo;enseignement de la conduite (auto-\u00e9cole) ?<\/p>\n<p>B\u00e9n\u00e9ficiaire d&rsquo;un agr\u00e9ment d&rsquo;auto-\u00e9cole, vous souhaitez une extension de cat\u00e9gorie d&rsquo;enseignement de la conduite ?<\/p>\n<p>Le formulaire suivant vous permettra d&rsquo;adresser votre demande aupr\u00e8s de la Direction des transports terrestres :<\/p>\n<p><a href=\"https:\/\/www.service-public.pf\/dtt\/wp-content\/uploads\/sites\/47\/2022\/09\/6_Demande-dagrement-AUTO-ECOLE-Nouvelle-proro-Ext-ou-modif-DCD-ou-incapacite.2021.1.pdf\" target=\"_blank\" rel=\"noopener\"><strong><u>Demande d&rsquo;ouverture d&rsquo;auto-\u00e9cole ou d&rsquo;extension de cat\u00e9gorie(s) de l&rsquo;agr\u00e9ment<\/u><\/strong><\/a><\/div><\/div><\/div><div class=\"fusion-panel panel-default panel-5ad3d0969e4796a5b fusion-toggle-no-divider fusion-toggle-boxed-mode\" style=\"--awb-content-font-size:16px;--awb-content-font-family:&quot;Public Sans&quot;;--awb-content-font-style:normal;--awb-content-font-weight:300;--awb-title-font-family:&quot;Public Sans&quot;;--awb-title-font-weight:300;--awb-title-font-style:normal;--awb-title-font-size:16px;--awb-title-color:#223780;--awb-content-color:#424242;\"><div class=\"panel-heading\"><h4 class=\"panel-title toggle\" id=\"toggle_5ad3d0969e4796a5b\"><a aria-expanded=\"false\" aria-controls=\"5ad3d0969e4796a5b\" role=\"button\" data-toggle=\"collapse\" data-target=\"#5ad3d0969e4796a5b\" href=\"#5ad3d0969e4796a5b\"><span class=\"fusion-toggle-icon-wrapper\" aria-hidden=\"true\"><i class=\"fa-fusion-box active-icon fa-angle-down fas\" aria-hidden=\"true\"><\/i><i class=\"fa-fusion-box inactive-icon fa-angle-right fas\" aria-hidden=\"true\"><\/i><\/span><span class=\"fusion-toggle-heading\">Dispenser la formation BSR<\/span><\/a><\/h4><\/div><div id=\"5ad3d0969e4796a5b\" class=\"panel-collapse collapse \" aria-labelledby=\"toggle_5ad3d0969e4796a5b\"><div class=\"panel-body toggle-content fusion-clearfix\">Vous \u00eates g\u00e9rant d&rsquo;une auto-\u00e9cole, vous souhaitez proposer des formations de Brevet de s\u00e9curit\u00e9 routi\u00e8re (BSR) ?<\/p>\n<p><a href=\"https:\/\/www.service-public.pf\/dtt\/wp-content\/uploads\/sites\/47\/2022\/09\/4_Demande-de-dispenser-BSR-formation-.pdf\" target=\"_blank\" rel=\"noopener\"><strong><u>Demande d&rsquo;autorisation de dispenser la formation de Brevet de s\u00e9curit\u00e9 routi\u00e8re<\/u><\/strong><\/a><\/div><\/div><\/div><div class=\"fusion-panel panel-default panel-1dda82976731d197b fusion-toggle-no-divider fusion-toggle-boxed-mode\" style=\"--awb-content-font-size:16px;--awb-content-font-family:&quot;Public Sans&quot;;--awb-content-font-style:normal;--awb-content-font-weight:300;--awb-title-font-family:&quot;Public Sans&quot;;--awb-title-font-weight:300;--awb-title-font-style:normal;--awb-title-font-size:16px;--awb-title-color:#223780;--awb-content-color:#424242;\"><div class=\"panel-heading\"><h4 class=\"panel-title toggle\" id=\"toggle_1dda82976731d197b\"><a aria-expanded=\"false\" aria-controls=\"1dda82976731d197b\" role=\"button\" data-toggle=\"collapse\" data-target=\"#1dda82976731d197b\" href=\"#1dda82976731d197b\"><span class=\"fusion-toggle-icon-wrapper\" aria-hidden=\"true\"><i class=\"fa-fusion-box active-icon fa-angle-down fas\" aria-hidden=\"true\"><\/i><i class=\"fa-fusion-box inactive-icon fa-angle-right fas\" aria-hidden=\"true\"><\/i><\/span><span class=\"fusion-toggle-heading\">Inscrire un v\u00e9hicule d'examen<\/span><\/a><\/h4><\/div><div id=\"1dda82976731d197b\" class=\"panel-collapse collapse \" aria-labelledby=\"toggle_1dda82976731d197b\"><div class=\"panel-body toggle-content fusion-clearfix\">Vous \u00eates g\u00e9rant d&rsquo;une auto-\u00e9cole, vous souhaitez inscrire un nouveau v\u00e9hicule comme un v\u00e9hicule d&rsquo;examen du permis de conduire :<\/p>\n<p><a href=\"https:\/\/www.service-public.pf\/dtt\/wp-content\/uploads\/sites\/47\/2022\/09\/7_Inscription-dun-vehicule-dexamen.1.08.pdf\" target=\"_blank\" rel=\"noopener\"><strong><u>Demande d&rsquo;inscription d&rsquo;un v\u00e9hicule comme v\u00e9hicule d&rsquo;examen du permis de conduire<\/u><\/strong><\/a><\/p>\n<blockquote>\n<p><strong>Attention<\/strong> : Renseignez-vous au pr\u00e9alable sur les caract\u00e9ristiques techniques du v\u00e9hicule afin qu&rsquo;elles soient conformes au code de la route de la Polyn\u00e9sie fran\u00e7aise et du cadre r\u00e9glementaire \u00e0 l&rsquo;enseignement de la conduite !<\/p>\n<\/blockquote>\n<\/div><\/div><\/div><\/div><\/div><div class=\"fusion-title title fusion-title-2 fusion-sep-none fusion-title-text fusion-title-size-two\" style=\"--awb-margin-top:40px;--awb-margin-bottom:0px;--awb-margin-top-small:0px;--awb-margin-right-small:0px;--awb-margin-bottom-small:20px;--awb-margin-left-small:0px;\"><h2 class=\"fusion-title-heading title-heading-left\" style=\"margin:0;\">Gestion administrative des candidats aux examens du permis de conduire<\/h2><\/div><div class=\"accordian fusion-accordian\" style=\"--awb-border-size:0px;--awb-icon-size:13px;--awb-content-font-size:16px;--awb-icon-alignment:left;--awb-hover-color:#f9f9f9;--awb-border-color:#cccccc;--awb-background-color:var(--awb-custom13);--awb-divider-color:#e0dede;--awb-divider-hover-color:#e0dede;--awb-icon-color:#ffffff;--awb-title-color:#223780;--awb-content-color:#424242;--awb-icon-box-color:var(--awb-color5);--awb-toggle-hover-accent-color:#e03528;--awb-title-font-family:&quot;Public Sans&quot;;--awb-title-font-weight:300;--awb-title-font-style:normal;--awb-title-font-size:16px;--awb-content-font-family:&quot;Public Sans&quot;;--awb-content-font-style:normal;--awb-content-font-weight:300;\"><div class=\"panel-group fusion-toggle-icon-boxed\" id=\"accordion-6405-2\"><div class=\"fusion-panel panel-default panel-ae17be49635898a89 fusion-toggle-no-divider fusion-toggle-boxed-mode\" style=\"--awb-content-font-size:16px;--awb-content-font-family:&quot;Public Sans&quot;;--awb-content-font-style:normal;--awb-content-font-weight:300;--awb-title-font-family:&quot;Public Sans&quot;;--awb-title-font-weight:300;--awb-title-font-style:normal;--awb-title-font-size:16px;--awb-title-color:#223780;--awb-content-color:#424242;\"><div class=\"panel-heading\"><h4 class=\"panel-title toggle\" id=\"toggle_ae17be49635898a89\"><a aria-expanded=\"false\" aria-controls=\"ae17be49635898a89\" role=\"button\" data-toggle=\"collapse\" data-target=\"#ae17be49635898a89\" href=\"#ae17be49635898a89\"><span class=\"fusion-toggle-icon-wrapper\" aria-hidden=\"true\"><i class=\"fa-fusion-box active-icon fa-angle-down fas\" aria-hidden=\"true\"><\/i><i class=\"fa-fusion-box inactive-icon fa-angle-right fas\" aria-hidden=\"true\"><\/i><\/span><span class=\"fusion-toggle-heading\">Bordereaux d'inscription aux examens<\/span><\/a><\/h4><\/div><div id=\"ae17be49635898a89\" class=\"panel-collapse collapse \" aria-labelledby=\"toggle_ae17be49635898a89\"><div class=\"panel-body toggle-content fusion-clearfix\">Retrouvez les diff\u00e9rents bordereaux de d\u00e9p\u00f4t de dossiers d&rsquo;inscription aux examens du permis de conduire en Polyn\u00e9sie fran\u00e7aise :<\/p>\n<p><a href=\"https:\/\/www.service-public.pf\/dtt\/wp-content\/uploads\/sites\/47\/2022\/09\/8_epreuve_theorique_generale.pdf\" target=\"_blank\" rel=\"noopener\"><strong><u>Bordereaux de d\u00e9p\u00f4t de dossiers d&rsquo;inscription \u00e0 l&rsquo;\u00e9preuve th\u00e9orique g\u00e9n\u00e9rale<\/u><\/strong><\/a><\/p>\n<p><a href=\"https:\/\/www.service-public.pf\/dtt\/wp-content\/uploads\/sites\/47\/2022\/09\/9_epreuve_en_circulation.pdf\" target=\"_blank\" rel=\"noopener\"><strong><u>Bordereaux de d\u00e9p\u00f4t de dossiers d&rsquo;inscription \u00e0 l&rsquo;\u00e9preuve en circulation<\/u><\/strong><\/a><\/p>\n<p><a href=\"http:\/\/www.transports-terrestres.pf\/IMG\/pdf\/epreuve_hors_circulation_A_et_A1_.pdf\" target=\"_blank\" rel=\"noopener\"><strong><u>Bordereaux de d\u00e9p\u00f4t de dossiers d&rsquo;inscription \u00e0 l&rsquo;\u00e9preuve hors circulation (A\/A1)<\/u><\/strong><\/a><\/div><\/div><\/div><\/div><\/div><\/div><\/div><div class=\"fusion-layout-column fusion_builder_column fusion-builder-column-2 fusion_builder_column_1_3 1_3 fusion-flex-column\" style=\"--awb-padding-top:30px;--awb-padding-right:50px;--awb-padding-bottom:50px;--awb-padding-left:50px;--awb-padding-top-small:30px;--awb-padding-bottom-small:40px;--awb-padding-left-small:20px;--awb-bg-color:#f7f7f7;--awb-bg-color-hover:#f7f7f7;--awb-bg-size:cover;--awb-box-shadow:3px 3px 2px 1px #dddddd;;--awb-border-color:#223780;--awb-border-left:7px;--awb-border-style:solid;--awb-width-large:33.333333333333%;--awb-margin-top-large:0px;--awb-spacing-right-large:5.76%;--awb-margin-bottom-large:20px;--awb-spacing-left-large:5.76%;--awb-width-medium:100%;--awb-order-medium:0;--awb-spacing-right-medium:1.92%;--awb-spacing-left-medium:1.92%;--awb-width-small:100%;--awb-order-small:0;--awb-spacing-right-small:1.92%;--awb-margin-bottom-small:60px;--awb-spacing-left-small:1.92%;\"><div class=\"fusion-column-wrapper fusion-column-has-shadow fusion-flex-justify-content-flex-start fusion-content-layout-column\"><i class=\"fb-icon-element-1 fb-icon-element fontawesome-icon fa-user-friends fas circle-yes\" style=\"--awb-circlecolor:#223780;--awb-circlecolor-hover:#223780;--awb-circlebordercolor:rgba(51,51,51,0);--awb-circlebordercolor-hover:#223780;--awb-circlebordersize:1px;--awb-font-size:28.16px;--awb-width:56.32px;--awb-height:56.32px;--awb-line-height:54.32px;--awb-align-self:center;--awb-margin-top:-55px;--awb-margin-right:0px;--awb-margin-bottom:0px;--awb-margin-left:0px;\"><\/i><div class=\"fusion-separator fusion-full-width-sep\" style=\"align-self: center;margin-left: auto;margin-right: auto;margin-top:15px;margin-bottom:15px;width:100%;\"><\/div><div class=\"fusion-text fusion-text-1\"><p style=\"text-align: center\"><span style=\"text-transform: uppercase;font-weight: bold\">La section des permis de conduire (spc)<\/span><\/p>\n<p style=\"text-align: left\"><strong>O\u00f9 se renseigner ? Comment pr\u00e9parer mon projet ?<\/strong><\/p>\n<p>La section des permis de conduire est situ\u00e9 \u00e0 Pirae, \u00e0 la Direction des transports terrestres.<\/p>\n<p>BON A SAVOIR : il y a 1 r\u00e9partiteur quotidien. Les autres inspecteurs sont en examen (sur la route) le matin et sont davantage joignables par t\u00e9l\u00e9phone \u00e0 partir de 13h.<\/p>\n<\/div><ul style=\"--awb-size:16px;--awb-line-height:27.2px;--awb-icon-width:27.2px;--awb-icon-height:27.2px;--awb-icon-margin:11.2px;--awb-content-margin:38.4px;--awb-circlecolor:#223780;--awb-circle-yes-font-size:14.08px;\" class=\"fusion-checklist fusion-checklist-1 fusion-checklist-default type-icons\"><li class=\"fusion-li-item\" style=\"\"><span class=\"icon-wrapper circle-yes\"><i class=\"fusion-li-icon fa-calendar fas\" aria-hidden=\"true\"><\/i><\/span><div class=\"fusion-li-item-content\">\n<p>lundi \u00e0 mercredi de 7h30 \u00e0 14h30, et le jeudi et vendredi de 7h30 \u00e0 12h<\/p>\n<\/div><\/li><li class=\"fusion-li-item\" style=\"\"><span class=\"icon-wrapper circle-yes\"><i class=\"fusion-li-icon fa-phone-rotary fas\" aria-hidden=\"true\"><\/i><\/span><div class=\"fusion-li-item-content\">\n<p><a href=\"tel:+68940549653\">40 54 96 54<\/a><\/p>\n<\/div><\/li><li class=\"fusion-li-item\" style=\"\"><span class=\"icon-wrapper circle-yes\"><i class=\"fusion-li-icon fa-at fas\" aria-hidden=\"true\"><\/i><\/span><div class=\"fusion-li-item-content\">\n<p><a href=\"mailto:bat.dtt@administration.gov.pf\" target=\"_blank\" rel=\"noopener\">dtt@administration.gov.pf<\/a><\/p>\n<\/div><\/li><\/ul><\/div><\/div><\/div><\/div><div class=\"fusion-fullwidth fullwidth-box fusion-builder-row-3 fusion-flex-container has-pattern-background has-mask-background nonhundred-percent-fullwidth non-hundred-percent-height-scrolling\" style=\"--awb-border-radius-top-left:0px;--awb-border-radius-top-right:0px;--awb-border-radius-bottom-right:0px;--awb-border-radius-bottom-left:0px;--awb-flex-wrap:wrap;\" ><div class=\"fusion-builder-row fusion-row fusion-flex-align-items-flex-start fusion-flex-content-wrap\" style=\"max-width:99.84%;margin-left: calc(-4% \/ 2 );margin-right: calc(-4% \/ 2 );\"><div class=\"fusion-layout-column fusion_builder_column fusion-builder-column-3 fusion_builder_column_1_1 1_1 fusion-flex-column\" style=\"--awb-bg-size:cover;--awb-width-large:100%;--awb-margin-top-large:0px;--awb-spacing-right-large:1.92%;--awb-margin-bottom-large:20px;--awb-spacing-left-large:1.92%;--awb-width-medium:100%;--awb-order-medium:0;--awb-spacing-right-medium:1.92%;--awb-spacing-left-medium:1.92%;--awb-width-small:100%;--awb-order-small:0;--awb-spacing-right-small:1.92%;--awb-spacing-left-small:1.92%;\"><div class=\"fusion-column-wrapper fusion-column-has-shadow fusion-flex-justify-content-flex-start fusion-content-layout-column\"><div class=\"fusion-separator fusion-full-width-sep\" style=\"align-self: center;margin-left: auto;margin-right: auto;margin-top:15px;margin-bottom:15px;width:100%;\"><\/div><div class=\"fusion-separator fusion-full-width-sep\" style=\"align-self: center;margin-left: auto;margin-right: auto;margin-top:15px;margin-bottom:15px;width:100%;\"><\/div><div class=\"fusion-separator fusion-full-width-sep\" style=\"align-self: center;margin-left: auto;margin-right: auto;margin-top:15px;margin-bottom:15px;width:100%;\"><\/div><div class=\"fusion-separator fusion-full-width-sep\" style=\"align-self: center;margin-left: auto;margin-right: auto;margin-top:15px;margin-bottom:15px;width:100%;\"><\/div><\/div><\/div><\/div><\/div><\/p>\n","protected":false},"excerpt":{"rendered":"","protected":false},"author":98,"featured_media":0,"parent":5080,"menu_order":0,"comment_status":"closed","ping_status":"closed","template":"","meta":{"_acf_changed":false,"_seopress_robots_primary_cat":"","_seopress_titles_title":"","_seopress_titles_desc":"","_seopress_robots_index":"","footnotes":""},"class_list":["post-6405","page","type-page","status-publish","hentry"],"acf":[],"_links":{"self":[{"href":"https:\/\/www.service-public.pf\/dtt\/wp-json\/wp\/v2\/pages\/6405","targetHints":{"allow":["GET"]}}],"collection":[{"href":"https:\/\/www.service-public.pf\/dtt\/wp-json\/wp\/v2\/pages"}],"about":[{"href":"https:\/\/www.service-public.pf\/dtt\/wp-json\/wp\/v2\/types\/page"}],"author":[{"embeddable":true,"href":"https:\/\/www.service-public.pf\/dtt\/wp-json\/wp\/v2\/users\/98"}],"replies":[{"embeddable":true,"href":"https:\/\/www.service-public.pf\/dtt\/wp-json\/wp\/v2\/comments?post=6405"}],"version-history":[{"count":7,"href":"https:\/\/www.service-public.pf\/dtt\/wp-json\/wp\/v2\/pages\/6405\/revisions"}],"predecessor-version":[{"id":6482,"href":"https:\/\/www.service-public.pf\/dtt\/wp-json\/wp\/v2\/pages\/6405\/revisions\/6482"}],"up":[{"embeddable":true,"href":"https:\/\/www.service-public.pf\/dtt\/wp-json\/wp\/v2\/pages\/5080"}],"wp:attachment":[{"href":"https:\/\/www.service-public.pf\/dtt\/wp-json\/wp\/v2\/media?parent=6405"}],"curies":[{"name":"wp","href":"https:\/\/api.w.org\/{rel}","templated":true}]}}