{"id":2435,"date":"2022-06-27T14:08:15","date_gmt":"2022-06-28T00:08:15","guid":{"rendered":"https:\/\/www.service-public.pf\/sefi\/?page_id=2435"},"modified":"2022-07-08T14:10:21","modified_gmt":"2022-07-09T00:10:21","slug":"les-stages-avec-le-service-de-lemploi","status":"publish","type":"page","link":"https:\/\/www.service-public.pf\/sefi\/employeur\/les-stages-avec-le-service-de-lemploi\/","title":{"rendered":"Les stages avec le Service de l&rsquo;Emploi"},"content":{"rendered":"<p><div class=\"fusion-fullwidth fullwidth-box fusion-builder-row-1 fusion-flex-container nonhundred-percent-fullwidth non-hundred-percent-height-scrolling\" style=\"--awb-border-radius-top-left:0px;--awb-border-radius-top-right:0px;--awb-border-radius-bottom-right:0px;--awb-border-radius-bottom-left:0px;--awb-flex-wrap:wrap;\" ><div class=\"fusion-builder-row fusion-row fusion-flex-align-items-flex-start fusion-flex-content-wrap\" style=\"max-width:2059.2px;margin-left: calc(-4% \/ 2 );margin-right: calc(-4% \/ 2 );\"><div class=\"fusion-layout-column fusion_builder_column fusion-builder-column-0 fusion_builder_column_2_3 2_3 fusion-flex-column\" style=\"--awb-bg-size:cover;--awb-width-large:66.666666666667%;--awb-margin-top-large:0px;--awb-spacing-right-large:3.84%;--awb-margin-bottom-large:0px;--awb-spacing-left-large:2.88%;--awb-width-medium:100%;--awb-spacing-right-medium:1.92%;--awb-spacing-left-medium:1.92%;--awb-width-small:100%;--awb-spacing-right-small:1.92%;--awb-spacing-left-small:1.92%;\"><div class=\"fusion-column-wrapper fusion-flex-justify-content-flex-start fusion-content-layout-column\"><div class=\"fusion-text fusion-text-1\"><p><b>Dans le cadre de ses missions, le Service de l&rsquo;Emploi g\u00e8re un certain nombre de dispositifs d\u2019aide \u00e0 l\u2019emploi<\/b><b> visant  \u00e0  permettre  \u00e0  un  demandeur  d\u2019emploi  de  r\u00e9aliser  un  stage  au  sein  d\u2019un  organisme d\u2019accueil, en vue d\u2019acqu\u00e9rir des comp\u00e9tences et des savoirs-\u00eatre professionnels. <\/b>\n<\/p>\n<p><b>L\u2019objectif \u00e0 terme de ces stages est une insertion professionnelle p\u00e9renne du stagiaire. <\/b><\/p>\n<\/div><\/div><\/div><div class=\"fusion-layout-column fusion_builder_column fusion-builder-column-1 fusion_builder_column_1_3 1_3 fusion-flex-column\" style=\"--awb-bg-size:cover;--awb-width-large:33.333333333333%;--awb-margin-top-large:0px;--awb-spacing-right-large:5.76%;--awb-margin-bottom-large:20px;--awb-spacing-left-large:3.84%;--awb-width-medium:100%;--awb-order-medium:0;--awb-spacing-right-medium:1.92%;--awb-spacing-left-medium:1.92%;--awb-width-small:100%;--awb-order-small:0;--awb-spacing-right-small:1.92%;--awb-spacing-left-small:1.92%;\"><div class=\"fusion-column-wrapper fusion-column-has-shadow fusion-flex-justify-content-flex-start fusion-content-layout-column\"><div class=\"fusion-image-element \" style=\"--awb-caption-title-font-family:var(--h2_typography-font-family);--awb-caption-title-font-weight:var(--h2_typography-font-weight);--awb-caption-title-font-style:var(--h2_typography-font-style);--awb-caption-title-size:var(--h2_typography-font-size);--awb-caption-title-transform:var(--h2_typography-text-transform);--awb-caption-title-line-height:var(--h2_typography-line-height);--awb-caption-title-letter-spacing:var(--h2_typography-letter-spacing);\"><span class=\" fusion-imageframe imageframe-none imageframe-1 hover-type-none\"><img decoding=\"async\" width=\"1024\" height=\"1024\" title=\"Les Stages\" src=\"https:\/\/www.service-public.pf\/sefi\/wp-content\/uploads\/sites\/30\/2022\/07\/Les-stages-1024x1024.png\" alt class=\"img-responsive wp-image-2935\" srcset=\"https:\/\/www.service-public.pf\/sefi\/wp-content\/uploads\/sites\/30\/2022\/07\/Les-stages-200x200.png 200w, https:\/\/www.service-public.pf\/sefi\/wp-content\/uploads\/sites\/30\/2022\/07\/Les-stages-400x400.png 400w, https:\/\/www.service-public.pf\/sefi\/wp-content\/uploads\/sites\/30\/2022\/07\/Les-stages-600x600.png 600w, https:\/\/www.service-public.pf\/sefi\/wp-content\/uploads\/sites\/30\/2022\/07\/Les-stages-800x800.png 800w, https:\/\/www.service-public.pf\/sefi\/wp-content\/uploads\/sites\/30\/2022\/07\/Les-stages-1200x1200.png 1200w\" sizes=\"(max-width: 1024px) 100vw, (max-width: 640px) 100vw, 800px\" \/><\/span><\/div><\/div><\/div><\/div><\/div><div class=\"fusion-fullwidth fullwidth-box fusion-builder-row-2 fusion-flex-container nonhundred-percent-fullwidth non-hundred-percent-height-scrolling\" style=\"--awb-border-radius-top-left:0px;--awb-border-radius-top-right:0px;--awb-border-radius-bottom-right:0px;--awb-border-radius-bottom-left:0px;--awb-flex-wrap:wrap;\" ><div class=\"fusion-builder-row fusion-row fusion-flex-align-items-flex-start fusion-flex-content-wrap\" style=\"max-width:2059.2px;margin-left: calc(-4% \/ 2 );margin-right: calc(-4% \/ 2 );\"><div class=\"fusion-layout-column fusion_builder_column fusion-builder-column-2 fusion_builder_column_1_1 1_1 fusion-flex-column\" style=\"--awb-bg-size:cover;--awb-width-large:100%;--awb-margin-top-large:0px;--awb-spacing-right-large:1.92%;--awb-margin-bottom-large:20px;--awb-spacing-left-large:1.92%;--awb-width-medium:100%;--awb-order-medium:0;--awb-spacing-right-medium:1.92%;--awb-spacing-left-medium:1.92%;--awb-width-small:100%;--awb-order-small:0;--awb-spacing-right-small:1.92%;--awb-spacing-left-small:1.92%;\"><div class=\"fusion-column-wrapper fusion-column-has-shadow fusion-flex-justify-content-flex-start fusion-content-layout-column\"><div class=\"fusion-text fusion-text-2\"><p>Il en va ainsi des conventions d\u2019acc\u00e8s \u00e0 l\u2019emploi (CAE), des corps de volontaires au d\u00e9veloppement (CVD) ou des stages d\u2019insertion des travailleurs handicap\u00e9s (SITH), dispositifs r\u00e9gis par le code du travail.<\/p>\n<p>Ces stages font l\u2019objet de conventions tripartites sign\u00e9es entre le Service de l&rsquo;Emploi, l\u2019organisme d\u2019accueil et le stagiaire, lesquelles encadrent les conditions de d\u00e9roulement du stage et fixent les conditions de versement, par le Service de l&rsquo;Emploi, de l\u2019indemnit\u00e9 mensuelle au stagiaire. En signant cette convention, chacune des parties s\u2019engagent au respect strict des termes de la convention, sous peine de sanctions.<\/p>\n<p>Ces stages doivent repr\u00e9senter un int\u00e9r\u00eat p\u00e9dagogique pour le stagiaire.<\/p>\n<p>Par int\u00e9r\u00eat p\u00e9dagogique on entend :<\/p>\n<ul>\n<li>La transmission par l\u2019organisme d\u2019accueil de savoir et de savoir-faire, autrement dit, la transmission de connaissances et de comp\u00e9tences techniques relatives au poste occup\u00e9 ;<\/li>\n<li>L\u2019acquisition par le stagiaire de savoir-\u00eatre, autrement dit, l\u2019acquisition de comp\u00e9tences relationnelles et humaines sur un lieu de travail ;<\/li>\n<li>Pour un organisme d\u2019accueil, c\u2019est la possibilit\u00e9 de \u00ab former \u00bb un stagiaire \u00e0 l\u2019image de son entreprise afin d&rsquo;\u00e9ventuellement le recruter, \u00e0 l\u2019issue du stage.<\/li>\n<\/ul>\n<p>N\u2019oublions pas que l\u2019objectif final d\u2019un stage c\u2019est l\u2019insertion dans le monde du travail. <\/p>\n<\/div><\/div><\/div><\/div><\/div><\/p>\n","protected":false},"excerpt":{"rendered":"","protected":false},"author":234,"featured_media":0,"parent":907,"menu_order":0,"comment_status":"closed","ping_status":"closed","template":"","meta":{"_seopress_robots_primary_cat":"","_seopress_titles_title":"","_seopress_titles_desc":"","_seopress_robots_index":"","footnotes":""},"class_list":["post-2435","page","type-page","status-publish","hentry"],"_links":{"self":[{"href":"https:\/\/www.service-public.pf\/sefi\/wp-json\/wp\/v2\/pages\/2435","targetHints":{"allow":["GET"]}}],"collection":[{"href":"https:\/\/www.service-public.pf\/sefi\/wp-json\/wp\/v2\/pages"}],"about":[{"href":"https:\/\/www.service-public.pf\/sefi\/wp-json\/wp\/v2\/types\/page"}],"author":[{"embeddable":true,"href":"https:\/\/www.service-public.pf\/sefi\/wp-json\/wp\/v2\/users\/234"}],"replies":[{"embeddable":true,"href":"https:\/\/www.service-public.pf\/sefi\/wp-json\/wp\/v2\/comments?post=2435"}],"version-history":[{"count":0,"href":"https:\/\/www.service-public.pf\/sefi\/wp-json\/wp\/v2\/pages\/2435\/revisions"}],"up":[{"embeddable":true,"href":"https:\/\/www.service-public.pf\/sefi\/wp-json\/wp\/v2\/pages\/907"}],"wp:attachment":[{"href":"https:\/\/www.service-public.pf\/sefi\/wp-json\/wp\/v2\/media?parent=2435"}],"curies":[{"name":"wp","href":"https:\/\/api.w.org\/{rel}","templated":true}]}}