{"id":2449,"date":"2022-06-27T14:40:28","date_gmt":"2022-06-28T00:40:28","guid":{"rendered":"https:\/\/www.service-public.pf\/sefi\/?page_id=2449"},"modified":"2022-06-28T14:16:59","modified_gmt":"2022-06-29T00:16:59","slug":"le-statut-du-stagiaire","status":"publish","type":"page","link":"https:\/\/www.service-public.pf\/sefi\/demandeur-demploi\/le-statut-du-stagiaire\/","title":{"rendered":"Le statut du stagiaire"},"content":{"rendered":"<p><div class=\"fusion-fullwidth fullwidth-box fusion-builder-row-1 fusion-flex-container nonhundred-percent-fullwidth non-hundred-percent-height-scrolling\" style=\"--awb-border-radius-top-left:0px;--awb-border-radius-top-right:0px;--awb-border-radius-bottom-right:0px;--awb-border-radius-bottom-left:0px;--awb-flex-wrap:wrap;\" ><div class=\"fusion-builder-row fusion-row fusion-flex-align-items-flex-start fusion-flex-content-wrap\" style=\"max-width:2059.2px;margin-left: calc(-4% \/ 2 );margin-right: calc(-4% \/ 2 );\"><div class=\"fusion-layout-column fusion_builder_column fusion-builder-column-0 fusion_builder_column_2_3 2_3 fusion-flex-column\" style=\"--awb-bg-size:cover;--awb-width-large:66.666666666667%;--awb-margin-top-large:0px;--awb-spacing-right-large:3.84%;--awb-margin-bottom-large:0px;--awb-spacing-left-large:2.88%;--awb-width-medium:100%;--awb-spacing-right-medium:1.92%;--awb-spacing-left-medium:1.92%;--awb-width-small:100%;--awb-spacing-right-small:1.92%;--awb-spacing-left-small:1.92%;\"><div class=\"fusion-column-wrapper fusion-flex-justify-content-flex-start fusion-content-layout-column\"><div class=\"fusion-text fusion-text-1\"><p><b><span dir=\"ltr\" role=\"presentation\">Le stage correspond \u00e0 une p\u00e9riode temporaire (plus ou moins longue) de mise en situation en<\/span> <span dir=\"ltr\" role=\"presentation\">milieu professionnel au cours de laquelle le <\/span><span dir=\"ltr\" role=\"presentation\">demandeur d\u2019emploi acquiert des comp\u00e9tences<\/span> <span dir=\"ltr\" role=\"presentation\">professionnelles<\/span> <span dir=\"ltr\" role=\"presentation\">en vue<\/span> <span dir=\"ltr\" role=\"presentation\">de<\/span> <span dir=\"ltr\" role=\"presentation\">favoriser<\/span> <span dir=\"ltr\" role=\"presentation\">son insertion professionnelle.<\/span><\/b><\/p>\n<\/div><\/div><\/div><div class=\"fusion-layout-column fusion_builder_column fusion-builder-column-1 fusion_builder_column_1_3 1_3 fusion-flex-column\" style=\"--awb-bg-size:cover;--awb-width-large:33.333333333333%;--awb-margin-top-large:0px;--awb-spacing-right-large:5.76%;--awb-margin-bottom-large:20px;--awb-spacing-left-large:3.84%;--awb-width-medium:100%;--awb-order-medium:0;--awb-spacing-right-medium:1.92%;--awb-spacing-left-medium:1.92%;--awb-width-small:100%;--awb-order-small:0;--awb-spacing-right-small:1.92%;--awb-spacing-left-small:1.92%;\"><div class=\"fusion-column-wrapper fusion-column-has-shadow fusion-flex-justify-content-flex-start fusion-content-layout-column\"><div class=\"fusion-image-element \" style=\"--awb-caption-title-font-family:var(--h2_typography-font-family);--awb-caption-title-font-weight:var(--h2_typography-font-weight);--awb-caption-title-font-style:var(--h2_typography-font-style);--awb-caption-title-size:var(--h2_typography-font-size);--awb-caption-title-transform:var(--h2_typography-text-transform);--awb-caption-title-line-height:var(--h2_typography-line-height);--awb-caption-title-letter-spacing:var(--h2_typography-letter-spacing);\"><span class=\" fusion-imageframe imageframe-none imageframe-1 hover-type-none\"><img decoding=\"async\" width=\"1024\" height=\"1024\" title=\"Statut Stagiare\" src=\"https:\/\/www.service-public.pf\/sefi\/wp-content\/uploads\/sites\/30\/2022\/06\/Statut-stagiare-1-1024x1024.png\" alt class=\"img-responsive wp-image-2539\" srcset=\"https:\/\/www.service-public.pf\/sefi\/wp-content\/uploads\/sites\/30\/2022\/06\/Statut-stagiare-1-200x200.png 200w, https:\/\/www.service-public.pf\/sefi\/wp-content\/uploads\/sites\/30\/2022\/06\/Statut-stagiare-1-400x400.png 400w, https:\/\/www.service-public.pf\/sefi\/wp-content\/uploads\/sites\/30\/2022\/06\/Statut-stagiare-1-600x600.png 600w, https:\/\/www.service-public.pf\/sefi\/wp-content\/uploads\/sites\/30\/2022\/06\/Statut-stagiare-1-800x800.png 800w, https:\/\/www.service-public.pf\/sefi\/wp-content\/uploads\/sites\/30\/2022\/06\/Statut-stagiare-1-1200x1200.png 1200w\" sizes=\"(max-width: 1024px) 100vw, (max-width: 640px) 100vw, 800px\" \/><\/span><\/div><\/div><\/div><\/div><\/div><div class=\"fusion-fullwidth fullwidth-box fusion-builder-row-2 fusion-flex-container nonhundred-percent-fullwidth non-hundred-percent-height-scrolling\" style=\"--awb-border-radius-top-left:0px;--awb-border-radius-top-right:0px;--awb-border-radius-bottom-right:0px;--awb-border-radius-bottom-left:0px;--awb-flex-wrap:wrap;\" ><div class=\"fusion-builder-row fusion-row fusion-flex-align-items-flex-start fusion-flex-content-wrap\" style=\"max-width:2059.2px;margin-left: calc(-4% \/ 2 );margin-right: calc(-4% \/ 2 );\"><div class=\"fusion-layout-column fusion_builder_column fusion-builder-column-2 fusion_builder_column_1_1 1_1 fusion-flex-column\" style=\"--awb-bg-size:cover;--awb-width-large:100%;--awb-margin-top-large:0px;--awb-spacing-right-large:1.92%;--awb-margin-bottom-large:20px;--awb-spacing-left-large:1.92%;--awb-width-medium:100%;--awb-order-medium:0;--awb-spacing-right-medium:1.92%;--awb-spacing-left-medium:1.92%;--awb-width-small:100%;--awb-order-small:0;--awb-spacing-right-small:1.92%;--awb-spacing-left-small:1.92%;\"><div class=\"fusion-column-wrapper fusion-column-has-shadow fusion-flex-justify-content-flex-start fusion-content-layout-column\"><div class=\"fusion-text fusion-text-2\"><p>Le stagiaire n\u2019est pas li\u00e9 par un contrat de travail \u00e0 l\u2019entreprise qui l\u2019accueille et n\u2019a pas le statut de salari\u00e9. Son passage en entreprise a un but p\u00e9dagogique et de formation.<\/p>\n<p>M\u00eame s\u2019il est tenu d\u2019ex\u00e9cuter des t\u00e2ches \u00e0 caract\u00e8re professionnel (aucune t\u00e2che dangereuse pour sa sant\u00e9 ou sa s\u00e9curit\u00e9 ne peut toutefois lui \u00eatre confi\u00e9e, il est dans l\u2019entreprise pour apprendre et\/ou observer et n\u2019a donc pas d\u2019obligation de production comme les salari\u00e9s).<\/p>\n<p>Lorsqu\u2019un organisme d\u2019accueil recrute des stagiaires pour effectuer un stage et se limite \u00e0 les employer sans veiller \u00e0 l\u2019accompagnement, il s\u2019agit d\u2019une violation de l\u2019esprit du dispositif et du droit du travail.<\/p>\n<p>Aucune convention de stage ne peut \u00eatre conclue pour ex\u00e9cuter une t\u00e2che r\u00e9guli\u00e8re correspondant \u00e0 un poste de travail permanent, pour faire face \u00e0 un accroissement temporaire de l\u2019activit\u00e9 de l\u2019organisme d\u2019accueil ou de l\u2019entreprise, pour occuper un emploi saisonnier ou pour remplacer un salari\u00e9 ou un agent en cas d\u2019absence ou de suspension de son contrat de travail.<\/p>\n<p>L\u2019Organisme d\u2019Accueil est dans l\u2019obligation d\u2019assurer la s\u00e9curit\u00e9 du stagiaire sur son lieu de travail.<\/p>\n<p>Tout stagiaire est tenu de se conformer aux r\u00e8gles internes de l\u2019entreprise ou de l\u2019organisme d\u2019accueil : horaires, discipline, r\u00e8gles de s\u00e9curit\u00e9, d\u2019hygi\u00e8ne, &#8230; et ce afin de maintenir le bon fonctionnement des services.<\/p>\n<\/div><\/div><\/div><\/div><\/div><\/p>\n","protected":false},"excerpt":{"rendered":"","protected":false},"author":234,"featured_media":0,"parent":570,"menu_order":0,"comment_status":"closed","ping_status":"closed","template":"","meta":{"_seopress_robots_primary_cat":"","_seopress_titles_title":"","_seopress_titles_desc":"","_seopress_robots_index":"","footnotes":""},"class_list":["post-2449","page","type-page","status-publish","hentry"],"_links":{"self":[{"href":"https:\/\/www.service-public.pf\/sefi\/wp-json\/wp\/v2\/pages\/2449","targetHints":{"allow":["GET"]}}],"collection":[{"href":"https:\/\/www.service-public.pf\/sefi\/wp-json\/wp\/v2\/pages"}],"about":[{"href":"https:\/\/www.service-public.pf\/sefi\/wp-json\/wp\/v2\/types\/page"}],"author":[{"embeddable":true,"href":"https:\/\/www.service-public.pf\/sefi\/wp-json\/wp\/v2\/users\/234"}],"replies":[{"embeddable":true,"href":"https:\/\/www.service-public.pf\/sefi\/wp-json\/wp\/v2\/comments?post=2449"}],"version-history":[{"count":0,"href":"https:\/\/www.service-public.pf\/sefi\/wp-json\/wp\/v2\/pages\/2449\/revisions"}],"up":[{"embeddable":true,"href":"https:\/\/www.service-public.pf\/sefi\/wp-json\/wp\/v2\/pages\/570"}],"wp:attachment":[{"href":"https:\/\/www.service-public.pf\/sefi\/wp-json\/wp\/v2\/media?parent=2449"}],"curies":[{"name":"wp","href":"https:\/\/api.w.org\/{rel}","templated":true}]}}